000
CXUS55 KGGW 010810
CF6OLF
PRELIMINARY LOCAL CLIMATOLOGICAL DATA (WS FORM: F-6)
STATION: WOLF POINT MT
MONTH: MARCH
YEAR: 2023
LATITUDE: 48 5 N
LONGITUDE: 105 35 W
TEMPERATURE IN F: :PCPN: SNOW: WIND :SUNSHINE: SKY :PK WND
================================================================================
1 2 3 4 5 6A 6B 7 8 9 10 11 12 13 14 15 16 17 18
12Z AVG MX 2MIN
DY MAX MIN AVG DEP HDD CDD WTR SNW DPTH SPD SPD DIR MIN PSBL S-S WX SPD DR
================================================================================
1 25 12 19 -4 46 0 T M M 9.1 18 70 M M 10 8 23 70
2 37 -1 18 -6 47 0 0.00 M M 4.4 16 230 M M 1 23 230
3 33 5 19 -5 46 0 0.00 M M 11.1 24 260 M M 1 1 32 250
4 34 2 18 -7 47 0 0.00 M M 3.7 9 240 M M 0 10 220
5 28 13 21 -4 44 0 T M M 15.9 26 60 M M 5 8 36 50
6 17 6 12 -14 53 0 0.01 M M 17.2 25 90 M M 9 18 33 90
7 15 2 9 -17 56 0 0.01 M M 12.7 22 90 M M 10 18 30 90
8 16 8 12 -15 53 0 T M M 15.3 22 70 M M 10 18 27 80
9 18 10 14 -13 51 0 T M M 12.9 21 70 M M 9 18 27 60
10 26 13 20 -8 45 0 0.06 M M 17.3 26 90 M M 10 18 37 130
11 25 4 15 -13 50 0 0.02 M M 16.0 31 20 M M 9 18 44 360
12 16 -6 5 -24 60 0 T M M 4.6 12 60 M M 1 13 70
13 32 -5 14 -16 51 0 0.00 M M 8.7 14 70 M M 0 18 130
14 40 11 26 -4 39 0 0.00 M M 7.8 32 290 M M 2 50 300
15 28 23 26 -5 39 0 0.15 M M 15.0 25 40 M M 10 128 33 40
16 30 12 21 -10 44 0 T M M 10.3 21 270 M M 9 1 28 260
17 23 -13 5 -27 60 0 T M M 6.9 16 320 M M 2 18 20 320
18 19 -14 3 -29 62 0 0.00 M M 3.6 9 60 M M 4 128 11 60
19 26 -2 12 -21 53 0 0.00 M M 7.1 18 240 M M 1 18 23 250
20 22 13 18 -15 47 0 T M M 12.7 17 70 M M 8 18 22 70
21 22 -3 10 -24 55 0 0.00 M M 6.3 13 70 M M 7 8 16 60
22 21 -9 6 -28 59 0 T M M 4.7 13 260 M M 5 128 15 260
23 28 -4 12 -23 53 0 0.00 M M 1.6 7 50 M M 5 128 10 70
24 27 2 15 -20 50 0 T M M 6.0 13 240 M M 4 128 16 240
25 30 0 15 -21 50 0 0.00 M M 4.1 10 20 M M 4 128 13 20
26 29 4 17 -19 48 0 0.00 M M 5.9 14 10 M M 9 128 17 360
27 30 15 23 -14 42 0 T M M 5.7 20 360 M M 10 18 26 10
28 20 -7 7 -30 58 0 0.00 M M 4.7 14 270 M M 2 18 17 270
29 28 -8 10 -28 55 0 0.00 M M 5.0 10 60 M M 2 128 12 70
30 31 10 21 -17 44 0 0.00 M M 11.6 22 70 M M 5 27 60
31 33 18 26 -12 39 0 T M M 6.6 12 70 M M 6 18 15 90
================================================================================
SM 809 111 1546 0 0.25 M 274.5 M 170
================================================================================
AV 26.1 3.6 8.9 FASTST M M 5 MAX(MPH)
MISC ----> 32 290 50 300
================================================================================
NOTES:
# LAST OF SEVERAL OCCURRENCES
COLUMN 17 PEAK WIND IN M.P.H.
PRELIMINARY LOCAL CLIMATOLOGICAL DATA (WS FORM: F-6) , PAGE 2
STATION: WOLF POINT MT
MONTH: MARCH
YEAR: 2023
LATITUDE: 48 5 N
LONGITUDE: 105 35 W
[TEMPERATURE DATA] [PRECIPITATION DATA] SYMBOLS USED IN COLUMN 16
AVERAGE MONTHLY: 14.8 TOTAL FOR MONTH: 0.25 1 = FOG OR MIST
DPTR FM NORMAL: -16.2 DPTR FM NORMAL: -0.11 2 = FOG REDUCING VISIBILITY
HIGHEST: 40 ON 14 GRTST 24HR 0.15 ON 15-15 TO 1/4 MILE OR LESS
LOWEST: -14 ON 18 3 = THUNDER
SNOW, ICE PELLETS, HAIL 4 = ICE PELLETS
TOTAL MONTH: M 5 = HAIL
GRTST 24HR M ON M 6 = FREEZING RAIN OR DRIZZLE
GRTST DEPTH: M ON M 7 = DUSTSTORM OR SANDSTORM:
VSBY 1/2 MILE OR LESS
8 = SMOKE OR HAZE
[NO. OF DAYS WITH] [WEATHER - DAYS WITH] 9 = BLOWING SNOW
X = TORNADO
MAX 32 OR BELOW: 26 0.01 INCH OR MORE: 5
MAX 90 OR ABOVE: 0 0.10 INCH OR MORE: 1
MIN 32 OR BELOW: 31 0.50 INCH OR MORE: 0
MIN 0 OR BELOW: 12 1.00 INCH OR MORE: 0
[HDD (BASE 65) ]
TOTAL THIS MO. 1546 CLEAR (SCALE 0-3) 10
DPTR FM NORMAL 492 PTCLDY (SCALE 4-7) 9
TOTAL FM JUL 1 8129 CLOUDY (SCALE 8-10) 12
DPTR FM NORMAL 677
[CDD (BASE 65) ]
TOTAL THIS MO. 0
DPTR FM NORMAL 0 [PRESSURE DATA]
TOTAL FM JAN 1 0 HIGHEST SLP M ON M
DPTR FM NORMAL 0 LOWEST SLP 29.54 ON 11
[REMARKS]
#FINAL-03-23#