000
CXUS55 KGGW 010810
CF6OLF
PRELIMINARY LOCAL CLIMATOLOGICAL DATA (WS FORM: F-6)
STATION: WOLF POINT MT
MONTH: JUNE
YEAR: 2021
LATITUDE: 48 5 N
LONGITUDE: 105 35 W
TEMPERATURE IN F: :PCPN: SNOW: WIND :SUNSHINE: SKY :PK WND
================================================================================
1 2 3 4 5 6A 6B 7 8 9 10 11 12 13 14 15 16 17 18
12Z AVG MX 2MIN
DY MAX MIN AVG DEP HDD CDD WTR SNW DPTH SPD SPD DIR MIN PSBL S-S WX SPD DR
================================================================================
1 84 41 63 3 2 0 0.00 M M 5.1 16 310 M M 0 8 23 10
2 90 44 67 6 0 2 0.00 M M 3.8 10 200 M M 0 8 16 220
3 97 51 74 13 0 9 0.00 M M 5.0 16 230 M M 0 8 23 260
4 98 57 78 17 0 13 T M M 7.3 26 270 M M 1 38 36 270
5 93 57 75 13 0 10 0.15 M M 7.3 24 260 M M 2 3 39 300
6 76 49 63 1 2 0 T M M 12.4 30 280 M M 3 3 40 280
7 83 52 68 6 0 3 T M M 10.1 28 20 M M 3 8 36 20
8 89 49 69 7 0 4 1.95 M M 17.4 49 300 M M 3 1238 64 290
9 83 56 70 7 0 5 T M M 7.9 18 80 M M 2 18 23 70
10 94 63 79 16 0 14 0.03 M M 17.3 46 310 M M 3 138 66 290
11 74 48 61 -2 4 0 0.42 M M 17.0 30 300 M M 3 1 45 290
12 86 43 65 2 0 0 0.00 M M 6.2 21 320 M M 0 8 29 300
13 83 47 65 1 0 0 0.00 M M 5.1 13 70 M M 0 17 60
14 91 56 74 10 0 9 0.00 M M 11.9 23 110 M M 0 33 110
15 96 67 82 18 0 17 T M M 10.4 15 100 M M 0 38 110
16 82 49 66 2 0 1 0.00 M M 14.8 37 330 M M 0 8 52 330
17 83 47 65 0 0 0 0.00 M M 8.5 22 270 M M 0 8 32 290
18 81 45 63 -2 2 0 0.00 M M 8.5 21 320 M M 0 8 30 330
19 88 50 69 4 0 4 T M M 6.9 30 330 M M 2 8 39 360
20 75 45 60 -5 5 0 0.02 M M 10.7 26 350 M M 5 8 34 350
21 78 37 58 -8 7 0 0.00 M M 5.0 15 250 M M 0 8 24 250
22 92 42 67 1 0 2 0.00 M M 4.2 13 240 M M 0 8 19 250
23 93 53 73 7 0 8 0.00 M M 9.8 30 10 M M 0 39 20
24 85 54 70 4 0 5 0.17 M M 10.4 29 60 M M 5 13 37 70
25 80 59 70 3 0 5 T M M 4.4 14 40 M M 6 22 60
26 84 54 69 2 0 4 0.06 M M 10.0 26 360 M M 5 36 10
27 86 51 69 2 0 4 0.00 M M 9.7 23 30 M M 2 34 20
28 86 50 68 1 0 3 0.00 M M 4.4 14 80 M M 0 20 70
29 95 55 75 7 0 10 0.00 M M 5.5 13 90 M M 0 18 80
30 98 57 78 10 0 13 0.00 M M 9.4 22 80 M M 0 29 80
================================================================================
SM 2603 1528 22 145 2.80 M 266.4 M 45
================================================================================
AV 86.8 50.9 8.9 FASTST M M 2 MAX(MPH)
MISC ----> 49 300 66 290
================================================================================
NOTES:
# LAST OF SEVERAL OCCURRENCES
COLUMN 17 PEAK WIND IN M.P.H.
PRELIMINARY LOCAL CLIMATOLOGICAL DATA (WS FORM: F-6) , PAGE 2
STATION: WOLF POINT MT
MONTH: JUNE
YEAR: 2021
LATITUDE: 48 5 N
LONGITUDE: 105 35 W
[TEMPERATURE DATA] [PRECIPITATION DATA] SYMBOLS USED IN COLUMN 16
AVERAGE MONTHLY: 68.9 TOTAL FOR MONTH: 2.80 1 = FOG OR MIST
DPTR FM NORMAL: 4.6 DPTR FM NORMAL: -0.26 2 = FOG REDUCING VISIBILITY
HIGHEST: 98 ON 30, 4 GRTST 24HR 1.95 ON 8- 8 TO 1/4 MILE OR LESS
LOWEST: 37 ON 21 3 = THUNDER
SNOW, ICE PELLETS, HAIL 4 = ICE PELLETS
TOTAL MONTH: M 5 = HAIL
GRTST 24HR M ON M 6 = FREEZING RAIN OR DRIZZLE
GRTST DEPTH: M ON M 7 = DUSTSTORM OR SANDSTORM:
VSBY 1/2 MILE OR LESS
8 = SMOKE OR HAZE
[NO. OF DAYS WITH] [WEATHER - DAYS WITH] 9 = BLOWING SNOW
X = TORNADO
MAX 32 OR BELOW: 0 0.01 INCH OR MORE: 7
MAX 90 OR ABOVE: 11 0.10 INCH OR MORE: 4
MIN 32 OR BELOW: 0 0.50 INCH OR MORE: 1
MIN 0 OR BELOW: 0 1.00 INCH OR MORE: 1
[HDD (BASE 65) ]
TOTAL THIS MO. 22 CLEAR (SCALE 0-3) 25
DPTR FM NORMAL -67 PTCLDY (SCALE 4-7) 5
TOTAL FM JUL 1 8079 CLOUDY (SCALE 8-10) 0
DPTR FM NORMAL -415
[CDD (BASE 65) ]
TOTAL THIS MO. 145
DPTR FM NORMAL 78 [PRESSURE DATA]
TOTAL FM JAN 1 154 HIGHEST SLP M ON M
DPTR FM NORMAL 75 LOWEST SLP 29.37 ON 10
[REMARKS]
#FINAL-06-21#