000
CXUS55 KSEW 031648
CF6OLM
PRELIMINARY LOCAL CLIMATOLOGICAL DATA (WS FORM: F-6)
STATION: OLYMPIA WA AIRPORT
MONTH: FEBRUARY
YEAR: 2024
LATITUDE: 46 58 N
LONGITUDE: 122 54 W
TEMPERATURE IN F: :PCPN: SNOW: WIND :SUNSHINE: SKY :PK WND
================================================================================
1 2 3 4 5 6A 6B 7 8 9 10 11 12 13 14 15 16 17 18
12Z AVG MX 2MIN
DY MAX MIN AVG DEP HDD CDD WTR SNW DPTH SPD SPD DIR MIN PSBL S-S WX SPD DR
================================================================================
1 60 43 52 12 13 0 T M M 2.3 21 240 M M 8 12 28 240
2 56 33 45 5 20 0 0.00 M M 3.8 17 190 M M 5 1 23 160
3 51 29 40 0 25 0 0.00 M M 1.1 8 60 M M 6 12 11 10
4 50 38 44 4 21 0 0.00 M M 6.3 16 20 M M 7 1 21 20
5 47 40 44 4 21 0 0.18 M M 2.9 12 360 M M 10 1 17 360
6 49 34 42 2 23 0 0.05 M M 0.5 7 360 M M 9 12 10 20
7 48 32 40 0 25 0 0.00 M M 1.0 7 290 M M 9 12 19 80
8 50 32 41 1 24 0 T M M 4.8 13 250 M M 8 1 22 100
9 49 32 41 1 24 0 0.00 M M 2.0 9 220 M M 6 1 13 180
10 54 29 42 2 23 0 0.00 M M 1.8 9 220 M M 4 1 16 310
11 53 38 46 6 19 0 0.31 M M 8.2 18 200 M M 10 18 26 180
12 50 44 47 7 18 0 0.25 M M 6.5 20 180 M M 10 1 27 180
13 51 35 43 3 22 0 0.00 M M 5.2 13 20 M M 8 1 16 360
14 48 30 39 -1 26 0 0.73 M M 5.0 18 120 M M 9 12 27 120
15 44 33 39 -2 26 0 0.54 M M 4.1 13 20 M M 10 1 16 10
16 45 31 38 -3 27 0 0.00 M M 0.6 6 30 M M 4 12 7 40
17 45 32 39 -2 26 0 0.11 M M 1.2 7 360 M M 8 1 10 350
18 49 39 44 3 21 0 0.08 M M 2.6 9 30 M M 10 1 12 20
19 49 37 43 2 22 0 0.11 M M 1.9 8 80 M M 9 12 10 50
20 54 41 48 7 17 0 0.28 M M 2.5 14 30 M M 10 1 16 40
21 53 45 49 8 16 0 0.25 M M 6.1 17 180 M M 10 1 26 180
22 58 33 46 5 19 0 0.00 M M 1.8 9 30 M M 6 12 16 330
23 55 31 43 2 22 0 0.00 M M 1.2 6 20 M M 7 12 9 130
24 55 34 45 4 20 0 0.00 M M 8.5 15 240 M M 9 1 21 250
25 50 38 44 2 21 0 0.43 M M 10.9 21 200 M M 9 1 31 200
26 47 33 40 -2 25 0 0.05 M M 9.6 26 300 M M 4 1 38 300
27 44 32 38 -4 27 0 0.20 M M 11.4 23 180 M M 7 35 170
28 50 41 46 4 19 0 1.78 M M 16.7 30 180 M M 10 1 43 180
29 43 33 38 -4 27 0 0.75 M M 8.9 20 180 M M 9 1 31 160
================================================================================
SM 1457 1022 639 0 6.10 M 139.4 M 231
================================================================================
AV 50.2 35.2 4.8 FASTST M M 8 MAX(MPH)
MISC ----> 30 180 43 180
================================================================================
NOTES:
# LAST OF SEVERAL OCCURRENCES
COLUMN 17 PEAK WIND IN M.P.H.
PRELIMINARY LOCAL CLIMATOLOGICAL DATA (WS FORM: F-6) , PAGE 2
STATION: OLYMPIA WA AIRPORT
MONTH: FEBRUARY
YEAR: 2024
LATITUDE: 46 58 N
LONGITUDE: 122 54 W
[TEMPERATURE DATA] [PRECIPITATION DATA] SYMBOLS USED IN COLUMN 16
AVERAGE MONTHLY: 42.7 TOTAL FOR MONTH: 6.10 1 = FOG OR MIST
DPTR FM NORMAL: 2.0 DPTR FM NORMAL: 1.01 2 = FOG REDUCING VISIBILITY
HIGHEST: 60 ON 1 GRTST 24HR 1.78 ON 28-28 TO 1/4 MILE OR LESS
LOWEST: 29 ON 10, 3 3 = THUNDER
SNOW, ICE PELLETS, HAIL 4 = ICE PELLETS
TOTAL MONTH: M 5 = HAIL
GRTST 24HR M ON M 6 = FREEZING RAIN OR DRIZZLE
GRTST DEPTH: M ON M 7 = DUSTSTORM OR SANDSTORM:
VSBY 1/2 MILE OR LESS
8 = SMOKE OR HAZE
[NO. OF DAYS WITH] [WEATHER - DAYS WITH] 9 = BLOWING SNOW
X = TORNADO
MAX 32 OR BELOW: 0 0.01 INCH OR MORE: 16
MAX 90 OR ABOVE: 0 0.10 INCH OR MORE: 13
MIN 32 OR BELOW: 10 0.50 INCH OR MORE: 4
MIN 0 OR BELOW: 0 1.00 INCH OR MORE: 1
[HDD (BASE 65) ]
TOTAL THIS MO. 639 CLEAR (SCALE 0-3) 0
DPTR FM NORMAL -41 PTCLDY (SCALE 4-7) 14
TOTAL FM JUL 1 3160 CLOUDY (SCALE 8-10) 15
DPTR FM NORMAL -597
[CDD (BASE 65) ]
TOTAL THIS MO. 0
DPTR FM NORMAL 0 [PRESSURE DATA]
TOTAL FM JAN 1 0 HIGHEST SLP 30.37 ON 23
DPTR FM NORMAL 0 LOWEST SLP 29.38 ON 28
[REMARKS]
#FINAL-02-24#
CORRECTED LOW TEMP ON 29TH