000
CXUS53 KARX 011000
CF6OLZ
PRELIMINARY LOCAL CLIMATOLOGICAL DATA (WS FORM: F-6)
STATION: OELWEIN IA
MONTH: NOVEMBER
YEAR: 2023
LATITUDE: 42 40 N
LONGITUDE: 91 58 W
TEMPERATURE IN F: :PCPN: SNOW: WIND :SUNSHINE: SKY :PK WND
================================================================================
1 2 3 4 5 6A 6B 7 8 9 10 11 12 13 14 15 16 17 18
12Z AVG MX 2MIN
DY MAX MIN AVG DEP HDD CDD WTR SNW DPTH SPD SPD DIR MIN PSBL S-S WX SPD DR
================================================================================
1 43 18 31 M 34 0 0.00 0.0 0 8.9 16 200 M M 2 24 220
2 52 23 38 M 27 0 0.00 0.0 0 6.5 9 200 M M 1 8 15 200
3 52 36 44 M 21 0 0.00 0.0 0 6.5 10 180 M M 5 8 14 200
4 55 32 44 M 21 0 0.00 0.0 0 4.6 7 280 M M 4 1 12 290
5 61 32 47 M 18 0 0.00 0.0 0 11.4 23 170 M M 4 30 170
6 64 36 50 M 15 0 0.00 0.0 0 12.4 18 280 M M 1 28 170
7 54 36 45 M 20 0 0.00 0.0 0 10.8 18 130 M M 5 25 130
8 55 37 46 M 19 0 0.00 0.0 0 11.5 22 310 M M 6 30 310
9 54 27 41 M 24 0 0.00 0.0 0 11.0 18 280 M M 2 24 280
10 41 25 33 M 32 0 0.00 0.0 0 8.0 15 310 M M 7 21 300
11 48 23 36 M 29 0 0.00 0.0 0 9.0 15 150 M M 4 23 150
12 63 37 50 M 15 0 0.00 0.0 0 13.9 22 220 M M 3 8 30 200
13 61 30 46 M 19 0 0.00 0.0 0 7.6 13 310 M M 0 8 17 320
14 64 32 48 M 17 0 0.00 0.0 0 14.9 28 200 M M 0 36 200
15 63 37 50 M 15 0 0.00 0.0 0 5.8 14 190 M M 1 M M
16 63 43 53 M 12 0 M 0.0 0 16.6 27 210 M M 3 35 210
17 46 23 35 M 30 0 0.02 0.0 0 8.8 22 330 M M 1 28 330
18 57 23 40 M 25 0 0.00 0.0 0 6.3 15 260 M M 0 20 290
19 57 30 44 M 21 0 0.00 0.0 0 8.4 15 100 M M 1 22 100
20 46 37 42 M 23 0 0.03 0.0 0 13.4 17 100 M M 8 24 100
21 45 32 39 M 26 0 0.02 0.0 0 12.5 21 320 M M 8 27 320
22 45 21 33 M 32 0 0.00 0.0 0 9.5 15 190 M M 0 18 190
23 39 23 31 M 34 0 0.00 0.0 0 12.5 17 340 M M 1 23 340
24 28 14 21 M 44 0 0.00 0.0 0 9.2 15 30 M M 1 22 10
25 28 19 24 M 41 0 M M 0 2.3 8 230 M M 8 1 M M
26 30 21 26 M 39 0 M M M 14.0 27 300 M M 8 1 29 280
27 23 5 14 M 51 0 0.00 0.0 M 15.8 20 310 M M 8 27 290
28 19 0 10 M 55 0 0.00 0.0 M 9.3 16 170 M M 1 M M
29 43 14 29 M 36 0 0.00 0.0 M 7.4 12 190 M M 0 M M
30 45 25 35 M 30 0 0.00 0.0 M 9.8 15 330 M M 0 15 340
================================================================================
SM 1444 791 825 0 0.07 0.0 298.6 M 93
================================================================================
AV 48.1 26.4 10.0 FASTST M M 3 MAX(MPH)
MISC ----> 28 200 36 200
================================================================================
NOTES:
# LAST OF SEVERAL OCCURRENCES
COLUMN 17 PEAK WIND IN M.P.H.
PRELIMINARY LOCAL CLIMATOLOGICAL DATA (WS FORM: F-6) , PAGE 2
STATION: OELWEIN IA
MONTH: NOVEMBER
YEAR: 2023
LATITUDE: 42 40 N
LONGITUDE: 91 58 W
[TEMPERATURE DATA] [PRECIPITATION DATA] SYMBOLS USED IN COLUMN 16
AVERAGE MONTHLY: 37.3 TOTAL FOR MONTH: 0.07 1 = FOG OR MIST
DPTR FM NORMAL: 0.0 DPTR FM NORMAL: M 2 = FOG REDUCING VISIBILITY
HIGHEST: 64 ON 14, 6 GRTST 24HR 0.03 ON 20-20 TO 1/4 MILE OR LESS
LOWEST: 0 ON 28 3 = THUNDER
SNOW, ICE PELLETS, HAIL 4 = ICE PELLETS
TOTAL MONTH: 0.0 INCH 5 = HAIL
GRTST 24HR 0.0 6 = FREEZING RAIN OR DRIZZLE
GRTST DEPTH: 0 7 = DUSTSTORM OR SANDSTORM:
VSBY 1/2 MILE OR LESS
8 = SMOKE OR HAZE
[NO. OF DAYS WITH] [WEATHER - DAYS WITH] 9 = BLOWING SNOW
X = TORNADO
MAX 32 OR BELOW: 5 0.01 INCH OR MORE: 3
MAX 90 OR ABOVE: 0 0.10 INCH OR MORE: 0
MIN 32 OR BELOW: 22 0.50 INCH OR MORE: 0
MIN 0 OR BELOW: 1 1.00 INCH OR MORE: 0
[HDD (BASE 65) ]
TOTAL THIS MO. 825 CLEAR (SCALE 0-3) 18
DPTR FM NORMAL M PTCLDY (SCALE 4-7) 12
TOTAL FM JUL 1 1317 CLOUDY (SCALE 8-10) 0
DPTR FM NORMAL M
[CDD (BASE 65) ]
TOTAL THIS MO. 0
DPTR FM NORMAL M [PRESSURE DATA]
TOTAL FM JAN 1 758 HIGHEST SLP M ON M
DPTR FM NORMAL M LOWEST SLP M ON M
[REMARKS]
#FINAL-11-23#