000
CXUS53 KOAX 010930
CF6OMA
PRELIMINARY LOCAL CLIMATOLOGICAL DATA (WS FORM: F-6)
STATION: OMAHA NE
MONTH: JUNE
YEAR: 2022
LATITUDE: 41 17 N
LONGITUDE: 95 54 W
TEMPERATURE IN F: :PCPN: SNOW: WIND :SUNSHINE: SKY :PK WND
================================================================================
1 2 3 4 5 6A 6B 7 8 9 10 11 12 13 14 15 16 17 18
12Z AVG MX 2MIN
DY MAX MIN AVG DEP HDD CDD WTR SNW DPTH SPD SPD DIR MIN PSBL S-S WX SPD DR
================================================================================
1 73 52 63 -7 2 0 0.00 0.0 0 7.0 18 330 M M 6 26 340
2 81 45 63 -7 2 0 0.00 0.0 0 4.4 16 320 M M 2 24 290
3 84 55 70 0 0 5 0.00 0.0 0 3.8 12 210 M M 7 16 200
4 79 62 71 0 0 6 0.01 0.0 0 11.8 21 160 M M 8 28 170
5 82 60 71 0 0 6 0.59 0.0 0 6.2 35 250 M M 9 13 49 250
6 79 62 71 -1 0 6 0.00 0.0 0 5.9 16 340 M M 7 1 21 340
7 84 59 72 0 0 7 0.36 0.0 0 6.2 26 350 M M 8 1238 33 340
8 79 59 69 -3 0 4 0.00 0.0 0 9.2 22 350 M M 5 29 350
9 78 56 67 -5 0 2 0.04 0.0 0 4.3 14 130 M M 7 16 140
10 83 62 73 0 0 8 T 0.0 0 3.6 10 170 M M 7 14 190
11 88 64 76 3 0 11 0.10 T 0 7.5 18 160 M M 7 135 24 150
12 92 65 79 6 0 14 0.01 0.0 0 9.0 22 340 M M 6 1 27 350
13 101 79 90 16 0 25 T 0.0 0 16.5 23 180 M M 7 3 39 180
14 95 70 83 9 0 18 0.69 0.0 0 15.6 32 180 M M 5 13 43 220
15 77 62 70 -4 0 5 1.13 T 0 10.5 25 10 M M 6 135 32 20
16 87 62 75 1 0 10 T 0.0 0 5.6 14 160 M M 3 3 18 350
17 92 66 79 5 0 14 0.00 0.0 0 7.3 15 130 M M 4 19 90
18 93 74 84 9 0 19 0.00 0.0 0 15.1 23 140 M M 3 29 140
19 95 74 85 10 0 20 0.00 0.0 0 17.4 26 170 M M 1 36 170
20 96 76 86 11 0 21 0.00 0.0 0 17.7 29 160 M M 1 36 160
21 90 70 80 5 0 15 0.00 0.0 0 9.4 20 360 M M 5 28 180
22 90 63 77 1 0 12 0.00 0.0 0 5.8 14 170 M M 6 16 170
23 85 67 76 0 0 11 0.02 0.0 0 13.3 29 180 M M 5 3 38 180
24 84 71 78 2 0 13 T 0.0 0 13.4 23 140 M M 7 31 150
25 85 64 75 -1 0 10 T 0.0 0 12.6 26 330 M M 7 33 340
26 81 55 68 -8 0 3 0.00 0.0 0 9.6 21 310 M M 4 29 330
27 83 51 67 -9 0 2 0.00 0.0 0 5.3 18 160 M M 3 23 150
28 89 61 75 -2 0 10 0.00 0.0 0 11.5 23 200 M M 1 32 210
29 95 66 81 4 0 16 0.00 0.0 0 14.3 30 180 M M 1 39 170
30 94 74 84 7 0 19 0.00 0.0 0 11.6 23 200 M M 6 33 190
================================================================================
SM 2594 1906 4 312 2.95 T 291.4 M 154
================================================================================
AV 86.5 63.5 9.7 FASTST M M 5 MAX(MPH)
MISC ----> 35 250 49 250
================================================================================
NOTES:
# LAST OF SEVERAL OCCURRENCES
COLUMN 17 PEAK WIND IN M.P.H.
PRELIMINARY LOCAL CLIMATOLOGICAL DATA (WS FORM: F-6) , PAGE 2
STATION: OMAHA NE
MONTH: JUNE
YEAR: 2022
LATITUDE: 41 17 N
LONGITUDE: 95 54 W
[TEMPERATURE DATA] [PRECIPITATION DATA] SYMBOLS USED IN COLUMN 16
AVERAGE MONTHLY: 75.0 TOTAL FOR MONTH: 2.95 1 = FOG OR MIST
DPTR FM NORMAL: 1.1 DPTR FM NORMAL: -1.49 2 = FOG REDUCING VISIBILITY
HIGHEST: 101 ON 13 GRTST 24HR 1.82 ON 14-15 TO 1/4 MILE OR LESS
LOWEST: 45 ON 2 3 = THUNDER
SNOW, ICE PELLETS, HAIL 4 = ICE PELLETS
TOTAL MONTH: T 5 = HAIL
GRTST 24HR T ON 11-11 6 = FREEZING RAIN OR DRIZZLE
GRTST DEPTH: 0 7 = DUSTSTORM OR SANDSTORM:
VSBY 1/2 MILE OR LESS
8 = SMOKE OR HAZE
[NO. OF DAYS WITH] [WEATHER - DAYS WITH] 9 = BLOWING SNOW
X = TORNADO
MAX 32 OR BELOW: 0 0.01 INCH OR MORE: 9
MAX 90 OR ABOVE: 11 0.10 INCH OR MORE: 5
MIN 32 OR BELOW: 0 0.50 INCH OR MORE: 3
MIN 0 OR BELOW: 0 1.00 INCH OR MORE: 1
[HDD (BASE 65) ]
TOTAL THIS MO. 4 CLEAR (SCALE 0-3) 7
DPTR FM NORMAL -7 PTCLDY (SCALE 4-7) 21
TOTAL FM JUL 1 5446 CLOUDY (SCALE 8-10) 2
DPTR FM NORMAL -382
[CDD (BASE 65) ]
TOTAL THIS MO. 312
DPTR FM NORMAL 34 [PRESSURE DATA]
TOTAL FM JAN 1 482 HIGHEST SLP 30.35 ON 27
DPTR FM NORMAL 98 LOWEST SLP 29.48 ON 13
[REMARKS]
#FINAL-06-22#