000
CXUS53 KOAX 010907
CLMOMA
CLIMATE REPORT
NATIONAL WEATHER SERVICE OMAHA/VALLEY NE
407 AM CDT SAT APR 01 2023
...................................
...THE OMAHA NE CLIMATE SUMMARY FOR THE MONTH OF MARCH 2023...
CLIMATE NORMAL PERIOD 1991 TO 2020
CLIMATE RECORD PERIOD 1871 TO 2023
WEATHER OBSERVED NORMAL DEPART
VALUE DATE(S) VALUE FROM
NORMAL
................................................
TEMPERATURE (F)
HIGHEST 75 03/30
LOWEST 10 03/18
03/19
AVG. MAXIMUM 47.6 52.1 -4.5
AVG. MINIMUM 25.5 30.0 -4.5
MEAN 36.6 41.0 -4.4
DAYS MAX >= 90 0
DAYS MAX <= 32 3
DAYS MIN <= 32 26
DAYS MIN <= 0 0
PRECIPITATION (INCHES)
RECORD
MAXIMUM 5.96 1973
MINIMUM T 1910
TOTALS 0.82 1.79 -0.97
DAYS >= .01 6
DAYS >= .10 4
DAYS >= .50 0
DAYS >= 1.00 0
GREATEST
24 HR. TOTAL 0.26 03/11 TO 03/11
SNOWFALL (INCHES)
RECORDS
TOTAL 29.2 1912
TOTALS 1.9 3.0 -1.1
SINCE 7/1 13.8
DAYS >= 1.0 1
GREATEST
SNOW DEPTH 1 03/26
24 HR TOTAL 1.4 03/26 TO 03/26
DEGREE DAYS
HEATING TOTAL 873 745 128
SINCE 7/1 5494 5303 191
COOLING TOTAL 0 2 -2
SINCE 1/1 0 2 -2
................................................
WIND (MPH)
AVERAGE WIND SPEED 11.9
HIGHEST WIND SPEED/DIRECTION 38/340 DATE 03/16
HIGHEST GUST SPEED/DIRECTION 50/340 DATE 03/16
SKY COVER
AVERAGE SKY COVER 0.68
WEATHER CONDITIONS. NUMBER OF DAYS WITH
THUNDERSTORM 0 MIXED PRECIP 0
HEAVY RAIN 0 RAIN 1
LIGHT RAIN 9 FREEZING RAIN 0
LT FREEZING RAIN 0 HAIL 0
HEAVY SNOW 0 SNOW 2
LIGHT SNOW 8 SLEET 4
FOG 12 FOG W/VIS <= 1/4 MILE 0
HAZE 1
- INDICATES NEGATIVE NUMBERS.
R INDICATES RECORD WAS SET OR TIED.
MM INDICATES DATA IS MISSING.
T INDICATES TRACE AMOUNT.
$$