000
CXAK56 PAFG 010953
CF6OME
PRELIMINARY LOCAL CLIMATOLOGICAL DATA (WS FORM: F-6)
STATION: NOME AK
MONTH: NOVEMBER
YEAR: 2022
LATITUDE: 64 30 N
LONGITUDE: 165 26 W
TEMPERATURE IN F: :PCPN: SNOW: WIND :SUNSHINE: SKY :PK WND
================================================================================
1 2 3 4 5 6A 6B 7 8 9 10 11 12 13 14 15 16 17 18
12Z AVG MX 2MIN
DY MAX MIN AVG DEP HDD CDD WTR SNW DPTH SPD SPD DIR MIN PSBL S-S WX SPD DR
================================================================================
1 25 18 22 -2 43 0 T M M 15.8 28 40 M M 4 38 50
2 25 10 18 -6 47 0 T M M 13.6 43 40 M M 1 89 54 30
3 25 12 19 -4 46 0 0.05 M M 7.4 18 320 M M 7 18 23 310
4 24 7 16 -7 49 0 T M M 7.5 14 300 M M 2 18 310
5 31 4 18 -4 47 0 0.00 M M 9.8 28 150 M M 4 35 140
6 34 28 31 9 34 0 0.02 M M 20.6 29 170 M M 9 1 36 170
7 37 26 32 10 33 0 0.58 M M 26.5 37 100 M M 10 12 46 100
8 37 33 35 14 30 0 0.03 M M 17.9 31 200 M M 10 18 38 190
9 34 29 32 11 33 0 0.05 M M 10.2 21 230 M M 9 18 24 250
10 35 12 24 4 41 0 0.06 M M 7.5 22 200 M M 8 12 27 200
11 21 6 14 -6 51 0 0.00 M M 6.9 15 340 M M 1 18 360
12 25 2 14 -5 51 0 0.00 M M 5.0 18 350 M M 0 22 350
13 24 11 18 -1 47 0 0.00 M M 6.7 24 20 M M 0 27 20
14 23 1 12 -7 53 0 0.00 M M 2.6 12 80 M M 2 14 90
15 30 21 26 8 39 0 0.00 M M 15.1 23 90 M M 5 27 90
16 34 26 30 12 35 0 T M M 19.0 23 90 M M 3 30 90
17 38 33 36 18 29 0 0.24 M M 14.9 24 90 M M 10 1 30 120
18 34 32 33 16 32 0 0.08 M M 4.6 10 150 M M 10 1 12 170
19 35 30 33 16 32 0 0.00 M M 2.8 10 350 M M 10 11 350
20 35 29 32 16 33 0 0.02 M M 3.2 14 30 M M 8 1 17 30
21 30 23 27 11 38 0 0.25 M M 0.6 6 330 M M 10 1 7 50
22 25 15 20 4 45 0 0.03 M M 1.7 8 330 M M 10 1 9 310
23 24 2 13 -2 52 0 T M M 3.8 12 80 M M 8 14 70
24 26 7 17 2 48 0 0.14 M M 12.5 21 90 M M 9 1 26 90
25 25 -4 11 -4 54 0 0.01 M M 3.6 20 280 M M 5 1 23 280
26 25 3 14 0 51 0 T M M 11.2 29 310 M M 3 1 35 320
27 19 -3 8 -6 57 0 0.00 M M 5.4 13 70 M M 4 15 70
28 13 -4 5 -9 60 0 0.00 M M 4.4 13 50 M M 0 14 60
29 21 8 15 2 50 0 0.00 M M 12.0 18 130 M M 6 22 140
30 32 17 25 12 40 0 0.62 M M 13.7 25 290 M M 6 1 36 290
================================================================================
SM 846 434 1300 0 2.18 M 286.5 M 174
================================================================================
AV 28.2 14.5 9.6 FASTST M M 6 MAX(MPH)
MISC ----> 43 40 54 30
================================================================================
NOTES:
# LAST OF SEVERAL OCCURRENCES
COLUMN 17 PEAK WIND IN M.P.H.
PRELIMINARY LOCAL CLIMATOLOGICAL DATA (WS FORM: F-6) , PAGE 2
STATION: NOME AK
MONTH: NOVEMBER
YEAR: 2022
LATITUDE: 64 30 N
LONGITUDE: 165 26 W
[TEMPERATURE DATA] [PRECIPITATION DATA] SYMBOLS USED IN COLUMN 16
AVERAGE MONTHLY: 21.3 TOTAL FOR MONTH: 2.18 1 = FOG OR MIST
DPTR FM NORMAL: 3.1 DPTR FM NORMAL: 0.91 2 = FOG REDUCING VISIBILITY
HIGHEST: 38 ON 17 GRTST 24HR 0.62 ON 30-30 TO 1/4 MILE OR LESS
LOWEST: -4 ON 28,25 3 = THUNDER
SNOW, ICE PELLETS, HAIL 4 = ICE PELLETS
TOTAL MONTH: M 5 = HAIL
GRTST 24HR M ON M 6 = FREEZING RAIN OR DRIZZLE
GRTST DEPTH: M ON M 7 = DUSTSTORM OR SANDSTORM:
VSBY 1/2 MILE OR LESS
8 = SMOKE OR HAZE
[NO. OF DAYS WITH] [WEATHER - DAYS WITH] 9 = BLOWING SNOW
X = TORNADO
MAX 32 OR BELOW: 20 0.01 INCH OR MORE: 14
MAX 90 OR ABOVE: 0 0.10 INCH OR MORE: 5
MIN 32 OR BELOW: 28 0.50 INCH OR MORE: 2
MIN 0 OR BELOW: 3 1.00 INCH OR MORE: 0
[HDD (BASE 65) ]
TOTAL THIS MO. 1300 CLEAR (SCALE 0-3) 8
DPTR FM NORMAL -102 PTCLDY (SCALE 4-7) 12
TOTAL FM JUL 1 3708 CLOUDY (SCALE 8-10) 10
DPTR FM NORMAL -289
[CDD (BASE 65) ]
TOTAL THIS MO. 0
DPTR FM NORMAL 0 [PRESSURE DATA]
TOTAL FM JAN 1 0 HIGHEST SLP M ON M
DPTR FM NORMAL -3 LOWEST SLP 29.08 ON 7
[REMARKS]
#FINAL-11-22#