000
CXUS53 KARX 010900
CF6ONA
PRELIMINARY LOCAL CLIMATOLOGICAL DATA (WS FORM: F-6)
STATION: WINONA_MUNI_(AWOS) MN
MONTH: JULY
YEAR: 2021
LATITUDE: 44 4 N
LONGITUDE: 91 42 W
TEMPERATURE IN F: :PCPN: SNOW: WIND :SUNSHINE: SKY :PK WND
================================================================================
1 2 3 4 5 6A 6B 7 8 9 10 11 12 13 14 15 16 17 18
12Z AVG MX 2MIN
DY MAX MIN AVG DEP HDD CDD WTR SNW DPTH SPD SPD DIR MIN PSBL S-S WX SPD DR
================================================================================
1 82 59 71 M 0 6 0.00 0.0 0 2.6 7 130 M M 1 8 M M
2 81 59 70 M 0 5 0.00 0.0 0 1.8 6 70 M M 0 M M
3 84 59 72 M 0 7 0.00 0.0 0 2.0 7 300 M M 0 M M
4 90 64 77 M 0 12 0.00 0.0 0 6.6 13 220 M M 0 22 230
5 91 73 82 M 0 17 0.00 0.0 0 4.8 10 240 M M 1 17 290
6 84 68 76 M 0 11 1.60 0.0 0 1.3 9 350 M M 3 20 350
7 64 61 63 M 2 0 0.02 0.0 0 6.1 10 330 M M 10 1 M M
8 72 59 66 M 0 1 0.03 0.0 0 2.6 6 110 M M 9 M M
9 72 61 67 M 0 2 0.02 0.0 0 2.5 9 130 M M 7 M M
10 77 59 68 M 0 3 0.00 0.0 0 1.5 6 140 M M 4 M M
11 81 54 68 M 0 3 0.00 0.0 0 2.4 7 80 M M 0 M M
12 81 54 68 M 0 3 0.00 0.0 0 2.3 9 130 M M 4 1 M M
13 82 61 72 M 0 7 0.00 0.0 0 2.5 7 240 M M 2 M M
14 72 64 68 M 0 3 0.59 0.0 0 2.8 14 140 M M 8 3 28 200
15 77 59 68 M 0 3 0.01 0.0 0 3.0 8 330 M M 6 M M
16 81 55 68 M 0 3 0.00 0.0 0 0.6 4 70 M M 2 12 M M
17 82 57 70 M 0 5 0.00 0.0 0 0.7 5 110 M M 2 12 M M
18 81 61 71 M 0 6 0.00 0.0 0 2.1 7 120 M M 2 12 M M
19 82 57 70 M 0 5 0.00 0.0 0 1.0 6 330 M M 0 M M
20 88 63 76 M 0 11 0.00 0.0 0 2.6 9 330 M M 2 8 M M
21 77 64 71 M 0 6 0.00 0.0 0 4.3 9 110 M M 4 1 M M
22 88 68 78 M 0 13 0.00 0.0 0 2.9 10 250 M M 5 1 16 250
23 91 70 81 M 0 16 M M M 4.2 10 230 M M 0 16 230
24 88 63 76 M 0 11 0.59 0.0 0 5.4 10 340 M M 3 27 270
25 88 59 74 M 0 9 0.00 0.0 0 3.6 12 320 M M 0 17 290
26 88 63 76 M 0 11 0.00 0.0 0 2.5 8 250 M M 0 M M
27 88 68 78 M 0 13 1.16 0.0 0 4.6 13 130 M M 4 3 22 110
28 86 66 76 M 0 11 1.12 0.0 0 3.1 15 340 M M 4 123 23 340
29 82 68 75 M 0 10 0.01 0.0 0 3.6 8 340 M M 2 138 16 360
30 73 64 69 M 0 4 0.00 0.0 0 2.9 7 120 M M 3 M M
31 81 64 73 M 0 8 0.00 0.0 0 3.7 8 330 M M 3 8 M M
================================================================================
SM 2534 1924 2 225 5.15 0.0 92.6 M 91
================================================================================
AV 81.7 62.1 3.0 FASTST M M 3 MAX(MPH)
MISC ----> 15 340 28 200
================================================================================
NOTES:
# LAST OF SEVERAL OCCURRENCES
COLUMN 17 PEAK WIND IN M.P.H.
PRELIMINARY LOCAL CLIMATOLOGICAL DATA (WS FORM: F-6) , PAGE 2
STATION: WINONA_MUNI_(AWOS) MN
MONTH: JULY
YEAR: 2021
LATITUDE: 44 4 N
LONGITUDE: 91 42 W
[TEMPERATURE DATA] [PRECIPITATION DATA] SYMBOLS USED IN COLUMN 16
AVERAGE MONTHLY: 71.9 TOTAL FOR MONTH: 5.15 1 = FOG OR MIST
DPTR FM NORMAL: 0.0 DPTR FM NORMAL: M 2 = FOG REDUCING VISIBILITY
HIGHEST: 91 ON 23, 5 GRTST 24HR 1.60 ON 6- 6 TO 1/4 MILE OR LESS
LOWEST: 54 ON 12,11 3 = THUNDER
SNOW, ICE PELLETS, HAIL 4 = ICE PELLETS
TOTAL MONTH: 0.0 INCH 5 = HAIL
GRTST 24HR 0.0 6 = FREEZING RAIN OR DRIZZLE
GRTST DEPTH: 0 7 = DUSTSTORM OR SANDSTORM:
VSBY 1/2 MILE OR LESS
8 = SMOKE OR HAZE
[NO. OF DAYS WITH] [WEATHER - DAYS WITH] 9 = BLOWING SNOW
X = TORNADO
MAX 32 OR BELOW: 0 0.01 INCH OR MORE: 10
MAX 90 OR ABOVE: 3 0.10 INCH OR MORE: 5
MIN 32 OR BELOW: 0 0.50 INCH OR MORE: 5
MIN 0 OR BELOW: 0 1.00 INCH OR MORE: 3
[HDD (BASE 65) ]
TOTAL THIS MO. 2 CLEAR (SCALE 0-3) 19
DPTR FM NORMAL M PTCLDY (SCALE 4-7) 10
TOTAL FM JUL 1 2 CLOUDY (SCALE 8-10) 2
DPTR FM NORMAL M
[CDD (BASE 65) ]
TOTAL THIS MO. 225
DPTR FM NORMAL M [PRESSURE DATA]
TOTAL FM JAN 1 571 HIGHEST SLP M ON M
DPTR FM NORMAL M LOWEST SLP M ON M
[REMARKS]
#FINAL-07-21#