000
CXUS56 KSGX 011045
CF6ONT
PRELIMINARY LOCAL CLIMATOLOGICAL DATA (WS FORM: F-6)
STATION: ONTARIO INTL AIRPORT CA
MONTH: SEPTEMBER
YEAR: 2021
LATITUDE: 34 2 N
LONGITUDE: 117 37 W
TEMPERATURE IN F: :PCPN: SNOW: WIND :SUNSHINE: SKY :PK WND
================================================================================
1 2 3 4 5 6A 6B 7 8 9 10 11 12 13 14 15 16 17 18
12Z AVG MX 2MIN
DY MAX MIN AVG DEP HDD CDD WTR SNW DPTH SPD SPD DIR MIN PSBL S-S WX SPD DR
================================================================================
1 81 66 74 -6 0 9 0.00 M M 6.8 14 260 M M 6 8 20 300
2 86 65 76 -4 0 11 0.00 M M 6.3 15 270 M M 5 8 18 240
3 94 63 79 -1 0 14 0.00 M M 4.5 15 250 M M 0 8 19 260
4 102 65 84 4 0 19 0.00 M M 4.8 20 280 M M 1 23 280
5 108 71 90 10 0 25 0.00 M M 6.0 17 270 M M 1 23 270
6 97 68 83 3 0 18 0.00 M M 7.2 18 260 M M 1 8 24 270
7 95 68 82 3 0 17 0.00 M M 5.1 15 270 M M 1 8 20 270
8 97 70 84 5 0 19 0.00 M M 5.5 16 270 M M 1 8 19 280
9 99 74 87 8 0 22 0.00 M M 7.2 18 270 M M 3 22 260
10 100 75 88 9 0 23 0.00 M M 6.5 18 260 M M 2 8 24 270
11 101 72 87 8 0 22 0.00 M M 4.6 17 270 M M 1 22 270
12 101 71 86 7 0 21 0.00 M M 4.1 15 230 M M 0 22 220
13 101 68 85 7 0 20 0.00 M M 4.5 16 270 M M 0 22 270
14 95 63 79 1 0 14 0.00 M M 5.2 17 270 M M 0 21 250
15 92 61 77 -1 0 12 0.00 M M 6.1 17 270 M M 0 8 21 260
16 87 59 73 -5 0 8 0.00 M M 6.0 16 260 M M 3 8 20 270
17 86 59 73 -5 0 8 0.00 M M 6.2 15 270 M M 4 8 19 270
18 85 61 73 -4 0 8 0.00 M M 6.1 15 270 M M 2 20 280
19 87 58 73 -4 0 8 0.00 M M 3.7 15 280 M M 0 18 20 260
20 93 62 78 1 0 13 0.00 M M 4.5 15 260 M M 0 8 18 270
21 103 67 85 9 0 20 0.00 M M 4.7 15 270 M M 0 20 270
22 102 72 87 11 0 22 0.00 M M 5.8 25 270 M M 2 30 270
23 93 68 81 5 0 16 0.00 M M 5.2 15 260 M M 5 19 260
24 90 64 77 1 0 12 T M M 4.5 15 280 M M 4 18 18 270
25 89 65 77 2 0 12 T M M 6.1 16 260 M M 4 8 21 270
26 79 63 71 -4 0 6 T M M 6.0 17 260 M M 5 18 21 270
27 73 64 69 -6 0 4 0.00 M M 4.7 15 260 M M 8 8 18 270
28 75 63 69 -5 0 4 0.00 M M 7.2 15 260 M M 8 8 20 260
29 81 61 71 -3 0 6 0.00 M M 7.0 16 270 M M 6 21 270
30 96 56 76 2 0 11 0.00 M M 5.8 22 50 M M 0 30 20
================================================================================
SM 2768 1962 0 424 T M 167.9 M 73
================================================================================
AV 92.3 65.4 5.6 FASTST M M 2 MAX(MPH)
MISC ----> 25 270 # 30 270
================================================================================
NOTES:
# LAST OF SEVERAL OCCURRENCES
COLUMN 17 PEAK WIND IN M.P.H.
PRELIMINARY LOCAL CLIMATOLOGICAL DATA (WS FORM: F-6) , PAGE 2
STATION: ONTARIO INTL AIRPORT CA
MONTH: SEPTEMBER
YEAR: 2021
LATITUDE: 34 2 N
LONGITUDE: 117 37 W
[TEMPERATURE DATA] [PRECIPITATION DATA] SYMBOLS USED IN COLUMN 16
AVERAGE MONTHLY: 78.8 TOTAL FOR MONTH: T 1 = FOG OR MIST
DPTR FM NORMAL: 1.2 DPTR FM NORMAL: -0.10 2 = FOG REDUCING VISIBILITY
HIGHEST: 108 ON 5 GRTST 24HR T ON 31- 1 TO 1/4 MILE OR LESS
LOWEST: 56 ON 30 3 = THUNDER
SNOW, ICE PELLETS, HAIL 4 = ICE PELLETS
TOTAL MONTH: M 5 = HAIL
GRTST 24HR M ON M 6 = FREEZING RAIN OR DRIZZLE
GRTST DEPTH: M ON M 7 = DUSTSTORM OR SANDSTORM:
VSBY 1/2 MILE OR LESS
8 = SMOKE OR HAZE
[NO. OF DAYS WITH] [WEATHER - DAYS WITH] 9 = BLOWING SNOW
X = TORNADO
MAX 32 OR BELOW: 0 0.01 INCH OR MORE: 0
MAX 90 OR ABOVE: 19 0.10 INCH OR MORE: 0
MIN 32 OR BELOW: 0 0.50 INCH OR MORE: 0
MIN 0 OR BELOW: 0 1.00 INCH OR MORE: 0
[HDD (BASE 65) ]
TOTAL THIS MO. 0 CLEAR (SCALE 0-3) 19
DPTR FM NORMAL -1 PTCLDY (SCALE 4-7) 10
TOTAL FM JUL 1 0 CLOUDY (SCALE 8-10) 1
DPTR FM NORMAL 0
[CDD (BASE 65) ]
TOTAL THIS MO. 424
DPTR FM NORMAL 46 [PRESSURE DATA]
TOTAL FM JAN 1 2129 HIGHEST SLP 30.05 ON 22
DPTR FM NORMAL 378 LOWEST SLP 29.73 ON 9
[REMARKS]
#FINAL-09-21#