000
CXUS56 KSGX 021452
CLMONT
CLIMATE REPORT
NATIONAL WEATHER SERVICE SAN DIEGO, CA
752 AM PDT WED AUG 02 2023
...................................
...THE ONTARIO INTL AIRPORT CA CLIMATE SUMMARY FOR THE MONTH OF JULY 2023...
CLIMATE NORMAL PERIOD: 1991 TO 2020
CLIMATE RECORD PERIOD: 1998 TO 2023
WEATHER OBSERVED NORMAL DEPART LAST YEAR`S
VALUE DATE(S) VALUE FROM VALUE DATE(S)
NORMAL
................................................................
TEMPERATURE (F)
RECORD
HIGH 117 07/06/2018
LOW 56 07/09/2010
07/22/2001
07/12/2001
HIGHEST 102 07/27 95 7 101 07/17
07/24
07/26
LOWEST 57 07/05 62 -5 59 07/04
AVG. MAXIMUM 95.9 93.8 2.1 92.7
AVG. MINIMUM 66.4 64.7 1.7 64.8
MEAN 81.1 79.2 1.9 78.7
DAYS MAX >= 90 27 22.7 4.3 25
DAYS MAX <= 32 0 0.0 0.0 0
DAYS MAX >= 45 31 31
DAYS MAX >= 120 0 0
DAYS MIN <= 32 0 0.0 0.0 0
PRECIPITATION (INCHES)
RECORD
MAXIMUM 0.60 2015
MINIMUM 0.00 2023
TOTALS 0.00R 0.05 -0.05 0.03
DAILY AVG. 0.00 0.00 -0.00 0.00
DAYS >= .01 0 0.6 -0.6 1
DAYS >= .10 0 0.1 -0.1 0
DAYS >= .50 0 0.0 0.0 0
DAYS >= 1.00 0 0.0 0.0 0
DAYS >= %-5.2F 0 0
DAYS >= %-5.2F 0 0
GREATEST
24 HR. TOTAL 0.00 06/30 TO 06/30 0.03 07/31 TO 07/31
STORM TOTAL 0.00 0.03
(MM/DD(HH)) MM
DEGREE DAYS
HEATING TOTAL 0 0 0 0
SINCE 7/1 0 0 0 MM
COOLING TOTAL 507 442 65 434
SINCE 1/1 703 906 -203 MM
FREEZE DATES
RECORD
EARLIEST 11/30/2004
LATEST 02/14/2006
EARLIEST 02/24
LATEST 02/20
................................................................
WIND (MPH)
AVERAGE WIND SPEED 6.2
RESULTANT WIND SPEED/DIRECTION 5/250
HIGHEST WIND SPEED/DIRECTION 20/230 DATE 07/31
HIGHEST GUST SPEED/DIRECTION 29/260 DATE 07/01
SKY COVER
POSSIBLE SUNSHINE (PERCENT) MM
AVERAGE SKY COVER 0.23
NUMBER OF DAYS FAIR 24
NUMBER OF DAYS PC 7
NUMBER OF DAYS CLOUDY 0
AVERAGE RH (PERCENT) 50
WEATHER CONDITIONS. NUMBER OF DAYS WITH
THUNDERSTORM 0 MIXED PRECIP 0
HEAVY RAIN 0 RAIN 0
LIGHT RAIN 0 FREEZING RAIN 0
LT FREEZING RAIN 0 HAIL 0
HEAVY SNOW 0 SNOW 0
LIGHT SNOW 0 SLEET 0
FOG 8 FOG W/VIS <= 1/4 MILE 0
HAZE 16
- INDICATES NEGATIVE NUMBERS.
R INDICATES RECORD WAS SET OR TIED.
MM INDICATES DATA IS MISSING.
T INDICATES TRACE AMOUNT.
$$