000
CXUS53 KDMX 021530
CF6OTM
PRELIMINARY LOCAL CLIMATOLOGICAL DATA (WS FORM: F-6)
STATION: OTTUMWA IA
MONTH: NOVEMBER
YEAR: 2023
LATITUDE: 41 6 N
LONGITUDE: 92 27 W
TEMPERATURE IN F: :PCPN: SNOW: WIND :SUNSHINE: SKY :PK WND
================================================================================
1 2 3 4 5 6A 6B 7 8 9 10 11 12 13 14 15 16 17 18
12Z AVG MX 2MIN
DY MAX MIN AVG DEP HDD CDD WTR SNW DPTH SPD SPD DIR MIN PSBL S-S WX SPD DR
================================================================================
1 46 17 32 -14 33 0 0.00 0.0 0 9.4 20 190 M M 0 27 200
2 58 27 43 -2 22 0 0.00 0.0 0 8.5 16 200 M M 0 21 190
3 56 38 47 2 18 0 T 0.0 0 10.8 20 210 M M 2 30 210
4 59 30 45 1 20 0 0.00 0.0 0 4.8 10 320 M M 0 18 14 320
5 64 32 48 4 17 0 0.00 0.0 0 10.5 20 170 M M 0 1 28 180
6 71 44 58 14 7 0 0.00 0.0 0 10.2 18 220 M M 0 26 220
7 64 37 51 8 14 0 0.00 0.0 0 11.5 18 90 M M 2 25 90
8 55 44 50 7 15 0 0.02 0.0 0 10.8 26 330 M M 6 1 34 320
9 60 29 45 3 20 0 0.00 0.0 0 9.7 23 330 M M 1 30 330
10 48 27 38 -4 27 0 0.00 0.0 0 7.0 15 310 M M 1 20 320
11 52 26 39 -3 26 0 0.00 0.0 0 10.1 17 170 M M 6 26 170
12 66 40 53 12 12 0 0.00 0.0 0 13.5 24 190 M M 2 32 190
13 66 34 50 9 15 0 0.00 0.0 0 4.8 10 280 M M 0 13 290
14 67 32 50 10 15 0 0.00 0.0 0 11.8 24 190 M M 0 33 200
15 68 42 55 15 10 0 0.00 0.0 0 7.6 12 210 M M 0 8 20 210
16 65 45 55 16 10 0 0.00 0.0 0 14.3 26 320 M M 2 36 330
17 50 27 39 0 26 0 0.00 0.0 0 8.1 23 330 M M 1 8 31 330
18 61 27 44 6 21 0 0.00 0.0 0 6.4 15 260 M M 0 20 260
19 59 29 44 6 21 0 0.00 0.0 0 6.2 13 150 M M 1 16 160
20 49 39 44 6 21 0 0.28 0.0 0 11.2 18 70 M M 10 1 25 60
21 46 35 41 4 24 0 T 0.0 0 14.2 24 330 M M 10 1 30 320
22 47 22 35 -2 30 0 0.00 0.0 0 9.0 15 200 M M 2 19 190
23 45 28 37 1 28 0 0.00 0.0 0 12.6 21 350 M M 0 26 350
24 31 22 27 -9 38 0 0.00 0.0 0 9.4 17 360 M M 3 22 350
25 38 26 32 -4 33 0 0.06 0.4 0 4.7 9 60 M M 10 1 14 130
26 34 22 28 -7 37 0 0.18 1.8 2 11.1 28 300 M M 8 1 41 300
27 27 13 20 -15 45 0 0.00 0.0 1 9.6 18 310 M M 2 26 310
28 31 6 19 -15 46 0 0.00 0.0 1 7.8 15 180 M M 0 19 180
29 50 24 37 3 28 0 0.00 0.0 1 8.5 12 190 M M 0 16 210
30 51 33 42 8 23 0 0.00 0.0 T 9.7 21 250 M M 5 26 240
================================================================================
SM 1584 897 702 0 0.54 2.2 283.8 M 74
================================================================================
AV 52.8 29.9 9.5 FASTST M M 2 MAX(MPH)
MISC ----> 28 300 41 300
================================================================================
NOTES:
# LAST OF SEVERAL OCCURRENCES
COLUMN 17 PEAK WIND IN M.P.H.
PRELIMINARY LOCAL CLIMATOLOGICAL DATA (WS FORM: F-6) , PAGE 2
STATION: OTTUMWA IA
MONTH: NOVEMBER
YEAR: 2023
LATITUDE: 41 6 N
LONGITUDE: 92 27 W
[TEMPERATURE DATA] [PRECIPITATION DATA] SYMBOLS USED IN COLUMN 16
AVERAGE MONTHLY: 41.4 TOTAL FOR MONTH: 0.54 1 = FOG OR MIST
DPTR FM NORMAL: 1.8 DPTR FM NORMAL: -1.55 2 = FOG REDUCING VISIBILITY
HIGHEST: 71 ON 6 GRTST 24HR 0.28 ON 20-20 TO 1/4 MILE OR LESS
LOWEST: 6 ON 28 3 = THUNDER
SNOW, ICE PELLETS, HAIL 4 = ICE PELLETS
TOTAL MONTH: 2.2 INCHES 5 = HAIL
GRTST 24HR 1.8 ON 26-26 6 = FREEZING RAIN OR DRIZZLE
GRTST DEPTH: 2 ON 26 7 = DUSTSTORM OR SANDSTORM:
VSBY 1/2 MILE OR LESS
8 = SMOKE OR HAZE
[NO. OF DAYS WITH] [WEATHER - DAYS WITH] 9 = BLOWING SNOW
X = TORNADO
MAX 32 OR BELOW: 3 0.01 INCH OR MORE: 4
MAX 90 OR ABOVE: 0 0.10 INCH OR MORE: 2
MIN 32 OR BELOW: 19 0.50 INCH OR MORE: 0
MIN 0 OR BELOW: 0 1.00 INCH OR MORE: 0
[HDD (BASE 65) ]
TOTAL THIS MO. 702 CLEAR (SCALE 0-3) 22
DPTR FM NORMAL -60 PTCLDY (SCALE 4-7) 5
TOTAL FM JUL 1 1083 CLOUDY (SCALE 8-10) 3
DPTR FM NORMAL -176
[CDD (BASE 65) ]
TOTAL THIS MO. 0
DPTR FM NORMAL 0 [PRESSURE DATA]
TOTAL FM JAN 1 990 HIGHEST SLP 30.59 ON 24
DPTR FM NORMAL 5 LOWEST SLP 29.65 ON 8
[REMARKS]
#FINAL-11-23#