000
CXAK56 PAFG 020749
CF6OTZ
PRELIMINARY LOCAL CLIMATOLOGICAL DATA (WS FORM: F-6)
STATION: KOTZEBUE AK
MONTH: APRIL
YEAR: 2021
LATITUDE: 66 52 N
LONGITUDE: 162 38 W
TEMPERATURE IN F: :PCPN: SNOW: WIND :SUNSHINE: SKY :PK WND
================================================================================
1 2 3 4 5 6A 6B 7 8 9 10 11 12 13 14 15 16 17 18
12Z AVG MX 2MIN
DY MAX MIN AVG DEP HDD CDD WTR SNW DPTH SPD SPD DIR MIN PSBL S-S WX SPD DR
================================================================================
1 3 -14 -5 -9 70 0 M M M 6.5 17 320 M M 0 8 20 290
2 4 -13 -4 -9 69 0 M M M 20.7 33 90 M M 8 189 40 100
3 14 -4 5 0 60 0 M M M 12.2 22 80 M M 5 18 26 90
4 10 -8 1 -5 64 0 M M M 14.3 30 280 M M 9 189 35 280
5 1 -15 -7 -13 72 0 M M M 7.7 17 290 M M 1 18 20 300
6 1 -18 -8 -15 73 0 M M M 7.5 16 290 M M 0 18 290
7 -8 -19 -13 -20 78 0 0.00 M M 15.8 28 320 M M 1 189 33 310
8 -9 -22 -15 -23 80 0 0.00 M M 19.9 29 310 M M 2 189 34 300
9 -5 -19 -12 -21 77 0 0.00 M M 5.5 17 310 M M 0 1 19 300
10 5 -20 -7 -16 72 0 0.00 M M 13.9 24 80 M M 0 8 28 80
11 16 -4 6 -4 59 0 M M M 28.3 41 90 M M 7 1289 49 90
12 29 16 23 12 42 0 M M M 27.2 35 90 M M 10 19 41 90
13 34 22 28 17 37 0 T M M 16.7 25 120 M M 6 1 29 120
14 37 21 29 17 36 0 0.00 M M 10.3 18 100 M M 2 20 100
15 23 14 19 6 46 0 T M M 11.6 21 280 M M 6 12 24 280
16 29 17 23 10 42 0 0.00 M M 18.5 28 140 M M 8 12 32 140
17 33 18 26 12 39 0 0.00 M M 18.0 29 130 M M 0 1 33 120
18 38 14 26 11 39 0 0.00 M M 4.7 8 70 M M 2 M M
19 31 18 25 9 40 0 0.00 M M 14.5 29 320 M M 5 34 310
20 30 11 21 5 44 0 0.00 M M 5.3 21 350 M M 0 23 350
21 35 8 22 5 43 0 0.00 M M 3.2 10 50 M M 0 12 50
22 38 18 28 10 37 0 0.00 M M 7.8 15 90 M M 0 18 100
23 40 25 33 14 32 0 0.00 M M 9.7 17 120 M M 0 18 110
24 42 22 32 13 33 0 0.00 M M 3.0 9 80 M M 0 8 12 70
25 43 21 32 12 33 0 0.00 M M 3.7 13 110 M M 5 14 110
26 37 26 32 11 33 0 0.00 M M 6.5 15 290 M M 5 1 17 290
27 34 19 27 6 38 0 0.00 M M 6.9 17 110 M M 0 20 100
28 31 22 27 5 38 0 0.16 M M 12.0 25 310 M M 10 1 30 310
29 23 15 19 -4 46 0 T M M 25.1 31 300 M M 8 129 36 300
30 17 14 16 -7 49 0 T M M 18.4 28 300 M M 10 189 34 300
================================================================================
SM 656 185 1521 0 0.16 M 375.4 M 110
================================================================================
AV 21.9 6.2 12.5 FASTST M M 4 MAX(MPH)
MISC ----> 41 90 49 90
================================================================================
NOTES:
# LAST OF SEVERAL OCCURRENCES
COLUMN 17 PEAK WIND IN M.P.H.
PRELIMINARY LOCAL CLIMATOLOGICAL DATA (WS FORM: F-6) , PAGE 2
STATION: KOTZEBUE AK
MONTH: APRIL
YEAR: 2021
LATITUDE: 66 52 N
LONGITUDE: 162 38 W
[TEMPERATURE DATA] [PRECIPITATION DATA] SYMBOLS USED IN COLUMN 16
AVERAGE MONTHLY: 14.0 TOTAL FOR MONTH: 0.16 1 = FOG OR MIST
DPTR FM NORMAL: 0.7 DPTR FM NORMAL: -0.38 2 = FOG REDUCING VISIBILITY
HIGHEST: 43 ON 25 GRTST 24HR 0.38 ON 1- 1 TO 1/4 MILE OR LESS
LOWEST: -22 ON 8 3 = THUNDER
SNOW, ICE PELLETS, HAIL 4 = ICE PELLETS
TOTAL MONTH: M 5 = HAIL
GRTST 24HR M ON M 6 = FREEZING RAIN OR DRIZZLE
GRTST DEPTH: M ON M 7 = DUSTSTORM OR SANDSTORM:
VSBY 1/2 MILE OR LESS
8 = SMOKE OR HAZE
[NO. OF DAYS WITH] [WEATHER - DAYS WITH] 9 = BLOWING SNOW
X = TORNADO
MAX 32 OR BELOW: 19 0.01 INCH OR MORE: 1
MAX 90 OR ABOVE: 0 0.10 INCH OR MORE: 1
MIN 32 OR BELOW: 30 0.50 INCH OR MORE: 0
MIN 0 OR BELOW: 11 1.00 INCH OR MORE: 0
[HDD (BASE 65) ]
TOTAL THIS MO. 1521 CLEAR (SCALE 0-3) 16
DPTR FM NORMAL -30 PTCLDY (SCALE 4-7) 9
TOTAL FM JUL 1 13475 CLOUDY (SCALE 8-10) 5
DPTR FM NORMAL -303
[CDD (BASE 65) ]
TOTAL THIS MO. 0
DPTR FM NORMAL 0 [PRESSURE DATA]
TOTAL FM JAN 1 0 HIGHEST SLP 30.69 ON 20
DPTR FM NORMAL 0 LOWEST SLP 29.37 ON 4
[REMARKS]
#FINAL-04-21#