374
CXUS55 KRIW 011110
CF6P60
PRELIMINARY LOCAL CLIMATOLOGICAL DATA (WS FORM: F-6)
STATION: LAKE YELLOWSTONE WY
MONTH: OCTOBER
YEAR: 2020
LATITUDE: 44 32 N
LONGITUDE: 110 25 W
TEMPERATURE IN F: :PCPN: SNOW: WIND :SUNSHINE: SKY :PK WND
================================================================================
1 2 3 4 5 6A 6B 7 8 9 10 11 12 13 14 15 16 17 18
12Z AVG MX 2MIN
DY MAX MIN AVG DEP HDD CDD WTR SNW DPTH SPD SPD DIR MIN PSBL S-S WX SPD DR
================================================================================
1 62 25 44 3 21 0 0.00 M M 2.0 6 260 M M 0 M M
2 64 28 46 5 19 0 0.00 M M 2.1 12 300 M M 0 20 280
3 60 26 43 3 22 0 0.00 M M 1.3 7 100 M M 0 11 120
4 65 27 46 6 19 0 0.00 M M 2.6 17 270 M M 0 29 280
5 63 26 45 5 20 0 0.00 M M 3.2 12 290 M M 0 20 280
6 66 26 46 7 19 0 0.00 M M 3.1 7 99 M M 0 M M
7 66 25 46 7 19 0 0.00 M M 2.4 9 280 M M 0 M M
8 65 26 46 8 19 0 0.00 M M 3.7 10 250 M M 0 23 250
9 64 24 44 6 21 0 0.00 M M 2.7 13 280 M M 0 22 300
10 65 24 45 7 20 0 0.28 M M 4.5 15 260 M M 0 33 250
11 35 27 31 -6 34 0 0.35 M M 6.1 16 270 M M 0 31 250
12 46 27 37 0 28 0 0.11 M M 7.3 16 260 M M 0 34 280
13 46 26 36 -1 29 0 0.14 M M 5.5 18 270 M M 0 34 240
14 40 26 33 -3 32 0 0.01 M M 8.4 18 300 M M 0 36 280
15 35 21 28 -8 37 0 0.02 M M 3.8 16 280 M M 0 30 260
16 42 17 30 -6 35 0 0.01 M M 5.5 13 250 M M 0 29 270
17 49 34 42 7 23 0 0.03 M M 6.1 20 270 M M 0 37 290
18 38 31 35 0 30 0 0.33 M M 4.8 16 270 M M 0 29 240
19 42 35 39 4 26 0 0.02 M M 6.0 12 260 M M 0 25 260
20 45 33 39 5 26 0 0.03 M M 5.3 15 270 M M 0 25 290
21 42 24 33 -1 32 0 0.33 M M 7.0 15 270 M M 0 39 300
22 25 1 13 -20 52 0 0.05 M M 2.6 13 330 M M 0 22 340
23 30 0 15 -18 50 0 0.00 M M 3.8 14 270 M M 0 29 210
24 32 5 19 -14 46 0 0.41 M M 4.5 9 270 M M 0 24 260
25 14 -12 1 -31 64 0 0.01 M M 2.7 12 80 M M 0 21 70
26 26 -16 5 -27 60 0 0.00 M M 2.5 8 280 M M 0 14 330
27 34 14 24 -7 41 0 0.00 M M 1.2 6 110 M M 0 9 80
28 40 11 26 -5 39 0 0.01 M M 1.4 7 120 M M 0 10 110
29 47 15 31 0 34 0 0.00 M M 1.4 9 270 M M 0 17 220
30 50 18 34 4 31 0 0.00 M M 5.3 17 280 M M 0 40 270
31 44 20 32 2 33 0 0.00 M M 2.7 9 290 M M 0 17 290
================================================================================
SM 1442 614 981 0 2.14 M 121.4 M 0
================================================================================
AV 46.5 19.8 3.9 FASTST M M 0 MAX(MPH)
MISC ----> 20 270 40 270
================================================================================
NOTES:
# LAST OF SEVERAL OCCURRENCES
COLUMN 17 PEAK WIND IN M.P.H.
PRELIMINARY LOCAL CLIMATOLOGICAL DATA (WS FORM: F-6) , PAGE 2
STATION: LAKE YELLOWSTONE WY
MONTH: OCTOBER
YEAR: 2020
LATITUDE: 44 32 N
LONGITUDE: 110 25 W
[TEMPERATURE DATA] [PRECIPITATION DATA] SYMBOLS USED IN COLUMN 16
AVERAGE MONTHLY: 33.2 TOTAL FOR MONTH: 2.14 1 = FOG OR MIST
DPTR FM NORMAL: -2.4 DPTR FM NORMAL: 0.79 2 = FOG REDUCING VISIBILITY
HIGHEST: 66 ON 7, 6 GRTST 24HR 0.63 ON 10-11 TO 1/4 MILE OR LESS
LOWEST: -16 ON 26 3 = THUNDER
SNOW, ICE PELLETS, HAIL 4 = ICE PELLETS
TOTAL MONTH: M 5 = HAIL
GRTST 24HR M ON M 6 = FREEZING RAIN OR DRIZZLE
GRTST DEPTH: M ON M 7 = DUSTSTORM OR SANDSTORM:
VSBY 1/2 MILE OR LESS
8 = SMOKE OR HAZE
[NO. OF DAYS WITH] [WEATHER - DAYS WITH] 9 = BLOWING SNOW
X = TORNADO
MAX 32 OR BELOW: 5 0.01 INCH OR MORE: 16
MAX 90 OR ABOVE: 0 0.10 INCH OR MORE: 7
MIN 32 OR BELOW: 28 0.50 INCH OR MORE: 0
MIN 0 OR BELOW: 3 1.00 INCH OR MORE: 0
[HDD (BASE 65) ]
TOTAL THIS MO. 981 CLEAR (SCALE 0-3) 31
DPTR FM NORMAL 68 PTCLDY (SCALE 4-7) 0
TOTAL FM JUL 1 2067 CLOUDY (SCALE 8-10) 0
DPTR FM NORMAL 20
[CDD (BASE 65) ]
TOTAL THIS MO. 0
DPTR FM NORMAL 0 [PRESSURE DATA]
TOTAL FM JAN 1 0 HIGHEST SLP 30.57 ON 26
DPTR FM NORMAL 0 LOWEST SLP 29.51 ON 11
[REMARKS]
#FINAL-10-20#