000
CXUS56 KLKN 120804
CF6P68
PRELIMINARY LOCAL CLIMATOLOGICAL DATA (WS FORM: F-6)
STATION: EUREKA AIRPORT NV
MONTH: DECEMBER
YEAR: 2021
LATITUDE: 39 30 N
LONGITUDE: 115 58 W
TEMPERATURE IN F: :PCPN: SNOW: WIND :SUNSHINE: SKY :PK WND
================================================================================
1 2 3 4 5 6A 6B 7 8 9 10 11 12 13 14 15 16 17 18
12Z AVG MX 2MIN
DY MAX MIN AVG DEP HDD CDD WTR SNW DPTH SPD SPD DIR MIN PSBL S-S WX SPD DR
================================================================================
1 59 17 38 10 27 0 0.00 M M 4.7 12 200 M M M 14 200
2 60 22 41 13 24 0 0.00 M M 5.7 12 210 M M M 15 210
3 57 17 37 9 28 0 0.00 M M 6.1 13 210 M M M 16 210
4 58 16 37 9 28 0 0.00 M M 5.3 14 200 M M M 16 210
5 56 22 39 12 26 0 0.00 M M 7.8 17 10 M M M 23 10
6 48 21 35 8 30 0 0.01 M M 6.9 20 240 M M M 31 290
7 50 21 36 9 29 0 0.00 M M 4.6 10 200 M M M 12 210
8 49 19 34 8 31 0 0.00 M M 6.3 14 270 M M M 22 250
9 41 11 26 0 39 0 0.35 M M 5.2 16 340 M M M 24 340
10 27 2 15 -11 50 0 0.00 M M 5.0 13 200 M M M 16 200
11 33 6 20 -6 45 0 0.00 M M 5.4 14 200 M M M 17 210
12 40 21 31 6 34 0 0.00 M M 8.5 25 160 M M M 35 160
13 44 33 39 14 26 0 0.00 M M 17.6 40 180 M M M 55 180
14 40 18 29 4 36 0 0.60 M M 16.5 38 160 M M M 53 170
15 26 6 16 -9 49 0 0.00 M M 5.3 15 140 M M M 19 150
16 33 4 19 -6 46 0 0.11 M M 5.2 21 290 M M M 31 290
17 32 -1 16 -9 49 0 0.00 M M 4.5 13 220 M M M 15 230
18 25 -5 10 -15 55 0 0.00 M M 6.7 15 210 M M M 18 220
19 38 3 21 -4 44 0 0.00 M M 6.8 15 210 M M M 19 210
20 37 6 22 -2 43 0 0.00 M M 6.5 14 220 M M M 18 220
21 40 6 23 -1 42 0 0.00 M M 5.2 13 210 M M M 17 210
22 42 11 27 3 38 0 0.00 M M 4.5 20 150 M M M 25 150
23 43 24 34 10 31 0 0.41 M M 8.7 23 160 M M M 31 200
24 39 10 25 1 40 0 0.00 M M 5.7 17 230 M M M 23 220
25 39 11 25 1 40 0 0.00 M M 15.2 33 190 M M M 49 190
26 32 0 16 -8 49 0 0.20 M M 14.8 38 190 M M M 47 200
27 32 4 18 -7 47 0 0.05 M M 9.1 22 190 M M M 32 270
28 28 15 22 -3 43 0 0.08 M M 4.0 16 270 M M M 23 270
29 30 12 21 -4 44 0 0.02 M M 4.1 13 210 M M M 17 200
30 32 -2 15 -10 50 0 0.00 M M 4.2 16 260 M M M 22 260
31 29 0 15 -10 50 0 0.09 M M 5.5 17 30 M M M 25 310
================================================================================
SM 1239 350 1213 0 1.92 M 221.6 M M
================================================================================
AV 40.0 11.3 7.1 FASTST M M M MAX(MPH)
MISC ----> 40 180 55 180
================================================================================
NOTES:
# LAST OF SEVERAL OCCURRENCES
COLUMN 17 PEAK WIND IN M.P.H.
PRELIMINARY LOCAL CLIMATOLOGICAL DATA (WS FORM: F-6) , PAGE 2
STATION: EUREKA AIRPORT NV
MONTH: DECEMBER
YEAR: 2021
LATITUDE: 39 30 N
LONGITUDE: 115 58 W
[TEMPERATURE DATA] [PRECIPITATION DATA] SYMBOLS USED IN COLUMN 16
AVERAGE MONTHLY: 25.6 TOTAL FOR MONTH: 1.92 1 = FOG OR MIST
DPTR FM NORMAL: 0.1 DPTR FM NORMAL: 1.18 2 = FOG REDUCING VISIBILITY
HIGHEST: 60 ON 2 GRTST 24HR 0.60 ON 14-14 TO 1/4 MILE OR LESS
LOWEST: -5 ON 18 3 = THUNDER
SNOW, ICE PELLETS, HAIL 4 = ICE PELLETS
TOTAL MONTH: M 5 = HAIL
GRTST 24HR M ON M 6 = FREEZING RAIN OR DRIZZLE
GRTST DEPTH: M ON M 7 = DUSTSTORM OR SANDSTORM:
VSBY 1/2 MILE OR LESS
8 = SMOKE OR HAZE
[NO. OF DAYS WITH] [WEATHER - DAYS WITH] 9 = BLOWING SNOW
X = TORNADO
MAX 32 OR BELOW: 10 0.01 INCH OR MORE: 10
MAX 90 OR ABOVE: 0 0.10 INCH OR MORE: 5
MIN 32 OR BELOW: 30 0.50 INCH OR MORE: 1
MIN 0 OR BELOW: 5 1.00 INCH OR MORE: 0
[HDD (BASE 65) ]
TOTAL THIS MO. 1213 CLEAR (SCALE 0-3) 0
DPTR FM NORMAL -11 PTCLDY (SCALE 4-7) 0
TOTAL FM JUL 1 2713 CLOUDY (SCALE 8-10) 31
DPTR FM NORMAL -196
[CDD (BASE 65) ]
TOTAL THIS MO. 0
DPTR FM NORMAL 0 [PRESSURE DATA]
TOTAL FM JAN 1 614 HIGHEST SLP 30.61 ON 18
DPTR FM NORMAL 258 LOWEST SLP 29.33 ON 26
[REMARKS]
#FINAL-12-21#