000
CXUS53 KPAH 010700
CF6PAH
PRELIMINARY LOCAL CLIMATOLOGICAL DATA (WS FORM: F-6)
STATION: PADUCAH KY
MONTH: MAY
YEAR: 2022
LATITUDE: 37 4 N
LONGITUDE: 88 46 W
TEMPERATURE IN F: :PCPN: SNOW: WIND :SUNSHINE: SKY :PK WND
================================================================================
1 2 3 4 5 6A 6B 7 8 9 10 11 12 13 14 15 16 17 18
12Z AVG MX 2MIN
DY MAX MIN AVG DEP HDD CDD WTR SNW DPTH SPD SPD DIR MIN PSBL S-S WX SPD DR
================================================================================
1 79 53 66 2 0 1 0.00 0.0 0 5.6 17 240 M M 0 29 250
2 80 48 64 0 1 0 1.24 0.0 0 4.1 15 170 M M 2 13 33 190
3 77 57 67 2 0 2 0.05 0.0 0 10.4 23 230 M M 6 1 32 200
4 64 55 60 -5 5 0 0.00 0.0 0 5.9 16 70 M M 7 23 80
5 71 57 64 -1 1 0 0.31 0.0 0 6.4 17 170 M M 8 13 32 180
6 64 57 61 -5 4 0 0.28 0.0 0 7.1 17 320 M M 10 13 29 320
7 74 52 63 -3 2 0 0.00 0.0 0 7.1 17 350 M M 6 24 360
8 76 47 62 -4 3 0 0.00 0.0 0 5.5 16 130 M M 0 1 20 130
9 85 61 73 7 0 8 0.00 0.0 0 9.0 17 190 M M 5 28 190
10 87 70 79 12 0 14 0.00 0.0 0 6.3 14 160 M M 1 22 180
11 92 72 82 15 0 17 0.00 0.0 0 2.3 7 150 M M 3 18 12 280
12 92 66 79 12 0 14 0.00 0.0 0 3.8 10 70 M M 0 18 15 70
13 90 61 76 8 0 11 0.00 0.0 0 3.1 17 140 M M 0 22 140
14 88 65 77 9 0 12 0.00 0.0 0 2.1 21 90 M M 1 138 32 80
15 87 64 76 8 0 11 0.53 0.0 0 2.7 23 230 M M 2 13 23 230
16 82 57 70 2 0 5 0.00 0.0 0 2.9 10 320 M M 0 18 270
17 85 55 70 1 0 5 0.00 0.0 0 2.1 9 190 M M 0 8 14 180
18 88 60 74 5 0 9 0.09 0.0 0 4.6 21 140 M M 1 38 29 150
19 88 66 77 8 0 12 0.00 0.0 0 6.3 15 170 M M 1 1 26 200
20 90 75 83 13 0 18 0.00 0.0 0 10.1 21 180 M M 0 36 200
21 84 66 75 5 0 10 2.44 0.0 0 7.9 23 170 M M 5 1238 29 180
22 68 59 64 -6 1 0 0.01 0.0 0 8.1 15 20 M M 8 1 23 30
23 69 58 64 -6 1 0 0.00 0.0 0 8.9 16 60 M M 7 24 50
24 74 57 66 -5 0 1 0.13 0.0 0 6.9 15 80 M M 9 18 20 70
25 80 68 74 3 0 9 0.52 0.0 0 10.0 23 170 M M 7 13 33 140
26 74 59 67 -4 0 2 0.12 0.0 0 7.6 16 190 M M 8 38 29 230
27 68 57 63 -9 2 0 0.01 0.0 0 4.7 12 300 M M 9 19 310
28 76 55 66 -6 0 1 0.00 0.0 0 3.1 14 160 M M 4 23 140
29 84 61 73 1 0 8 0.00 0.0 0 6.9 14 180 M M 0 21 180
30 88 67 78 6 0 13 0.00 0.0 0 8.1 16 180 M M 1 27 200
31 90 72 81 8 0 16 0.00 0.0 0 5.5 12 180 M M 1 21 190
================================================================================
SM 2494 1877 20 199 5.73 0.0 185.1 M 112
================================================================================
AV 80.5 60.5 6.0 FASTST M M 4 MAX(MPH)
MISC ----> # 23 230 36 200
================================================================================
NOTES:
# LAST OF SEVERAL OCCURRENCES
COLUMN 17 PEAK WIND IN M.P.H.
PRELIMINARY LOCAL CLIMATOLOGICAL DATA (WS FORM: F-6) , PAGE 2
STATION: PADUCAH KY
MONTH: MAY
YEAR: 2022
LATITUDE: 37 4 N
LONGITUDE: 88 46 W
[TEMPERATURE DATA] [PRECIPITATION DATA] SYMBOLS USED IN COLUMN 16
AVERAGE MONTHLY: 70.5 TOTAL FOR MONTH: 5.73 1 = FOG OR MIST
DPTR FM NORMAL: 2.1 DPTR FM NORMAL: 0.86 2 = FOG REDUCING VISIBILITY
HIGHEST: 92 ON 12,11 GRTST 24HR 2.45 ON 21-22 TO 1/4 MILE OR LESS
LOWEST: 47 ON 8 3 = THUNDER
SNOW, ICE PELLETS, HAIL 4 = ICE PELLETS
TOTAL MONTH: 0.0 INCH 5 = HAIL
GRTST 24HR 0.0 6 = FREEZING RAIN OR DRIZZLE
GRTST DEPTH: 0 7 = DUSTSTORM OR SANDSTORM:
VSBY 1/2 MILE OR LESS
8 = SMOKE OR HAZE
[NO. OF DAYS WITH] [WEATHER - DAYS WITH] 9 = BLOWING SNOW
X = TORNADO
MAX 32 OR BELOW: 0 0.01 INCH OR MORE: 12
MAX 90 OR ABOVE: 5 0.10 INCH OR MORE: 8
MIN 32 OR BELOW: 0 0.50 INCH OR MORE: 4
MIN 0 OR BELOW: 0 1.00 INCH OR MORE: 2
[HDD (BASE 65) ]
TOTAL THIS MO. 20 CLEAR (SCALE 0-3) 17
DPTR FM NORMAL -35 PTCLDY (SCALE 4-7) 10
TOTAL FM JUL 1 3591 CLOUDY (SCALE 8-10) 4
DPTR FM NORMAL -333
[CDD (BASE 65) ]
TOTAL THIS MO. 199
DPTR FM NORMAL 39 [PRESSURE DATA]
TOTAL FM JAN 1 248 HIGHEST SLP M ON M
DPTR FM NORMAL 38 LOWEST SLP 29.56 ON 19
[REMARKS]
#FINAL-05-22#