000
CXUS51 KBTV 010800
CF6PBG
PRELIMINARY LOCAL CLIMATOLOGICAL DATA (WS FORM: F-6)
STATION: PLATTSBURGH NY
MONTH: JANUARY
YEAR: 2022
LATITUDE: 44 39 N
LONGITUDE: 73 28 W
TEMPERATURE IN F: :PCPN: SNOW: WIND :SUNSHINE: SKY :PK WND
================================================================================
1 2 3 4 5 6A 6B 7 8 9 10 11 12 13 14 15 16 17 18
12Z AVG MX 2MIN
DY MAX MIN AVG DEP HDD CDD WTR SNW DPTH SPD SPD DIR MIN PSBL S-S WX SPD DR
================================================================================
1 40 29 35 13 30 0 0.04 M M 3.5 17 350 M M 10 12 22 340
2 33 10 22 1 43 0 0.07 M M 10.1 21 10 M M 9 12 25 360
3 11 -7 2 -19 63 0 0.00 M M 5.7 13 350 M M 0 15 350
4 23 -9 7 -14 58 0 0.00 M M 3.6 12 150 M M 6 14 140
5 36 14 25 4 40 0 0.00 M M 5.6 14 160 M M 3 17 170
6 37 21 29 9 36 0 0.00 M M 7.0 15 260 M M 7 25 280
7 24 9 17 -3 48 0 0.01 M M 7.7 18 10 M M 9 18 21 10
8 20 3 12 -8 53 0 T M M 4.8 10 280 M M 1 16 280
9 38 21 30 10 35 0 0.01 M M 9.7 22 280 M M 9 18 35 280
10 27 3 15 -5 50 0 T M M 8.9 21 340 M M 5 26 270
11 3 -10 -3 -22 68 0 T M M 5.5 18 340 M M 1 23 330
12 27 1 14 -5 51 0 0.00 M M 6.3 18 160 M M 9 1 23 150
13 26 20 23 4 42 0 T M M 4.3 12 360 M M 10 18 13 350
14 24 -5 10 -9 55 0 T M M 13.8 25 360 M M 7 18 31 360
15 1 -14 -6 -25 71 0 0.00 M M 8.0 21 340 M M 0 27 330
16 24 -15 5 -14 60 0 0.00 M M 4.2 22 150 M M 0 26 150
17 28 21 25 7 40 0 0.24 M M 7.6 22 350 M M 10 18 25 360
18 23 -8 8 -10 57 0 0.00 M M 7.0 20 320 M M 4 29 320
19 40 -10 15 -3 50 0 0.01 M M 3.7 14 170 M M 9 1 19 240
20 37 -11 13 -5 52 0 T M M 9.2 23 360 M M 3 29 320
21 1 -19 -9 -27 74 0 0.00 M M 3.4 9 30 M M 0 8 M M
22 15 -21 -3 -21 68 0 T M M 3.3 15 150 M M 5 18 19 160
23 27 3 15 -3 50 0 T M M 5.8 14 350 M M 8 128 17 30
24 17 -14 2 -16 63 0 T M M 2.6 13 360 M M 5 1 14 360
25 28 9 19 1 46 0 0.01 M M 3.0 12 20 M M 9 18 19 260
26 11 -20 -4 -22 69 0 0.00 M M 5.4 17 10 M M 1 21 20
27 24 -21 2 -16 63 0 0.00 M M 5.6 17 160 M M 3 23 160
28 26 -10 8 -10 57 0 T M M 8.8 25 20 M M 6 30 20
29 9 -3 3 -15 62 0 0.00 M M 14.2 31 340 M M 0 8 37 350
30 21 -6 8 -10 57 0 0.00 M M 4.6 17 340 M M 1 21 340
31 25 -2 12 -6 53 0 0.00 M M 3.9 15 140 M M 6 18 160
================================================================================
SM 726 -41 1664 0 0.39 M 196.8 M 156
================================================================================
AV 23.4 -1.3 6.3 FASTST M M 5 MAX(MPH)
MISC ----> 31 340 37 350
================================================================================
NOTES:
# LAST OF SEVERAL OCCURRENCES
COLUMN 17 PEAK WIND IN M.P.H.
PRELIMINARY LOCAL CLIMATOLOGICAL DATA (WS FORM: F-6) , PAGE 2
STATION: PLATTSBURGH NY
MONTH: JANUARY
YEAR: 2022
LATITUDE: 44 39 N
LONGITUDE: 73 28 W
[TEMPERATURE DATA] [PRECIPITATION DATA] SYMBOLS USED IN COLUMN 16
AVERAGE MONTHLY: 11.0 TOTAL FOR MONTH: 0.39 1 = FOG OR MIST
DPTR FM NORMAL: -8.1 DPTR FM NORMAL: -1.02 2 = FOG REDUCING VISIBILITY
HIGHEST: 40 ON 19, 1 GRTST 24HR 0.24 ON 17-17 TO 1/4 MILE OR LESS
LOWEST: -21 ON 27,22 3 = THUNDER
SNOW, ICE PELLETS, HAIL 4 = ICE PELLETS
TOTAL MONTH: M 5 = HAIL
GRTST 24HR M ON M 6 = FREEZING RAIN OR DRIZZLE
GRTST DEPTH: M ON M 7 = DUSTSTORM OR SANDSTORM:
VSBY 1/2 MILE OR LESS
8 = SMOKE OR HAZE
[NO. OF DAYS WITH] [WEATHER - DAYS WITH] 9 = BLOWING SNOW
X = TORNADO
MAX 32 OR BELOW: 24 0.01 INCH OR MORE: 7
MAX 90 OR ABOVE: 0 0.10 INCH OR MORE: 1
MIN 32 OR BELOW: 31 0.50 INCH OR MORE: 0
MIN 0 OR BELOW: 18 1.00 INCH OR MORE: 0
[HDD (BASE 65) ]
TOTAL THIS MO. 1664 CLEAR (SCALE 0-3) 11
DPTR FM NORMAL 242 PTCLDY (SCALE 4-7) 11
TOTAL FM JUL 1 4165 CLOUDY (SCALE 8-10) 9
DPTR FM NORMAL -53
[CDD (BASE 65) ]
TOTAL THIS MO. 0
DPTR FM NORMAL 0 [PRESSURE DATA]
TOTAL FM JAN 1 0 HIGHEST SLP 30.73 ON 21
DPTR FM NORMAL 0 LOWEST SLP 28.98 ON 17
[REMARKS]
#FINAL-01-22#