000
CXUS52 KMFL 011030
CF6PBI
PRELIMINARY LOCAL CLIMATOLOGICAL DATA (WS FORM: F-6)
STATION: WEST PALM BEACH
MONTH: APRIL
YEAR: 2023
LATITUDE: 26 40 N
LONGITUDE: 80 7 W
TEMPERATURE IN F: :PCPN: SNOW: WIND :SUNSHINE: SKY :PK WND
================================================================================
1 2 3 4 5 6A 6B 7 8 9 10 11 12 13 14 15 16 17 18
12Z AVG MX 2MIN
DY MAX MIN AVG DEP HDD CDD WTR SNW DPTH SPD SPD DIR MIN PSBL S-S WX SPD DR
================================================================================
1 89 74 82 9 0 17 T 0.0 0 11.7 22 140 M M 6 28 140
2 89 70 80 7 0 15 T 0.0 0 8.1 17 140 M M 5 1 20 130
3 89 74 82 9 0 17 0.00 0.0 0 9.8 20 130 M M 5 25 130
4 90 74 82 9 0 17 0.00 0.0 0 8.5 17 130 M M 5 23 160
5 87 77 82 9 0 17 0.00 0.0 0 14.0 23 120 M M 4 29 100
6 87 77 82 8 0 17 0.00 0.0 0 14.3 22 100 M M 5 26 110
7 85 77 81 7 0 16 T 0.0 0 12.8 20 110 M M 4 23 110
8 88 74 81 7 0 16 T 0.0 0 12.7 18 130 M M 5 25 130
9 85 70 78 4 0 13 T 0.0 0 11.5 22 350 M M 7 26 20
10 83 67 75 1 0 10 0.46 0.0 0 17.3 31 70 M M 8 1 39 80
11 79 71 75 1 0 10 0.09 0.0 0 20.3 29 70 M M 8 18 38 60
12 77 69 73 -1 0 8 1.72 0.0 0 20.7 31 90 M M 10 13 39 80
13 87 70 79 5 0 14 0.04 0.0 0 11.1 21 140 M M 7 3 26 140
14 87 68 78 3 0 13 0.03 0.0 0 6.7 20 140 M M 6 3 23 150
15 89 70 80 5 0 15 0.00 0.0 0 6.9 20 130 M M 3 24 110
16 89 68 79 4 0 14 4.97 0.0 0 9.4 28 300 M M 7 123 37 230
17 82 67 75 0 0 10 0.28 0.0 0 9.0 18 10 M M 8 13 23 350
18 82 64 73 -2 0 8 0.00 0.0 0 10.0 18 30 M M 5 27 40
19 81 64 73 -2 0 8 0.00 0.0 0 10.1 20 80 M M 6 26 60
20 83 75 79 3 0 14 0.00 0.0 0 12.6 20 80 M M 5 25 80
21 84 76 80 4 0 15 0.00 0.0 0 10.4 16 110 M M 4 22 100
22 85 70 78 2 0 13 0.00 0.0 0 7.1 16 130 M M 6 20 110
23 87 72 80 4 0 15 T 0.0 0 7.2 17 50 M M 4 3 21 70
24 82 67 75 -1 0 10 1.53 0.0 0 9.4 25 200 M M 7 13 34 200
25 87 70 79 3 0 14 0.05 0.0 0 10.9 24 290 M M 7 13 30 290
26 87 67 77 1 0 12 0.07 0.0 0 8.0 29 50 M M 5 13 37 60
27 88 69 79 3 0 14 0.00 0.0 0 10.5 22 150 M M 4 28 160
28 87 69 78 2 0 13 0.88 0.0 0 7.3 30 90 M M 6 13 37 80
29 89 74 82 5 0 17 0.00 0.0 0 10.1 25 150 M M 5 3 32 150
30 85 69 77 0 0 12 1.01 0.0 0 17.6 33 220 M M 5 13 43 230
================================================================================
SM 2569 2123 0 404 11.13 0.0 336.0 M 172
================================================================================
AV 85.6 70.8 11.2 FASTST M M 6 MAX(MPH)
MISC ----> 33 220 43 230
================================================================================
NOTES:
# LAST OF SEVERAL OCCURRENCES
COLUMN 17 PEAK WIND IN M.P.H.
PRELIMINARY LOCAL CLIMATOLOGICAL DATA (WS FORM: F-6) , PAGE 2
STATION: WEST PALM BEACH
MONTH: APRIL
YEAR: 2023
LATITUDE: 26 40 N
LONGITUDE: 80 7 W
[TEMPERATURE DATA] [PRECIPITATION DATA] SYMBOLS USED IN COLUMN 16
AVERAGE MONTHLY: 78.2 TOTAL FOR MONTH: 11.13 1 = FOG OR MIST
DPTR FM NORMAL: 3.3 DPTR FM NORMAL: 7.45 2 = FOG REDUCING VISIBILITY
HIGHEST: 90 ON 4 GRTST 24HR 5.25 ON 16-17 TO 1/4 MILE OR LESS
LOWEST: 64 ON 19,18 3 = THUNDER
SNOW, ICE PELLETS, HAIL 4 = ICE PELLETS
TOTAL MONTH: 0.0 INCH 5 = HAIL
GRTST 24HR 0.0 6 = FREEZING RAIN OR DRIZZLE
GRTST DEPTH: 0 7 = DUSTSTORM OR SANDSTORM:
VSBY 1/2 MILE OR LESS
8 = SMOKE OR HAZE
[NO. OF DAYS WITH] [WEATHER - DAYS WITH] 9 = BLOWING SNOW
X = TORNADO
MAX 32 OR BELOW: 0 0.01 INCH OR MORE: 12
MAX 90 OR ABOVE: 1 0.10 INCH OR MORE: 7
MIN 32 OR BELOW: 0 0.50 INCH OR MORE: 5
MIN 0 OR BELOW: 0 1.00 INCH OR MORE: 4
[HDD (BASE 65) ]
TOTAL THIS MO. 0 CLEAR (SCALE 0-3) 1
DPTR FM NORMAL -3 PTCLDY (SCALE 4-7) 27
TOTAL FM JUL 1 94 CLOUDY (SCALE 8-10) 2
DPTR FM NORMAL -105
[CDD (BASE 65) ]
TOTAL THIS MO. 404
DPTR FM NORMAL 106 [PRESSURE DATA]
TOTAL FM JAN 1 1204 HIGHEST SLP 30.20 ON 6
DPTR FM NORMAL 442 LOWEST SLP 29.70 ON 30
[REMARKS]
#FINAL-04-23#