000
CXUS52 KFFC 011010
CF6PDK
PRELIMINARY LOCAL CLIMATOLOGICAL DATA (WS FORM: F-6)
STATION: DEKALB PEACHTREE AIRPORT
MONTH: AUGUST
YEAR: 2022
LATITUDE: 33 52 N
LONGITUDE: 84 18 W
TEMPERATURE IN F: :PCPN: SNOW: WIND :SUNSHINE: SKY :PK WND
================================================================================
1 2 3 4 5 6A 6B 7 8 9 10 11 12 13 14 15 16 17 18
12Z AVG MX 2MIN
DY MAX MIN AVG DEP HDD CDD WTR SNW DPTH SPD SPD DIR MIN PSBL S-S WX SPD DR
================================================================================
1 83 71 77 -3 0 12 0.00 M M 4.1 14 280 M M 4 1 20 290
2 91 71 81 1 0 16 0.00 M M 5.6 14 240 M M 3 3 22 240
3 91 72 82 2 0 17 0.01 M M 2.9 10 80 M M 2 3 20 110
4 89 70 80 0 0 15 0.16 M M 1.8 15 140 M M 2 138 23 160
5 90 72 81 1 0 16 0.01 M M 3.2 20 230 M M 2 3 30 220
6 91 70 81 1 0 16 1.17 M M 1.8 18 10 M M 5 138 25 20
7 90 69 80 0 0 15 0.00 M M 2.3 15 230 M M 3 13 20 230
8 88 70 79 -1 0 14 0.21 M M 2.4 13 340 M M 1 13 16 10
9 87 72 80 0 0 15 0.05 M M 4.4 20 190 M M 3 13 29 190
10 85 70 78 -1 0 13 0.93 M M 3.0 15 150 M M 4 1238 25 140
11 85 71 78 -1 0 13 0.44 M M 2.8 18 220 M M 3 13 24 220
12 88 70 79 0 0 14 0.06 M M 5.6 13 320 M M 4 1 18 300
13 83 68 76 -3 0 11 0.00 M M 2.4 12 140 M M 4 17 140
14 87 65 76 -3 0 11 0.00 M M 3.1 13 230 M M 3 1 16 220
15 89 70 80 1 0 15 0.12 M M 6.1 23 260 M M 2 13 41 280
16 87 67 77 -2 0 12 0.00 M M 3.9 14 330 M M 3 1 19 330
17 80 68 74 -5 0 9 0.40 M M 2.4 13 210 M M 8 1 16 210
18 81 68 75 -4 0 10 0.00 M M 1.3 7 70 M M 8 1 18 100
19 77 70 74 -4 0 9 0.40 M M 2.0 9 150 M M 9 1 15 160
20 85 69 77 -1 0 12 0.58 M M 2.5 21 180 M M 6 13 34 170
21 85 69 77 -1 0 12 0.01 M M 3.7 14 10 M M 6 1 19 340
22 82 73 78 0 0 13 0.00 M M 4.6 13 270 M M 5 3 17 270
23 87 72 80 2 0 15 0.00 M M 4.2 9 340 M M 4 1 17 20
24 86 73 80 2 0 15 0.00 M M 2.1 15 180 M M 8 21 160
25 84 70 77 -1 0 12 0.26 M M 2.6 12 210 M M 6 1 15 190
26 88 70 79 1 0 14 0.02 M M 2.2 10 280 M M 5 1 14 280
27 89 71 80 3 0 15 0.06 M M 2.0 10 20 M M 3 13 19 50
28 88 69 79 2 0 14 0.01 M M 1.9 9 140 M M 2 3 16 170
29 89 70 80 3 0 15 0.00 M M 1.6 8 130 M M 2 8 15 140
30 89 70 80 3 0 15 0.14 M M 1.4 13 320 M M 4 13 31 280
31 89 66 78 1 0 13 0.00 M M 4.1 12 280 M M 2 1 18 290
================================================================================
SM 2683 2166 0 418 5.04 M 94.0 M 126
================================================================================
AV 86.5 69.9 3.0 FASTST M M 4 MAX(MPH)
MISC ----> 23 260 41 280
================================================================================
NOTES:
# LAST OF SEVERAL OCCURRENCES
COLUMN 17 PEAK WIND IN M.P.H.
PRELIMINARY LOCAL CLIMATOLOGICAL DATA (WS FORM: F-6) , PAGE 2
STATION: DEKALB PEACHTREE AIRPORT
MONTH: AUGUST
YEAR: 2022
LATITUDE: 33 52 N
LONGITUDE: 84 18 W
[TEMPERATURE DATA] [PRECIPITATION DATA] SYMBOLS USED IN COLUMN 16
AVERAGE MONTHLY: 78.2 TOTAL FOR MONTH: 5.04 1 = FOG OR MIST
DPTR FM NORMAL: -0.4 DPTR FM NORMAL: 0.53 2 = FOG REDUCING VISIBILITY
HIGHEST: 91 ON 6, 3 GRTST 24HR 1.17 ON 6- 6 TO 1/4 MILE OR LESS
LOWEST: 65 ON 14 3 = THUNDER
SNOW, ICE PELLETS, HAIL 4 = ICE PELLETS
TOTAL MONTH: M 5 = HAIL
GRTST 24HR M ON M 6 = FREEZING RAIN OR DRIZZLE
GRTST DEPTH: M ON M 7 = DUSTSTORM OR SANDSTORM:
VSBY 1/2 MILE OR LESS
8 = SMOKE OR HAZE
[NO. OF DAYS WITH] [WEATHER - DAYS WITH] 9 = BLOWING SNOW
X = TORNADO
MAX 32 OR BELOW: 0 0.01 INCH OR MORE: 19
MAX 90 OR ABOVE: 5 0.10 INCH OR MORE: 11
MIN 32 OR BELOW: 0 0.50 INCH OR MORE: 3
MIN 0 OR BELOW: 0 1.00 INCH OR MORE: 1
[HDD (BASE 65) ]
TOTAL THIS MO. 0 CLEAR (SCALE 0-3) 12
DPTR FM NORMAL 0 PTCLDY (SCALE 4-7) 17
TOTAL FM JUL 1 0 CLOUDY (SCALE 8-10) 2
DPTR FM NORMAL 0
[CDD (BASE 65) ]
TOTAL THIS MO. 418
DPTR FM NORMAL -5 [PRESSURE DATA]
TOTAL FM JAN 1 1616 HIGHEST SLP 30.24 ON 7
DPTR FM NORMAL 186 LOWEST SLP 29.80 ON 15
[REMARKS]
#FINAL-08-22#