000
CXUS52 KFFC 011533
CF6PDK
PRELIMINARY LOCAL CLIMATOLOGICAL DATA (WS FORM: F-6)
STATION: DEKALB PEACHTREE AIRPORT
MONTH: NOVEMBER
YEAR: 2021
LATITUDE: 33 52 N
LONGITUDE: 84 18 W
TEMPERATURE IN F: :PCPN: SNOW: WIND :SUNSHINE: SKY :PK WND
================================================================================
1 2 3 4 5 6A 6B 7 8 9 10 11 12 13 14 15 16 17 18
12Z AVG MX 2MIN
DY MAX MIN AVG DEP HDD CDD WTR SNW DPTH SPD SPD DIR MIN PSBL S-S WX SPD DR
================================================================================
1 72 42 57 1 8 0 0.00 M M 2.0 12 330 M M 0 1 16 340
2 70 43 57 2 8 0 0.00 M M 4.9 15 340 M M 0 1 20 340
3 57 42 50 -5 15 0 T M M 3.9 10 100 M M 5 23 40
4 47 44 46 -9 19 0 0.01 M M 3.5 9 30 M M 10 1 16 50
5 54 42 48 -6 17 0 0.00 M M 2.9 10 40 M M 3 20 50
6 61 41 51 -3 14 0 0.00 M M 6.2 14 10 M M 0 21 30
7 67 33 50 -4 15 0 0.00 M M 4.0 13 320 M M 0 1 16 330
8 76 35 56 2 9 0 0.00 M M 0.9 7 320 M M 0 10 360
9 77 38 58 5 7 0 0.00 M M 0.7 8 230 M M 0 1 13 220
10 77 44 61 8 4 0 0.00 M M 1.6 9 190 M M 0 1 13 220
11 72 51 62 9 3 0 0.50 M M 5.3 16 320 M M 8 1 21 320
12 68 43 56 4 9 0 0.00 M M 3.6 12 290 M M 0 1 18 290
13 54 39 47 -5 18 0 0.00 M M 7.8 18 310 M M 0 25 280
14 58 31 45 -7 20 0 0.00 M M 6.1 14 270 M M 0 19 270
15 61 36 49 -3 16 0 0.00 M M 5.0 15 290 M M 0 24 290
16 72 35 54 3 11 0 0.00 M M 2.3 13 230 M M 2 1 17 240
17 72 44 58 7 7 0 0.00 M M 2.3 12 190 M M 0 12 16 160
18 75 44 60 9 5 0 0.00 M M 6.7 21 320 M M 4 1 31 310
19 63 35 49 -1 16 0 0.00 M M 5.8 16 330 M M 0 22 340
20 58 37 48 -2 17 0 0.00 M M 4.2 13 80 M M 1 26 90
21 63 44 54 4 11 0 0.00 M M 2.6 7 160 M M 7 13 60
22 60 39 50 0 15 0 0.41 M M 9.9 21 330 M M 5 1 29 310
23 54 29 42 -8 23 0 0.00 M M 6.1 13 310 M M 0 18 320
24 58 28 43 -6 22 0 0.00 M M 1.3 9 190 M M 0 13 200
25 64 31 48 -1 17 0 0.05 M M 4.6 15 230 M M 2 1 20 250
26 55 37 46 -3 19 0 0.04 M M 11.5 21 330 M M 3 1 31 300
27 61 32 47 -2 18 0 0.00 M M 3.7 12 270 M M 0 19 270
28 60 35 48 0 17 0 0.00 0.0 M 6.1 15 330 M M 0 22 340
29 53 35 44 -4 21 0 0.00 M M 9.0 15 320 M M 0 22 310
30 65 28 47 -1 18 0 0.00 M M 2.9 14 270 M M 0 20 260
================================================================================
SM 1904 1137 419 0 1.01 0.0 137.4 M 50
================================================================================
AV 63.5 37.9 4.6 FASTST M M 2 MAX(MPH)
MISC ----> # 21 320 # 31 310
================================================================================
NOTES:
# LAST OF SEVERAL OCCURRENCES
COLUMN 17 PEAK WIND IN M.P.H.
PRELIMINARY LOCAL CLIMATOLOGICAL DATA (WS FORM: F-6) , PAGE 2
STATION: DEKALB PEACHTREE AIRPORT
MONTH: NOVEMBER
YEAR: 2021
LATITUDE: 33 52 N
LONGITUDE: 84 18 W
[TEMPERATURE DATA] [PRECIPITATION DATA] SYMBOLS USED IN COLUMN 16
AVERAGE MONTHLY: 50.7 TOTAL FOR MONTH: 1.01 1 = FOG OR MIST
DPTR FM NORMAL: -0.8 DPTR FM NORMAL: -3.20 2 = FOG REDUCING VISIBILITY
HIGHEST: 77 ON 10, 9 GRTST 24HR 0.50 ON 11-11 TO 1/4 MILE OR LESS
LOWEST: 28 ON 30,24 3 = THUNDER
SNOW, ICE PELLETS, HAIL 4 = ICE PELLETS
TOTAL MONTH: 0.0 INCH 5 = HAIL
GRTST 24HR 0.0 6 = FREEZING RAIN OR DRIZZLE
GRTST DEPTH: M ON M 7 = DUSTSTORM OR SANDSTORM:
VSBY 1/2 MILE OR LESS
8 = SMOKE OR HAZE
[NO. OF DAYS WITH] [WEATHER - DAYS WITH] 9 = BLOWING SNOW
X = TORNADO
MAX 32 OR BELOW: 0 0.01 INCH OR MORE: 5
MAX 90 OR ABOVE: 0 0.10 INCH OR MORE: 2
MIN 32 OR BELOW: 6 0.50 INCH OR MORE: 1
MIN 0 OR BELOW: 0 1.00 INCH OR MORE: 0
[HDD (BASE 65) ]
TOTAL THIS MO. 419 CLEAR (SCALE 0-3) 23
DPTR FM NORMAL 13 PTCLDY (SCALE 4-7) 6
TOTAL FM JUL 1 514 CLOUDY (SCALE 8-10) 1
DPTR FM NORMAL -48
[CDD (BASE 65) ]
TOTAL THIS MO. 0
DPTR FM NORMAL -3 [PRESSURE DATA]
TOTAL FM JAN 1 1727 HIGHEST SLP 30.51 ON 20
DPTR FM NORMAL 1 LOWEST SLP 29.90 ON 11
[REMARKS]
#FINAL-11-21#