000
CXUS52 KFFC 011010
CF6PDK
PRELIMINARY LOCAL CLIMATOLOGICAL DATA (WS FORM: F-6)
STATION: DEKALB PEACHTREE AIRPORT
MONTH: OCTOBER
YEAR: 2023
LATITUDE: 33 52 N
LONGITUDE: 84 18 W
TEMPERATURE IN F: :PCPN: SNOW: WIND :SUNSHINE: SKY :PK WND
================================================================================
1 2 3 4 5 6A 6B 7 8 9 10 11 12 13 14 15 16 17 18
12Z AVG MX 2MIN
DY MAX MIN AVG DEP HDD CDD WTR SNW DPTH SPD SPD DIR MIN PSBL S-S WX SPD DR
================================================================================
1 83 61 72 4 0 7 0.00 M M 2.7 12 10 M M 2 16 360
2 83 58 71 3 0 6 0.00 M M 1.9 9 130 M M 1 15 120
3 83 57 70 3 0 5 0.00 M M 2.0 9 20 M M 0 15 80
4 83 58 71 4 0 6 0.00 M M 1.3 12 120 M M 0 18 130
5 80 58 69 3 0 4 0.00 M M 1.4 10 80 M M 0 17 70
6 78 64 71 5 0 6 0.10 M M 4.0 13 360 M M 8 1 17 320
7 69 50 60 -6 5 0 0.00 M M 11.4 21 310 M M 1 29 290
8 67 42 55 -10 10 0 0.00 M M 6.5 16 300 M M 0 8 24 360
9 75 41 58 -7 7 0 0.00 M M 5.6 18 210 M M 0 36 220
10 82 48 65 1 0 0 0.00 M M 7.5 20 220 M M 0 27 220
11 70 59 65 1 0 0 0.43 M M 1.7 8 120 M M 4 1 17 130
12 69 58 64 1 1 0 0.40 M M 4.7 13 40 M M 10 1 24 70
13 67 60 64 1 1 0 0.11 M M 2.4 9 100 M M 10 18 23 120
14 74 60 67 4 0 2 0.00 M M 8.8 25 340 M M 6 1 36 340
15 63 50 57 -5 8 0 0.00 M M 10.8 20 320 M M 7 27 320
16 58 44 51 -11 14 0 0.00 M M 9.8 17 330 M M 3 27 320
17 66 41 54 -7 11 0 0.00 M M 3.1 10 280 M M 0 16 250
18 70 41 56 -5 9 0 0.00 M M 1.7 9 180 M M 1 14 220
19 72 45 59 -2 6 0 0.01 M M 3.4 16 220 M M 4 20 220
20 74 54 64 4 1 0 0.07 M M 8.3 21 260 M M 6 13 30 270
21 74 48 61 1 4 0 0.00 M M 7.0 16 240 M M 0 22 240
22 77 50 64 5 1 0 0.00 M M 7.0 15 310 M M 0 25 320
23 73 41 57 -2 8 0 0.00 M M 1.6 8 170 M M 0 14 160
24 73 47 60 1 5 0 0.00 M M 2.5 8 110 M M 0 16 70
25 75 47 61 3 4 0 0.00 M M 2.2 9 150 M M 4 14 160
26 78 56 67 9 0 2 0.00 M M 2.1 12 170 M M 4 17 130
27 79 54 67 9 0 2 0.00 M M 1.5 9 170 M M 3 1 13 170
28 81 53 67 10 0 2 0.00 M M 2.0 8 180 M M 0 1 13 190
29 82 53 68 11 0 3 0.00 M M 3.2 16 230 M M 2 1 22 260
30 82 51 67 11 0 2 0.00 M M 8.0 20 330 M M 4 1 31 320
31 61 43 52 -4 13 0 0.00 M M 11.7 21 340 M M 3 31 340
================================================================================
SM 2301 1592 108 47 1.12 M 147.8 M 83
================================================================================
AV 74.2 51.4 4.8 FASTST M M 3 MAX(MPH)
MISC ----> 25 340 # 36 220
================================================================================
NOTES:
# LAST OF SEVERAL OCCURRENCES
COLUMN 17 PEAK WIND IN M.P.H.
PRELIMINARY LOCAL CLIMATOLOGICAL DATA (WS FORM: F-6) , PAGE 2
STATION: DEKALB PEACHTREE AIRPORT
MONTH: OCTOBER
YEAR: 2023
LATITUDE: 33 52 N
LONGITUDE: 84 18 W
[TEMPERATURE DATA] [PRECIPITATION DATA] SYMBOLS USED IN COLUMN 16
AVERAGE MONTHLY: 62.8 TOTAL FOR MONTH: 1.12 1 = FOG OR MIST
DPTR FM NORMAL: 0.9 DPTR FM NORMAL: -2.27 2 = FOG REDUCING VISIBILITY
HIGHEST: 83 ON 4, 3 GRTST 24HR 0.83 ON 11-12 TO 1/4 MILE OR LESS
LOWEST: 41 ON 23,18 3 = THUNDER
SNOW, ICE PELLETS, HAIL 4 = ICE PELLETS
TOTAL MONTH: M 5 = HAIL
GRTST 24HR M ON M 6 = FREEZING RAIN OR DRIZZLE
GRTST DEPTH: M ON M 7 = DUSTSTORM OR SANDSTORM:
VSBY 1/2 MILE OR LESS
8 = SMOKE OR HAZE
[NO. OF DAYS WITH] [WEATHER - DAYS WITH] 9 = BLOWING SNOW
X = TORNADO
MAX 32 OR BELOW: 0 0.01 INCH OR MORE: 6
MAX 90 OR ABOVE: 0 0.10 INCH OR MORE: 4
MIN 32 OR BELOW: 0 0.50 INCH OR MORE: 0
MIN 0 OR BELOW: 0 1.00 INCH OR MORE: 0
[HDD (BASE 65) ]
TOTAL THIS MO. 108 CLEAR (SCALE 0-3) 20
DPTR FM NORMAL -38 PTCLDY (SCALE 4-7) 8
TOTAL FM JUL 1 108 CLOUDY (SCALE 8-10) 3
DPTR FM NORMAL -49
[CDD (BASE 65) ]
TOTAL THIS MO. 47
DPTR FM NORMAL -1 [PRESSURE DATA]
TOTAL FM JAN 1 1721 HIGHEST SLP 30.39 ON 25
DPTR FM NORMAL -2 LOWEST SLP 29.64 ON 20
[REMARKS]
#FINAL-10-23#