000
CXUS54 KEWX 011010
CF6PEZ
PRELIMINARY LOCAL CLIMATOLOGICAL DATA (WS FORM: F-6)
STATION: PLEASANTON MUNICIPAL AIRPORT
MONTH: OCTOBER
YEAR: 2021
LATITUDE: 28 57 N
LONGITUDE: 98 31 W
TEMPERATURE IN F: :PCPN: SNOW: WIND :SUNSHINE: SKY :PK WND
================================================================================
1 2 3 4 5 6A 6B 7 8 9 10 11 12 13 14 15 16 17 18
12Z AVG MX 2MIN
DY MAX MIN AVG DEP HDD CDD WTR SNW DPTH SPD SPD DIR MIN PSBL S-S WX SPD DR
================================================================================
1 84 69 77 M 0 12 0.86 M M 7.0 12 110 M M 4 21 20
2 90 71 81 M 0 16 0.00 M M 1.5 6 130 M M 5 1 M M
3 94 72 83 M 0 18 0.00 M M 3.7 12 80 M M 4 1 16 70
4 92 65 79 M 0 14 0.00 M M 2.9 10 50 M M 2 17 60
5 93 61 77 M 0 12 0.00 M M 1.4 7 40 M M 0 M M
6 92 61 77 M 0 12 0.00 M M 1.6 7 150 M M 2 M M
7 92 62 77 M 0 12 0.00 M M 3.3 10 180 M M 0 20 190
8 92 62 77 M 0 12 0.00 M M 2.4 8 80 M M 0 M M
9 91 60 76 M 0 11 0.00 M M 3.4 9 140 M M 1 12 22 160
10 95 70 83 M 0 18 0.00 M M 8.9 16 160 M M 6 23 130
11 90 69 80 M 0 15 0.02 M M 6.5 14 80 M M 8 20 350
12 91 77 84 M 0 19 0.09 M M 9.0 17 130 M M 6 13 23 130
13 92 78 85 M 0 20 0.56 M M 9.7 13 150 M M 9 22 160
14 91 73 82 M 0 17 0.05 M M 3.0 9 80 M M 6 M M
15 94 71 83 M 0 18 0.00 M M 4.5 14 360 M M 6 1 21 10
16 78 57 68 M 0 3 0.00 M M 8.3 16 40 M M 1 22 40
17 77 50 64 M 1 0 0.00 M M 2.2 7 40 M M 0 M M
18 82 49 66 M 0 1 0.00 M M 4.3 12 150 M M 0 20 130
19 87 59 73 M 0 8 0.00 M M 4.6 12 160 M M 1 20 160
20 89 65 77 M 0 12 0.00 M M 2.6 7 90 M M 3 16 210
21 88 64 76 M 0 11 0.00 M M 1.6 7 40 M M 1 M M
22 88 63 76 M 0 11 0.00 M M 3.0 14 80 M M 1 1 17 90
23 91 68 80 M 0 15 0.00 M M 4.9 12 140 M M 5 12 18 140
24 91 73 82 M 0 17 0.00 M M 3.6 7 120 M M 6 M M
25 92 74 83 M 0 18 0.00 M M 4.5 9 120 M M 4 1 22 90
26 91 74 83 M 0 18 0.00 M M 8.5 16 130 M M 7 1 25 150
27 85 55 70 M 0 5 0.06 M M 12.4 28 290 M M 3 36 300
28 84 50 67 M 0 2 0.00 M M 8.8 21 350 M M 0 31 330
29 81 49 65 M 0 0 0.00 M M 8.3 21 330 M M 0 30 330
30 85 43 64 M 1 0 0.00 M M 2.5 13 170 M M 0 16 170
31 89 46 68 M 0 3 0.00 M M 4.8 14 120 M M 0 26 140
================================================================================
SM 2751 1960 2 350 1.64 M 153.8 M 91
================================================================================
AV 88.7 63.2 5.0 FASTST M M 3 MAX(MPH)
MISC ----> 28 290 36 300
================================================================================
NOTES:
# LAST OF SEVERAL OCCURRENCES
COLUMN 17 PEAK WIND IN M.P.H.
PRELIMINARY LOCAL CLIMATOLOGICAL DATA (WS FORM: F-6) , PAGE 2
STATION: PLEASANTON MUNICIPAL AIRPORT
MONTH: OCTOBER
YEAR: 2021
LATITUDE: 28 57 N
LONGITUDE: 98 31 W
[TEMPERATURE DATA] [PRECIPITATION DATA] SYMBOLS USED IN COLUMN 16
AVERAGE MONTHLY: 76.0 TOTAL FOR MONTH: 1.64 1 = FOG OR MIST
DPTR FM NORMAL: 0.0 DPTR FM NORMAL: M 2 = FOG REDUCING VISIBILITY
HIGHEST: 95 ON 10 GRTST 24HR 0.86 ON 1- 1 TO 1/4 MILE OR LESS
LOWEST: 43 ON 30 3 = THUNDER
SNOW, ICE PELLETS, HAIL 4 = ICE PELLETS
TOTAL MONTH: M 5 = HAIL
GRTST 24HR M ON M 6 = FREEZING RAIN OR DRIZZLE
GRTST DEPTH: M ON M 7 = DUSTSTORM OR SANDSTORM:
VSBY 1/2 MILE OR LESS
8 = SMOKE OR HAZE
[NO. OF DAYS WITH] [WEATHER - DAYS WITH] 9 = BLOWING SNOW
X = TORNADO
MAX 32 OR BELOW: 0 0.01 INCH OR MORE: 6
MAX 90 OR ABOVE: 18 0.10 INCH OR MORE: 2
MIN 32 OR BELOW: 0 0.50 INCH OR MORE: 2
MIN 0 OR BELOW: 0 1.00 INCH OR MORE: 0
[HDD (BASE 65) ]
TOTAL THIS MO. 2 CLEAR (SCALE 0-3) 17
DPTR FM NORMAL M PTCLDY (SCALE 4-7) 13
TOTAL FM JUL 1 2 CLOUDY (SCALE 8-10) 1
DPTR FM NORMAL M
[CDD (BASE 65) ]
TOTAL THIS MO. 350
DPTR FM NORMAL M [PRESSURE DATA]
TOTAL FM JAN 1 3294 HIGHEST SLP M ON M
DPTR FM NORMAL M LOWEST SLP M ON M
[REMARKS]
#FINAL-10-21#