000
CXUS56 KFGZ 010910
CF6PGA
PRELIMINARY LOCAL CLIMATOLOGICAL DATA (WS FORM: F-6)
STATION: PAGE AZ AIRPORT
MONTH: MAY
YEAR: 2022
LATITUDE: 36 55 N
LONGITUDE: 111 27 W
TEMPERATURE IN F: :PCPN: SNOW: WIND :SUNSHINE: SKY :PK WND
================================================================================
1 2 3 4 5 6A 6B 7 8 9 10 11 12 13 14 15 16 17 18
12Z AVG MX 2MIN
DY MAX MIN AVG DEP HDD CDD WTR SNW DPTH SPD SPD DIR MIN PSBL S-S WX SPD DR
================================================================================
1 82 51 67 3 0 2 0.00 M M 10.0 28 280 M M 1 8 46 280
2 80 51 66 2 0 1 0.00 M M 5.0 15 290 M M 0 23 330
3 73 53 63 -1 2 0 0.00 M M 10.5 24 280 M M 1 41 300
4 71 49 60 -5 5 0 0.00 M M 6.4 16 70 M M 0 24 80
5 82 48 65 0 0 0 0.00 M M 4.1 13 250 M M 0 23 240
6 93 61 77 12 0 12 0.00 M M 5.7 14 260 M M 0 8 22 290
7 91 72 82 16 0 17 0.00 M M 10.4 22 250 M M 1 8 36 240
8 84 66 75 9 0 10 0.00 M M 13.7 29 210 M M 0 8 49 230
9 78 54 66 0 0 1 0.00 M M 11.5 26 220 M M 0 42 220
10 80 56 68 1 0 3 0.00 M M 10.9 24 180 M M 0 36 180
11 81 51 66 -1 0 1 0.00 M M 13.6 31 190 M M 0 8 51 190
12 71 46 59 -9 6 0 0.00 M M 5.2 17 240 M M 0 31 280
13 81 50 66 -2 0 1 0.00 M M 3.2 12 120 M M 0 17 110
14 91 56 74 6 0 9 0.00 M M 4.2 12 110 M M 0 16 120
15 96 59 78 9 0 13 0.00 M M 4.7 14 60 M M 0 18 20
16 94 67 81 12 0 16 0.00 M M 4.8 15 310 M M 0 22 220
17 93 65 79 10 0 14 0.00 M M 4.1 14 270 M M 0 21 270
18 91 67 79 9 0 14 0.00 M M 4.3 10 280 M M 0 17 200
19 93 68 81 11 0 16 0.00 M M 9.5 23 270 M M 0 38 280
20 78 59 69 -2 0 4 0.00 M M 12.2 23 220 M M 1 36 220
21 74 54 64 -7 1 0 0.00 M M 7.5 16 30 M M 2 21 40
22 85 53 69 -2 0 4 0.00 M M 5.2 17 280 M M 0 28 290
23 79 61 70 -2 0 5 0.00 M M 7.7 17 340 M M 1 23 300
24 84 56 70 -2 0 5 0.00 M M 5.4 22 330 M M 0 32 320
25 88 58 73 1 0 8 0.00 M M 4.3 13 70 M M 0 19 60
26 97 61 79 6 0 14 0.00 M M 4.1 14 140 M M 0 22 10
27 95 66 81 8 0 16 0.00 M M 6.1 16 280 M M 0 25 270
28 92 74 83 9 0 18 0.00 M M 11.2 22 190 M M 0 8 36 200
29 81 61 71 -3 0 6 0.00 M M 11.5 25 290 M M 0 8 42 280
30 75 53 64 -10 1 0 0.00 M M 7.8 22 300 M M 0 34 310
31 80 52 66 -9 0 1 0.00 M M 6.6 17 340 M M 0 22 340
================================================================================
SM 2613 1798 15 211 0.00 M 231.4 M 7
================================================================================
AV 84.3 58.0 7.5 FASTST M M 0 MAX(MPH)
MISC ----> 31 190 51 190
================================================================================
NOTES:
# LAST OF SEVERAL OCCURRENCES
COLUMN 17 PEAK WIND IN M.P.H.
PRELIMINARY LOCAL CLIMATOLOGICAL DATA (WS FORM: F-6) , PAGE 2
STATION: PAGE AZ AIRPORT
MONTH: MAY
YEAR: 2022
LATITUDE: 36 55 N
LONGITUDE: 111 27 W
[TEMPERATURE DATA] [PRECIPITATION DATA] SYMBOLS USED IN COLUMN 16
AVERAGE MONTHLY: 71.1 TOTAL FOR MONTH: 0.00 1 = FOG OR MIST
DPTR FM NORMAL: 2.0 DPTR FM NORMAL: -0.41 2 = FOG REDUCING VISIBILITY
HIGHEST: 97 ON 26 GRTST 24HR 0.00 ON 1- 1 TO 1/4 MILE OR LESS
LOWEST: 46 ON 12 3 = THUNDER
SNOW, ICE PELLETS, HAIL 4 = ICE PELLETS
TOTAL MONTH: M 5 = HAIL
GRTST 24HR M ON M 6 = FREEZING RAIN OR DRIZZLE
GRTST DEPTH: M ON M 7 = DUSTSTORM OR SANDSTORM:
VSBY 1/2 MILE OR LESS
8 = SMOKE OR HAZE
[NO. OF DAYS WITH] [WEATHER - DAYS WITH] 9 = BLOWING SNOW
X = TORNADO
MAX 32 OR BELOW: 0 0.01 INCH OR MORE: 0
MAX 90 OR ABOVE: 11 0.10 INCH OR MORE: 0
MIN 32 OR BELOW: 0 0.50 INCH OR MORE: 0
MIN 0 OR BELOW: 0 1.00 INCH OR MORE: 0
[HDD (BASE 65) ]
TOTAL THIS MO. 15 CLEAR (SCALE 0-3) 31
DPTR FM NORMAL -37 PTCLDY (SCALE 4-7) 0
TOTAL FM JUL 1 3394 CLOUDY (SCALE 8-10) 0
DPTR FM NORMAL -259
[CDD (BASE 65) ]
TOTAL THIS MO. 211
DPTR FM NORMAL 31 [PRESSURE DATA]
TOTAL FM JAN 1 255 HIGHEST SLP M ON M
DPTR FM NORMAL 47 LOWEST SLP 29.22 ON 8
[REMARKS]
#FINAL-05-22#