000
CXUS53 KUNR 010930
CF6PHP
PRELIMINARY LOCAL CLIMATOLOGICAL DATA (WS FORM: F-6)
STATION: PHILIP SD
MONTH: JUNE
YEAR: 2021
LATITUDE: 44 3 N
LONGITUDE: 101 36 W
TEMPERATURE IN F: :PCPN: SNOW: WIND :SUNSHINE: SKY :PK WND
================================================================================
1 2 3 4 5 6A 6B 7 8 9 10 11 12 13 14 15 16 17 18
12Z AVG MX 2MIN
DY MAX MIN AVG DEP HDD CDD WTR SNW DPTH SPD SPD DIR MIN PSBL S-S WX SPD DR
================================================================================
1 81 50 66 3 0 1 T M M 7.3 20 200 M M 2 28 200
2 86 46 66 3 0 1 0.00 M M 3.8 9 310 M M 2 15 290
3 93 49 71 7 0 6 0.00 M M 5.3 13 290 M M 0 18 290
4 100 51 76 12 0 11 0.00 M M 5.4 13 230 M M 0 20 270
5 103 60 82 18 0 17 0.00 M M 10.5 24 190 M M 0 38 200
6 86 56 71 7 0 6 0.00 M M 14.1 30 340 M M 0 41 320
7 102 54 78 13 0 13 0.00 M M 7.6 21 170 M M 0 29 190
8 98 62 80 15 0 15 0.24 M M 14.5 35 290 M M 1 13 47 280
9 95 63 79 14 0 14 T M M 8.9 21 180 M M 1 3 28 190
10 99 68 84 18 0 19 T M M 13.6 46 230 M M 0 3 66 250
11 80 49 65 -1 0 0 T M M 15.1 38 310 M M 0 3 53 300
12 95 43 69 3 0 4 0.00 M M 9.3 23 200 M M 0 32 160
13 95 65 80 13 0 15 0.00 M M 9.7 25 60 M M 1 33 70
14 94 63 79 12 0 14 0.00 M M 10.8 21 110 M M 0 30 70
15 99 64 82 15 0 17 0.00 M M 12.6 23 130 M M 0 31 120
16 97 60 79 11 0 14 T M M 13.9 36 330 M M 0 47 340
17 92 57 75 7 0 10 0.00 M M 5.8 14 110 M M 0 20 50
18 96 56 76 8 0 11 0.00 M M 6.5 25 30 M M 1 33 30
19 90 51 71 3 0 6 0.20 M M 11.2 28 140 M M 1 13 39 170
20 79 50 65 -4 0 0 T M M 14.0 26 330 M M 5 3 34 330
21 81 46 64 -5 1 0 0.00 M M 9.7 29 330 M M 2 39 320
22 91 43 67 -2 0 2 0.00 M M 5.7 13 140 M M 0 20 110
23 105 52 79 9 0 14 T M M 8.2 32 330 M M 1 3 45 320
24 91 66 79 9 0 14 T M M 8.4 24 70 M M 1 35 20
25 76 59 68 -2 0 3 T M M 6.9 16 350 M M 8 22 350
26 83 54 69 -2 0 4 0.01 M M 10.0 23 320 M M 5 1 34 350
27 88 54 71 0 0 6 0.00 M M 8.5 30 330 M M 3 3 40 330
28 82 54 68 -3 0 3 0.00 M M 7.6 21 40 M M 2 28 40
29 89 49 69 -2 0 4 0.00 M M 4.5 14 220 M M 1 19 220
30 94 54 74 2 0 9 0.00 M M 6.8 17 150 M M 1 26 150
================================================================================
SM 2740 1648 1 253 0.45 M 276.2 M 38
================================================================================
AV 91.3 54.9 9.2 FASTST M M 1 MAX(MPH)
MISC ----> 46 230 66 250
================================================================================
NOTES:
# LAST OF SEVERAL OCCURRENCES
COLUMN 17 PEAK WIND IN M.P.H.
PRELIMINARY LOCAL CLIMATOLOGICAL DATA (WS FORM: F-6) , PAGE 2
STATION: PHILIP SD
MONTH: JUNE
YEAR: 2021
LATITUDE: 44 3 N
LONGITUDE: 101 36 W
[TEMPERATURE DATA] [PRECIPITATION DATA] SYMBOLS USED IN COLUMN 16
AVERAGE MONTHLY: 73.1 TOTAL FOR MONTH: 0.45 1 = FOG OR MIST
DPTR FM NORMAL: 5.7 DPTR FM NORMAL: -2.45 2 = FOG REDUCING VISIBILITY
HIGHEST: 105 ON 23 GRTST 24HR 0.24 ON 8- 8 TO 1/4 MILE OR LESS
LOWEST: 43 ON 22,12 3 = THUNDER
SNOW, ICE PELLETS, HAIL 4 = ICE PELLETS
TOTAL MONTH: M 5 = HAIL
GRTST 24HR M ON M 6 = FREEZING RAIN OR DRIZZLE
GRTST DEPTH: M ON M 7 = DUSTSTORM OR SANDSTORM:
VSBY 1/2 MILE OR LESS
8 = SMOKE OR HAZE
[NO. OF DAYS WITH] [WEATHER - DAYS WITH] 9 = BLOWING SNOW
X = TORNADO
MAX 32 OR BELOW: 0 0.01 INCH OR MORE: 3
MAX 90 OR ABOVE: 19 0.10 INCH OR MORE: 2
MIN 32 OR BELOW: 0 0.50 INCH OR MORE: 0
MIN 0 OR BELOW: 0 1.00 INCH OR MORE: 0
[HDD (BASE 65) ]
TOTAL THIS MO. 1 CLEAR (SCALE 0-3) 26
DPTR FM NORMAL -57 PTCLDY (SCALE 4-7) 4
TOTAL FM JUL 1 6887 CLOUDY (SCALE 8-10) 0
DPTR FM NORMAL -243
[CDD (BASE 65) ]
TOTAL THIS MO. 253
DPTR FM NORMAL 124 [PRESSURE DATA]
TOTAL FM JAN 1 265 HIGHEST SLP 30.16 ON 29
DPTR FM NORMAL 110 LOWEST SLP 29.34 ON 6
[REMARKS]
#FINAL-06-21#