000
CXUS53 KILX 010900
CF6PIA
PRELIMINARY LOCAL CLIMATOLOGICAL DATA (WS FORM: F-6)
STATION: PEORIA IL
MONTH: JULY
YEAR: 2022
LATITUDE: 40 40 N
LONGITUDE: 89 41 W
TEMPERATURE IN F: :PCPN: SNOW: WIND :SUNSHINE: SKY :PK WND
================================================================================
1 2 3 4 5 6A 6B 7 8 9 10 11 12 13 14 15 16 17 18
12Z AVG MX 2MIN
DY MAX MIN AVG DEP HDD CDD WTR SNW DPTH SPD SPD DIR MIN PSBL S-S WX SPD DR
================================================================================
1 76 67 72 -4 0 7 0.33 0.0 0 3.8 14 220 M M 5 13 21 260
2 82 63 73 -3 0 8 0.00 0.0 0 3.2 10 80 M M 0 1 14 80
3 87 60 74 -2 0 9 0.00 0.0 0 4.9 16 140 M M 0 1 22 120
4 92 67 80 4 0 15 T 0.0 0 9.5 20 200 M M 1 27 200
5 98 77 88 12 0 23 0.11 0.0 0 9.4 23 310 M M 0 3 36 300
6 89 73 81 5 0 16 0.03 0.0 0 5.3 15 360 M M 3 25 360
7 80 72 76 0 0 11 0.26 0.0 0 4.0 15 80 M M 7 138 20 90
8 80 70 75 -1 0 10 0.27 0.0 0 6.9 21 70 M M 9 13 30 70
9 83 65 74 -2 0 9 0.00 0.0 0 8.5 16 50 M M 5 23 60
10 83 59 71 -5 0 6 0.00 0.0 0 4.7 12 200 M M 0 16 190
11 88 67 78 2 0 13 T 0.0 0 7.5 16 280 M M 0 3 23 280
12 85 67 76 0 0 11 0.00 0.0 0 6.7 15 300 M M 0 24 280
13 89 65 77 1 0 12 0.00 0.0 0 6.6 17 270 M M 2 24 260
14 86 67 77 1 0 12 T 0.0 0 6.3 12 110 M M 4 17 110
15 80 69 75 -1 0 10 0.43 0.0 0 6.7 17 180 M M 7 1 22 200
16 84 71 78 2 0 13 0.02 0.0 0 7.0 12 50 M M 8 18 18 40
17 82 71 77 1 0 12 0.05 0.0 0 2.5 8 320 M M 6 1 13 280
18 89 67 78 2 0 13 0.00 0.0 0 2.1 9 360 M M 2 12 15 20
19 90 68 79 3 0 14 0.00 0.0 0 8.9 18 190 M M 1 26 180
20 90 72 81 5 0 16 0.00 0.0 0 9.5 22 270 M M 0 29 270
21 94 68 81 5 0 16 0.00 0.0 0 7.7 21 260 M M 0 8 30 250
22 90 64 77 1 0 12 0.00 0.0 0 6.2 15 190 M M 0 19 220
23 98 76 87 11 0 22 0.00 0.0 0 9.5 18 210 M M 1 26 140
24 85 68 77 1 0 12 0.37 0.0 0 8.6 20 310 M M 2 13 33 310
25 83 61 72 -4 0 7 0.00 0.0 M 2.4 7 300 M M 1 11 300
26 76 69 73 -3 0 8 0.00 0.0 0 4.5 12 180 M M 9 15 190
27 87 66 77 1 0 12 0.00 0.0 0 5.6 14 300 M M 6 1 20 300
28 84 64 74 -2 0 9 0.00 0.0 0 4.3 12 290 M M 1 17 270
29 82 60 71 -5 0 6 0.00 0.0 0 4.4 15 280 M M 1 21 280
30 85 59 72 -4 0 7 0.00 0.0 0 2.7 12 230 M M 1 16 210
31 86 62 74 -2 0 9 0.00 0.0 0 7.2 18 210 M M 4 26 190
================================================================================
SM 2663 2074 0 360 1.87 0.0 187.1 M 86
================================================================================
AV 85.9 66.9 6.0 FASTST M M 3 MAX(MPH)
MISC ----> 23 310 36 300
================================================================================
NOTES:
# LAST OF SEVERAL OCCURRENCES
COLUMN 17 PEAK WIND IN M.P.H.
PRELIMINARY LOCAL CLIMATOLOGICAL DATA (WS FORM: F-6) , PAGE 2
STATION: PEORIA IL
MONTH: JULY
YEAR: 2022
LATITUDE: 40 40 N
LONGITUDE: 89 41 W
[TEMPERATURE DATA] [PRECIPITATION DATA] SYMBOLS USED IN COLUMN 16
AVERAGE MONTHLY: 76.4 TOTAL FOR MONTH: 1.87 1 = FOG OR MIST
DPTR FM NORMAL: 0.1 DPTR FM NORMAL: -1.66 2 = FOG REDUCING VISIBILITY
HIGHEST: 98 ON 23, 5 GRTST 24HR 0.47 ON 7- 8 TO 1/4 MILE OR LESS
LOWEST: 59 ON 30,10 3 = THUNDER
SNOW, ICE PELLETS, HAIL 4 = ICE PELLETS
TOTAL MONTH: 0.0 INCH 5 = HAIL
GRTST 24HR 0.0 6 = FREEZING RAIN OR DRIZZLE
GRTST DEPTH: 0 7 = DUSTSTORM OR SANDSTORM:
VSBY 1/2 MILE OR LESS
8 = SMOKE OR HAZE
[NO. OF DAYS WITH] [WEATHER - DAYS WITH] 9 = BLOWING SNOW
X = TORNADO
MAX 32 OR BELOW: 0 0.01 INCH OR MORE: 9
MAX 90 OR ABOVE: 7 0.10 INCH OR MORE: 6
MIN 32 OR BELOW: 0 0.50 INCH OR MORE: 0
MIN 0 OR BELOW: 0 1.00 INCH OR MORE: 0
[HDD (BASE 65) ]
TOTAL THIS MO. 0 CLEAR (SCALE 0-3) 20
DPTR FM NORMAL -1 PTCLDY (SCALE 4-7) 9
TOTAL FM JUL 1 0 CLOUDY (SCALE 8-10) 2
DPTR FM NORMAL 0
[CDD (BASE 65) ]
TOTAL THIS MO. 360
DPTR FM NORMAL 9 [PRESSURE DATA]
TOTAL FM JAN 1 816 HIGHEST SLP 30.21 ON 30
DPTR FM NORMAL 116 LOWEST SLP 29.66 ON 20
[REMARKS]
#FINAL-07-22#