141
CXUS53 KILX 012300
CF6PIA
PRELIMINARY LOCAL CLIMATOLOGICAL DATA (WS FORM: F-6)
STATION: PEORIA IL
MONTH: JUNE
YEAR: 2020
LATITUDE: 40 40 N
LONGITUDE: 89 41 W
TEMPERATURE IN F: :PCPN: SNOW: WIND :SUNSHINE: SKY :PK WND
================================================================================
1 2 3 4 5 6A 6B 7 8 9 10 11 12 13 14 15 16 17 18
12Z AVG MX 2MIN
DY MAX MIN AVG DEP HDD CDD WTR SNW DPTH SPD SPD DIR MIN PSBL S-S WX SPD DR
================================================================================
1 80 62 71 4 0 6 T 0.0 0 12.2 23 190 M M 3 31 180
2 90 62 76 8 0 11 0.00 0.0 0 11.0 22 240 M M 0 30 240
3 85 68 77 9 0 12 0.07 0.0 0 4.3 20 150 M M 3 38 30 160
4 84 67 76 8 0 11 T 0.0 0 5.0 14 240 M M 3 19 240
5 88 66 77 8 0 12 0.00 0.0 0 3.5 18 210 M M 0 1 26 210
6 89 66 78 9 0 13 0.00 0.0 0 7.7 22 90 M M 1 30 80
7 90 61 76 7 0 11 0.00 0.0 0 7.8 18 90 M M 0 28 80
8 92 66 79 9 0 14 0.00 0.0 0 8.3 16 150 M M 0 24 140
9 80 74 77 7 0 12 0.36 0.0 0 14.5 32 220 M M 5 13 44 220
10 77 57 67 -3 0 2 0.01 0.0 0 11.2 25 240 M M 5 13 37 290
11 83 56 70 -1 0 5 0.00 0.0 0 7.9 21 250 M M 1 29 230
12 87 57 72 1 0 7 0.00 0.0 0 3.4 13 50 M M 0 17 50
13 79 56 68 -3 0 3 T 0.0 0 12.5 20 70 M M 1 27 60
14 77 56 67 -5 0 2 0.01 0.0 0 10.0 21 70 M M 3 27 70
15 80 53 67 -5 0 2 0.00 0.0 0 6.5 14 100 M M 0 24 100
16 85 54 70 -2 0 5 0.00 0.0 0 6.1 13 160 M M 1 19 190
17 86 60 73 1 0 8 0.00 0.0 0 3.6 12 210 M M 1 17 140
18 88 61 75 2 0 10 0.00 0.0 0 2.6 12 140 M M 1 16 150
19 90 65 78 5 0 13 0.00 0.0 0 5.5 16 240 M M 0 22 210
20 87 68 78 5 0 13 0.24 0.0 0 6.9 35 210 M M 5 13 50 210
21 85 68 77 3 0 12 0.03 0.0 0 4.7 15 250 M M 5 138 21 270
22 87 63 75 1 0 10 0.53 0.0 0 6.2 9 220 M M 1 3 M M
23 79 58 69 -5 0 4 0.00 0.0 0 8.1 12 310 M M 2 20 320
24 82 59 71 -3 0 6 T 0.0 0 5.3 15 270 M M 3 3 22 280
25 87 58 73 -1 0 8 0.00 0.0 0 4.1 13 260 M M 0 17 250
26 93 69 81 6 0 16 0.00 0.0 0 10.7 28 230 M M 2 37 230
27 84 69 77 2 0 12 0.28 0.0 0 4.1 16 230 M M 3 13 23 200
28 86 67 77 2 0 12 0.00 0.0 0 5.7 15 180 M M 2 12 19 190
29 92 75 84 9 0 19 0.00 0.0 0 8.7 16 190 M M 1 26 190
30 80 70 75 0 0 10 0.11 0.0 0 5.4 14 180 M M 5 1 21 150
================================================================================
SM 2552 1891 0 281 1.64 0.0 213.5 M 57
================================================================================
AV 85.1 63.0 7.1 FASTST M M 2 MAX(MPH)
MISC ----> # 35 210 # 50 210
================================================================================
NOTES:
# LAST OF SEVERAL OCCURRENCES
COLUMN 17 PEAK WIND IN M.P.H.
PRELIMINARY LOCAL CLIMATOLOGICAL DATA (WS FORM: F-6) , PAGE 2
STATION: PEORIA IL
MONTH: JUNE
YEAR: 2020
LATITUDE: 40 40 N
LONGITUDE: 89 41 W
[TEMPERATURE DATA] [PRECIPITATION DATA] SYMBOLS USED IN COLUMN 16
AVERAGE MONTHLY: 74.1 TOTAL FOR MONTH: 1.64 1 = FOG OR MIST
DPTR FM NORMAL: 2.2 DPTR FM NORMAL: -1.89 2 = FOG REDUCING VISIBILITY
HIGHEST: 93 ON 26 GRTST 24HR 0.53 ON 22-22 TO 1/4 MILE OR LESS
LOWEST: 53 ON 15 3 = THUNDER
SNOW, ICE PELLETS, HAIL 4 = ICE PELLETS
TOTAL MONTH: 0.0 INCH 5 = HAIL
GRTST 24HR 0.0 6 = FREEZING RAIN OR DRIZZLE
GRTST DEPTH: 0 7 = DUSTSTORM OR SANDSTORM:
VSBY 1/2 MILE OR LESS
8 = SMOKE OR HAZE
[NO. OF DAYS WITH] [WEATHER - DAYS WITH] 9 = BLOWING SNOW
X = TORNADO
MAX 32 OR BELOW: 0 0.01 INCH OR MORE: 9
MAX 90 OR ABOVE: 6 0.10 INCH OR MORE: 5
MIN 32 OR BELOW: 0 0.50 INCH OR MORE: 1
MIN 0 OR BELOW: 0 1.00 INCH OR MORE: 0
[HDD (BASE 65) ]
TOTAL THIS MO. 0 CLEAR (SCALE 0-3) 23
DPTR FM NORMAL -18 PTCLDY (SCALE 4-7) 7
TOTAL FM JUL 1 5597 CLOUDY (SCALE 8-10) 0
DPTR FM NORMAL -234
[CDD (BASE 65) ]
TOTAL THIS MO. 281
DPTR FM NORMAL 59 [PRESSURE DATA]
TOTAL FM JAN 1 349 HIGHEST SLP 30.36 ON 15
DPTR FM NORMAL 46 LOWEST SLP 29.33 ON 9
[REMARKS]
#FINAL-06-20#