000
CXUS51 KRLX 011452
CF6PKB
PRELIMINARY LOCAL CLIMATOLOGICAL DATA (WS FORM: F-6)
STATION: PARKERSBURG WV
MONTH: MAY
YEAR: 2023
LATITUDE: 39 20 N
LONGITUDE: 81 26 W
TEMPERATURE IN F: :PCPN: SNOW: WIND :SUNSHINE: SKY :PK WND
================================================================================
1 2 3 4 5 6A 6B 7 8 9 10 11 12 13 14 15 16 17 18
12Z AVG MX 2MIN
DY MAX MIN AVG DEP HDD CDD WTR SNW DPTH SPD SPD DIR MIN PSBL S-S WX SPD DR
================================================================================
1 49 40 45 -15 20 0 0.42 M M 11.2 19 250 M M 10 1 26 240
2 47 40 44 -16 21 0 0.50 M M 11.0 17 320 M M 9 1 25 320
3 50 39 45 -15 20 0 0.21 M M 8.0 22 300 M M 9 1 32 300
4 62 41 52 -8 13 0 0.00 M M 2.3 10 290 M M 8 1 15 290
5 72 36 54 -7 11 0 0.00 M M 1.8 9 70 M M 2 12 12 60
6 77 40 59 -2 6 0 0.00 M M 2.1 9 310 M M 2 13 320
7 69 53 61 0 4 0 0.69 M M 3.9 15 330 M M 5 13 20 330
8 77 60 69 8 0 4 T M M 4.8 12 300 M M 6 1 19 230
9 76 52 64 2 1 0 T M M 5.6 15 320 M M 5 13 21 320
10 76 41 59 -3 6 0 0.00 M M 2.9 9 360 M M 0 13 20
11 83 44 64 2 1 0 0.00 M M 1.5 9 280 M M 0 1 12 300
12 80 51 66 4 0 1 T M M 1.0 8 190 M M 4 1 10 190
13 76 56 66 4 0 1 0.57 M M 4.8 15 40 M M 5 1 20 40
14 80 55 68 5 0 3 0.00 M M 4.7 14 40 M M 2 1 17 30
15 78 55 67 4 0 2 0.00 M M 3.5 7 210 M M 2 10 290
16 66 52 59 -4 6 0 0.11 M M 3.3 8 210 M M 5 1 14 210
17 71 49 60 -3 5 0 0.00 M M 6.2 10 30 M M 0 1 16 20
18 78 40 59 -5 6 0 0.00 M M 5.0 15 170 M M 1 22 180
19 78 61 70 6 0 5 T M M 7.0 15 170 M M 7 19 190
20 70 52 61 -3 4 0 0.34 M M 5.2 14 180 M M 7 1 20 300
21 75 44 60 -4 5 0 0.00 M M 1.8 12 280 M M 0 1 17 290
22 77 45 61 -4 4 0 0.00 M M 1.9 13 50 M M 1 12 16 60
23 80 51 66 1 0 1 0.00 M M 1.9 13 140 M M 2 17 140
24 80 49 65 0 0 0 0.00 M M 2.9 13 20 M M 2 1 19 40
25 71 50 61 -4 4 0 0.00 M M 7.6 15 50 M M 0 20 50
26 77 44 61 -5 4 0 0.00 M M 6.5 20 50 M M 0 24 90
27 77 44 61 -5 4 0 0.00 M M 3.9 13 60 M M 0 17 40
28 78 53 66 0 0 1 0.00 M M 3.6 14 50 M M 3 18 50
29 84 58 71 5 0 6 T M M 2.6 13 160 M M 4 1 19 150
30 84 56 70 3 0 5 0.00 M M 3.6 10 110 M M 2 1 15 90
31 85 57 71 4 0 6 0.00 M M 2.1 10 150 M M 1 14 130
================================================================================
SM 2283 1508 145 35 2.84 M 134.2 M 104
================================================================================
AV 73.6 48.6 4.3 FASTST M M 3 MAX(MPH)
MISC ----> 22 300 32 300
================================================================================
NOTES:
# LAST OF SEVERAL OCCURRENCES
COLUMN 17 PEAK WIND IN M.P.H.
PRELIMINARY LOCAL CLIMATOLOGICAL DATA (WS FORM: F-6) , PAGE 2
STATION: PARKERSBURG WV
MONTH: MAY
YEAR: 2023
LATITUDE: 39 20 N
LONGITUDE: 81 26 W
[TEMPERATURE DATA] [PRECIPITATION DATA] SYMBOLS USED IN COLUMN 16
AVERAGE MONTHLY: 61.1 TOTAL FOR MONTH: 2.84 1 = FOG OR MIST
DPTR FM NORMAL: -2.2 DPTR FM NORMAL: -1.33 2 = FOG REDUCING VISIBILITY
HIGHEST: 85 ON 31 GRTST 24HR 0.69 ON 7- 7 TO 1/4 MILE OR LESS
LOWEST: 36 ON 5 3 = THUNDER
SNOW, ICE PELLETS, HAIL 4 = ICE PELLETS
TOTAL MONTH: M 5 = HAIL
GRTST 24HR M ON M 6 = FREEZING RAIN OR DRIZZLE
GRTST DEPTH: M ON M 7 = DUSTSTORM OR SANDSTORM:
VSBY 1/2 MILE OR LESS
8 = SMOKE OR HAZE
[NO. OF DAYS WITH] [WEATHER - DAYS WITH] 9 = BLOWING SNOW
X = TORNADO
MAX 32 OR BELOW: 0 0.01 INCH OR MORE: 7
MAX 90 OR ABOVE: 0 0.10 INCH OR MORE: 7
MIN 32 OR BELOW: 0 0.50 INCH OR MORE: 3
MIN 0 OR BELOW: 0 1.00 INCH OR MORE: 0
[HDD (BASE 65) ]
TOTAL THIS MO. 145 CLEAR (SCALE 0-3) 18
DPTR FM NORMAL 14 PTCLDY (SCALE 4-7) 10
TOTAL FM JUL 1 4366 CLOUDY (SCALE 8-10) 3
DPTR FM NORMAL -505
[CDD (BASE 65) ]
TOTAL THIS MO. 35
DPTR FM NORMAL -42 [PRESSURE DATA]
TOTAL FM JAN 1 44 HIGHEST SLP 30.29 ON 27
DPTR FM NORMAL -53 LOWEST SLP 29.73 ON 16
[REMARKS]
#FINAL-05-23#