000
CXUS56 KLOX 011255
CF6PMD
PRELIMINARY LOCAL CLIMATOLOGICAL DATA (WS FORM: F-6)
STATION: PALMDALE AIRPORT CA
MONTH: JANUARY
YEAR: 2022
LATITUDE: 34 37 N
LONGITUDE: 118 5 W
TEMPERATURE IN F: :PCPN: SNOW: WIND :SUNSHINE: SKY :PK WND
================================================================================
1 2 3 4 5 6A 6B 7 8 9 10 11 12 13 14 15 16 17 18
12Z AVG MX 2MIN
DY MAX MIN AVG DEP HDD CDD WTR SNW DPTH SPD SPD DIR MIN PSBL S-S WX SPD DR
================================================================================
1 48 28 38 -7 27 0 0.00 M M 8.0 22 70 M M 0 25 70
2 47 25 36 -9 29 0 0.00 M M 4.1 9 10 M M 0 12 30
3 52 24 38 -7 27 0 0.00 M M 3.3 13 200 M M 0 13 200
4 62 36 49 4 16 0 0.00 M M 12.6 25 270 M M 0 29 270
5 60 33 47 2 18 0 0.00 M M 4.8 9 190 M M 0 11 20
6 64 33 49 4 16 0 0.00 M M 2.2 8 280 M M 0 9 180
7 68 41 55 10 10 0 0.00 M M 11.1 23 220 M M 0 29 220
8 60 36 48 3 17 0 0.00 M M 8.7 24 280 M M 0 27 270
9 61 29 45 0 20 0 0.00 M M 6.0 22 50 M M 0 27 40
10 58 31 45 0 20 0 0.00 M M 4.3 12 50 M M 0 13 50
11 62 27 45 -1 20 0 0.00 M M 5.0 13 350 M M 0 16 30
12 59 28 44 -2 21 0 0.00 M M 2.6 10 190 M M 0 12 180
13 59 38 49 3 16 0 0.00 M M 3.0 14 220 M M 2 15 180
14 67 35 51 5 14 0 0.00 M M 11.1 29 70 M M 0 34 80
15 57 39 48 2 17 0 T M M 6.3 18 50 M M 3 22 50
16 63 37 50 4 15 0 0.00 M M 2.8 8 200 M M 5 9 340
17 62 44 53 7 12 0 T M M 5.4 16 260 M M 8 20 250
18 64 43 54 8 11 0 0.00 M M 8.3 16 230 M M 2 M M
19 63 35 49 3 16 0 0.00 M M 5.0 18 260 M M 0 23 210
20 64 32 48 2 17 0 0.00 M M 4.8 13 190 M M 0 16 30
21 63 35 49 3 16 0 0.00 M M 12.5 37 30 M M 1 8 48 30
22 60 35 48 2 17 0 0.00 M M 15.1 33 30 M M 0 42 210
23 63 30 47 1 18 0 0.00 M M 6.1 12 190 M M 0 20 30
24 67 31 49 3 16 0 0.00 M M 3.7 13 200 M M 0 24 130
25 65 32 49 2 16 0 0.00 M M 9.2 24 50 M M 0 30 60
26 58 27 43 -4 22 0 0.00 M M 4.5 14 30 M M 0 17 40
27 62 24 43 -4 22 0 0.00 M M 7.8 22 80 M M 0 29 70
28 59 30 45 -2 20 0 0.00 M M 11.3 25 70 M M 0 36 60
29 54 28 41 -6 24 0 0.00 M M 3.8 10 190 M M 1 M M
30 66 26 46 -1 19 0 0.00 M M 3.8 M M M M 0 M M
31 60 29 45 -2 20 0 0.00 M M 4.2 13 220 M M 0 15 200
================================================================================
SM 1877 1001 569 0 T M 201.4 M 22
================================================================================
AV 60.5 32.3 6.5 FASTST M M 1 MAX(MPH)
MISC ----> 37 30 48 30
================================================================================
NOTES:
# LAST OF SEVERAL OCCURRENCES
COLUMN 17 PEAK WIND IN M.P.H.
PRELIMINARY LOCAL CLIMATOLOGICAL DATA (WS FORM: F-6) , PAGE 2
STATION: PALMDALE AIRPORT CA
MONTH: JANUARY
YEAR: 2022
LATITUDE: 34 37 N
LONGITUDE: 118 5 W
[TEMPERATURE DATA] [PRECIPITATION DATA] SYMBOLS USED IN COLUMN 16
AVERAGE MONTHLY: 46.4 TOTAL FOR MONTH: T 1 = FOG OR MIST
DPTR FM NORMAL: 0.5 DPTR FM NORMAL: -0.98 2 = FOG REDUCING VISIBILITY
HIGHEST: 68 ON 7 GRTST 24HR 0.01 ON 7- 7 TO 1/4 MILE OR LESS
LOWEST: 24 ON 27, 3 3 = THUNDER
SNOW, ICE PELLETS, HAIL 4 = ICE PELLETS
TOTAL MONTH: M 5 = HAIL
GRTST 24HR M ON M 6 = FREEZING RAIN OR DRIZZLE
GRTST DEPTH: M ON M 7 = DUSTSTORM OR SANDSTORM:
VSBY 1/2 MILE OR LESS
8 = SMOKE OR HAZE
[NO. OF DAYS WITH] [WEATHER - DAYS WITH] 9 = BLOWING SNOW
X = TORNADO
MAX 32 OR BELOW: 0 0.01 INCH OR MORE: 0
MAX 90 OR ABOVE: 0 0.10 INCH OR MORE: 0
MIN 32 OR BELOW: 17 0.50 INCH OR MORE: 0
MIN 0 OR BELOW: 0 1.00 INCH OR MORE: 0
[HDD (BASE 65) ]
TOTAL THIS MO. 569 CLEAR (SCALE 0-3) 29
DPTR FM NORMAL -25 PTCLDY (SCALE 4-7) 1
TOTAL FM JUL 1 1528 CLOUDY (SCALE 8-10) 1
DPTR FM NORMAL -178
[CDD (BASE 65) ]
TOTAL THIS MO. 0
DPTR FM NORMAL 0 [PRESSURE DATA]
TOTAL FM JAN 1 0 HIGHEST SLP 30.53 ON 10
DPTR FM NORMAL 0 LOWEST SLP 29.81 ON 7
[REMARKS]
#FINAL-01-22#