000
CXUS52 KMFL 011130
CF6PMP
PRELIMINARY LOCAL CLIMATOLOGICAL DATA (WS FORM: F-6)
STATION: POMPANO BEACH ARPK
MONTH: FEBRUARY
YEAR: 2023
LATITUDE: 26 14 N
LONGITUDE: 80 7 W
TEMPERATURE IN F: :PCPN: SNOW: WIND :SUNSHINE: SKY :PK WND
================================================================================
1 2 3 4 5 6A 6B 7 8 9 10 11 12 13 14 15 16 17 18
12Z AVG MX 2MIN
DY MAX MIN AVG DEP HDD CDD WTR SNW DPTH SPD SPD DIR MIN PSBL S-S WX SPD DR
================================================================================
1 84 67 76 7 0 11 0.00 0.0 0 6.4 14 140 M M 2 18 150
2 84 66 75 6 0 10 0.00 M M 6.0 16 140 M M 3 20 160
3 88 66 77 8 0 12 0.00 0.0 0 7.3 18 350 M M 2 1 24 350
4 76 65 71 2 0 6 0.18 M M 18.5 28 40 M M 9 1 35 50
5 84 68 76 7 0 11 2.47 0.0 0 10.0 25 80 M M 7 13 35 80
6 80 66 73 3 0 8 0.00 0.0 M 8.6 18 20 M M 6 24 30
7 78 71 75 5 0 10 0.00 0.0 M 11.6 18 100 M M 4 23 100
8 80 72 76 6 0 11 0.00 0.0 0 12.2 20 100 M M 6 24 110
9 82 75 79 9 0 14 0.00 0.0 0 14.1 22 130 M M 6 26 140
10 82 74 78 8 0 13 0.00 0.0 0 12.0 20 130 M M 3 25 120
11 84 75 80 10 0 15 0.00 0.0 0 11.4 22 170 M M 2 27 140
12 81 64 73 3 0 8 T 0.0 0 14.5 28 270 M M 5 33 230
13 73 55 64 -6 1 0 0.00 0.0 0 10.2 23 300 M M 1 31 290
14 77 53 65 -5 0 0 0.00 0.0 0 8.3 15 130 M M 2 20 110
15 82 72 77 7 0 12 0.00 0.0 0 13.0 21 130 M M 4 25 130
16 83 74 79 9 0 14 0.00 0.0 0 13.6 22 130 M M 3 28 120
17 84 73 79 9 0 14 0.12 0.0 0 10.0 21 160 M M 7 25 160
18 79 71 75 4 0 10 T 0.0 0 11.4 21 10 M M 7 1 26 30
19 83 75 79 8 0 14 0.00 0.0 0 9.2 15 140 M M 2 19 80
20 84 68 76 5 0 11 0.00 0.0 0 7.8 17 150 M M 3 21 150
21 86 68 77 6 0 12 0.00 0.0 0 6.4 16 160 M M 2 20 160
22 85 67 76 5 0 11 0.00 M M 7.4 20 130 M M 2 24 140
23 85 73 79 8 0 14 0.00 M M 10.3 16 120 M M 2 21 120
24 84 68 76 5 0 11 0.00 M M 5.8 12 80 M M 1 17 80
25 84 66 75 4 0 10 0.00 M M 4.8 14 140 M M 1 17 110
26 85 67 76 5 0 11 0.00 M M 6.2 13 130 M M 0 17 120
27 85 65 75 4 0 10 0.00 M M 8.9 21 150 M M 1 27 140
28 90 64 77 6 0 12 0.00 M M 7.1 17 280 M M 0 21 250
================================================================================
SM 2312 1908 1 295 2.77 0.0 273.0 M 93
================================================================================
AV 82.6 68.1 9.8 FASTST M M 3 MAX(MPH)
MISC ----> # 28 40 # 35 50
================================================================================
NOTES:
# LAST OF SEVERAL OCCURRENCES
COLUMN 17 PEAK WIND IN M.P.H.
PRELIMINARY LOCAL CLIMATOLOGICAL DATA (WS FORM: F-6) , PAGE 2
STATION: POMPANO BEACH ARPK
MONTH: FEBRUARY
YEAR: 2023
LATITUDE: 26 14 N
LONGITUDE: 80 7 W
[TEMPERATURE DATA] [PRECIPITATION DATA] SYMBOLS USED IN COLUMN 16
AVERAGE MONTHLY: 75.4 TOTAL FOR MONTH: 2.77 1 = FOG OR MIST
DPTR FM NORMAL: 5.1 DPTR FM NORMAL: 0.76 2 = FOG REDUCING VISIBILITY
HIGHEST: 90 ON 28 GRTST 24HR 2.47 ON 4- 5 TO 1/4 MILE OR LESS
LOWEST: 53 ON 14 3 = THUNDER
SNOW, ICE PELLETS, HAIL 4 = ICE PELLETS
TOTAL MONTH: 0.0 INCH 5 = HAIL
GRTST 24HR 0.0 6 = FREEZING RAIN OR DRIZZLE
GRTST DEPTH: 0 7 = DUSTSTORM OR SANDSTORM:
VSBY 1/2 MILE OR LESS
8 = SMOKE OR HAZE
[NO. OF DAYS WITH] [WEATHER - DAYS WITH] 9 = BLOWING SNOW
X = TORNADO
MAX 32 OR BELOW: 0 0.01 INCH OR MORE: 3
MAX 90 OR ABOVE: 1 0.10 INCH OR MORE: 3
MIN 32 OR BELOW: 0 0.50 INCH OR MORE: 1
MIN 0 OR BELOW: 0 1.00 INCH OR MORE: 1
[HDD (BASE 65) ]
TOTAL THIS MO. 1 CLEAR (SCALE 0-3) 18
DPTR FM NORMAL -27 PTCLDY (SCALE 4-7) 9
TOTAL FM JUL 1 72 CLOUDY (SCALE 8-10) 1
DPTR FM NORMAL -48
[CDD (BASE 65) ]
TOTAL THIS MO. 295
DPTR FM NORMAL 120 [PRESSURE DATA]
TOTAL FM JAN 1 537 HIGHEST SLP 30.31 ON 24
DPTR FM NORMAL 204 LOWEST SLP 29.90 ON 12
[REMARKS]
#FINAL-02-23#