000
CXUS55 KALY 010710
CF6POU
PRELIMINARY LOCAL CLIMATOLOGICAL DATA (WS FORM: F-6)
STATION: POUGHKEEPSIE NY
MONTH: JUNE
YEAR: 2020
LATITUDE: 41 37 N
LONGITUDE: 73 53 W
TEMPERATURE IN F: :PCPN: SNOW: WIND :SUNSHINE: SKY :PK WND
================================================================================
1 2 3 4 5 6A 6B 7 8 9 10 11 12 13 14 15 16 17 18
12Z AVG MX 2MIN
DY MAX MIN AVG DEP HDD CDD WTR SNW DPTH SPD SPD DIR MIN PSBL S-S WX SPD DR
================================================================================
1 69 39 54 -10 11 0 0.00 M M 2.8 16 340 M M 4 19 330
2 72 45 59 -5 6 0 0.01 M M 2.7 12 230 M M 6 16 240
3 80 57 69 5 0 4 0.17 M M 5.1 17 260 M M 4 13 22 260
4 87 57 72 8 0 7 0.00 M M 4.1 13 240 M M 1 1 19 240
5 82 67 75 10 0 10 0.03 M M 5.1 13 230 M M 5 1 19 250
6 89 60 75 10 0 10 0.00 M M 7.2 20 280 M M 2 1 25 300
7 75 50 63 -2 2 0 0.00 M M 7.2 22 20 M M 2 28 330
8 80 46 63 -3 2 0 0.00 M M 2.5 13 360 M M 0 17 350
9 91 54 73 7 0 8 0.00 M M 3.7 14 240 M M 1 20 250
10 88 62 75 9 0 10 0.00 M M 6.5 16 150 M M 2 25 140
11 83 70 77 11 0 12 0.09 M M 6.6 13 170 M M 6 13 21 180
12 83 60 72 5 0 7 0.00 M M 7.2 21 240 M M 3 27 240
13 73 50 62 -5 3 0 0.00 M M 7.8 18 10 M M 1 25 30
14 72 43 58 -9 7 0 0.00 M M 3.6 13 360 M M 0 17 10
15 77 45 61 -7 4 0 0.00 M M 1.8 9 70 M M 2 12 30
16 81 49 65 -3 0 0 0.00 M M 3.5 12 90 M M 1 17 70
17 84 50 67 -1 0 2 0.00 M M 2.7 12 160 M M 0 18 170
18 85 62 74 6 0 9 0.00 M M 2.8 13 170 M M 6 19 210
19 86 65 76 7 0 11 0.00 M M 4.2 13 250 M M 3 18 240
20 89 63 76 7 0 11 0.00 M M 4.6 14 240 M M 0 20 220
21 90 63 77 8 0 12 0.00 M M 4.1 13 260 M M 0 17 240
22 92 66 79 10 0 14 0.00 M M 3.3 10 260 M M 1 13 250
23 91 68 80 10 0 15 0.00 M M 6.3 15 160 M M 1 8 23 140
24 87 63 75 5 0 10 0.08 M M 6.9 20 250 M M 3 1 26 250
25 86 58 72 2 0 7 0.00 M M 4.1 15 240 M M 1 1 19 230
26 87 59 73 3 0 8 0.00 M M 2.0 14 40 M M 1 17 40
27 76 57 67 -3 0 2 0.56 M M 1.6 10 100 M M 3 1 13 100
28 85 62 74 3 0 9 0.06 M M 2.0 10 250 M M 6 123 13 250
29 87 64 76 5 0 11 0.10 M M 4.5 17 10 M M 6 123 23 360
30 80 64 72 1 0 7 0.02 M M 3.4 12 40 M M 6 3 14 10
================================================================================
SM 2487 1718 35 196 1.12 M 129.9 M 77
================================================================================
AV 82.9 57.3 4.3 FASTST M M 3 MAX(MPH)
MISC ----> 22 20 28 330
================================================================================
NOTES:
# LAST OF SEVERAL OCCURRENCES
COLUMN 17 PEAK WIND IN M.P.H.
PRELIMINARY LOCAL CLIMATOLOGICAL DATA (WS FORM: F-6) , PAGE 2
STATION: POUGHKEEPSIE NY
MONTH: JUNE
YEAR: 2020
LATITUDE: 41 37 N
LONGITUDE: 73 53 W
[TEMPERATURE DATA] [PRECIPITATION DATA] SYMBOLS USED IN COLUMN 16
AVERAGE MONTHLY: 70.1 TOTAL FOR MONTH: 1.12 1 = FOG OR MIST
DPTR FM NORMAL: 2.5 DPTR FM NORMAL: -3.31 2 = FOG REDUCING VISIBILITY
HIGHEST: 92 ON 22 GRTST 24HR 0.56 ON 27-27 TO 1/4 MILE OR LESS
LOWEST: 39 ON 1 3 = THUNDER
SNOW, ICE PELLETS, HAIL 4 = ICE PELLETS
TOTAL MONTH: M 5 = HAIL
GRTST 24HR M ON M 6 = FREEZING RAIN OR DRIZZLE
GRTST DEPTH: M ON M 7 = DUSTSTORM OR SANDSTORM:
VSBY 1/2 MILE OR LESS
8 = SMOKE OR HAZE
[NO. OF DAYS WITH] [WEATHER - DAYS WITH] 9 = BLOWING SNOW
X = TORNADO
MAX 32 OR BELOW: 0 0.01 INCH OR MORE: 9
MAX 90 OR ABOVE: 4 0.10 INCH OR MORE: 3
MIN 32 OR BELOW: 0 0.50 INCH OR MORE: 1
MIN 0 OR BELOW: 0 1.00 INCH OR MORE: 0
[HDD (BASE 65) ]
TOTAL THIS MO. 35 CLEAR (SCALE 0-3) 18
DPTR FM NORMAL -14 PTCLDY (SCALE 4-7) 12
TOTAL FM JUL 1 5640 CLOUDY (SCALE 8-10) 0
DPTR FM NORMAL -570
[CDD (BASE 65) ]
TOTAL THIS MO. 196
DPTR FM NORMAL 69 [PRESSURE DATA]
TOTAL FM JAN 1 241 HIGHEST SLP M ON M
DPTR FM NORMAL 78 LOWEST SLP 29.53 ON 3
[REMARKS]
#FINAL-06-20#