000
CXUS56 KLOX 011255
CF6PRB
PRELIMINARY LOCAL CLIMATOLOGICAL DATA (WS FORM: F-6)
STATION: PASO ROBLES AIRPORT CA
MONTH: FEBRUARY
YEAR: 2022
LATITUDE: 35 40 N
LONGITUDE: 120 38 W
TEMPERATURE IN F: :PCPN: SNOW: WIND :SUNSHINE: SKY :PK WND
================================================================================
1 2 3 4 5 6A 6B 7 8 9 10 11 12 13 14 15 16 17 18
12Z AVG MX 2MIN
DY MAX MIN AVG DEP HDD CDD WTR SNW DPTH SPD SPD DIR MIN PSBL S-S WX SPD DR
================================================================================
1 60 31 46 -3 19 0 0.00 M M 4.1 15 40 M M 0 18 20 40
2 63 24 44 -5 21 0 0.00 M M 5.3 20 40 M M 0 24 30
3 64 26 45 -4 20 0 0.00 M M 3.5 9 70 M M 0 12 90
4 69 28 49 0 16 0 0.00 M M 2.8 13 60 M M 0 16 30
5 66 28 47 -2 18 0 0.00 M M 4.3 13 90 M M 0 16 110
6 71 28 50 1 15 0 0.00 M M 4.9 16 80 M M 0 19 80
7 74 28 51 2 14 0 0.00 M M 1.6 9 310 M M 0 11 270
8 73 30 52 3 13 0 0.00 M M 3.6 14 90 M M 0 18 90
9 77 32 55 5 10 0 0.00 M M 5.5 16 90 M M 0 19 90
10 80 33 57 7 8 0 0.00 M M 3.4 12 100 M M 0 1 15 90
11 79 35 57 7 8 0 0.00 M M 3.7 13 100 M M 0 1 16 80
12 84 35 60 10 5 0 0.00 M M 1.3 8 120 M M 0 1 9 120
13 83 36 60 10 5 0 0.00 M M 1.5 12 90 M M 0 12 90
14 75 35 55 5 10 0 0.00 M M 5.0 23 300 M M 1 27 300
15 58 38 48 -2 17 0 0.00 M M 9.9 22 330 M M 2 27 320
16 65 28 47 -3 18 0 0.00 M M 3.6 12 330 M M 0 15 320
17 69 29 49 -1 16 0 0.00 M M 2.9 14 310 M M 0 16 310
18 71 30 51 1 14 0 0.00 M M 3.3 13 80 M M 0 17 60
19 73 30 52 2 13 0 0.00 M M 3.0 13 60 M M 0 16 60
20 71 31 51 0 14 0 0.00 M M 4.1 18 300 M M 0 23 300
21 61 34 48 -3 17 0 T M M 6.6 16 310 M M 2 22 300
22 51 33 42 -9 23 0 0.03 M M 6.4 25 330 M M 6 31 340
23 54 26 40 -11 25 0 0.00 M M 8.1 24 330 M M 1 29 330
24 59 22 41 -10 24 0 0.00 M M 3.1 16 330 M M 0 20 330
25 63 23 43 -8 22 0 0.00 M M 4.5 16 90 M M 0 19 80
26 65 23 44 -7 21 0 0.00 M M 3.9 10 100 M M 0 12 100
27 70 33 52 0 13 0 0.00 M M 3.6 14 100 M M 0 16 100
28 78 32 55 3 10 0 0.00 M M 4.9 16 100 M M 0 19 90
================================================================================
SM 1926 841 429 0 0.03 M 118.4 M 12
================================================================================
AV 68.8 30.0 4.2 FASTST M M 0 MAX(MPH)
MISC ----> 25 330 31 340
================================================================================
NOTES:
# LAST OF SEVERAL OCCURRENCES
COLUMN 17 PEAK WIND IN M.P.H.
PRELIMINARY LOCAL CLIMATOLOGICAL DATA (WS FORM: F-6) , PAGE 2
STATION: PASO ROBLES AIRPORT CA
MONTH: FEBRUARY
YEAR: 2022
LATITUDE: 35 40 N
LONGITUDE: 120 38 W
[TEMPERATURE DATA] [PRECIPITATION DATA] SYMBOLS USED IN COLUMN 16
AVERAGE MONTHLY: 49.4 TOTAL FOR MONTH: 0.03 1 = FOG OR MIST
DPTR FM NORMAL: -0.7 DPTR FM NORMAL: -2.45 2 = FOG REDUCING VISIBILITY
HIGHEST: 84 ON 12 GRTST 24HR 0.03 ON 21-22 TO 1/4 MILE OR LESS
LOWEST: 22 ON 24 3 = THUNDER
SNOW, ICE PELLETS, HAIL 4 = ICE PELLETS
TOTAL MONTH: M 5 = HAIL
GRTST 24HR M ON M 6 = FREEZING RAIN OR DRIZZLE
GRTST DEPTH: M ON M 7 = DUSTSTORM OR SANDSTORM:
VSBY 1/2 MILE OR LESS
8 = SMOKE OR HAZE
[NO. OF DAYS WITH] [WEATHER - DAYS WITH] 9 = BLOWING SNOW
X = TORNADO
MAX 32 OR BELOW: 0 0.01 INCH OR MORE: 1
MAX 90 OR ABOVE: 0 0.10 INCH OR MORE: 0
MIN 32 OR BELOW: 19 0.50 INCH OR MORE: 0
MIN 0 OR BELOW: 0 1.00 INCH OR MORE: 0
[HDD (BASE 65) ]
TOTAL THIS MO. 429 CLEAR (SCALE 0-3) 27
DPTR FM NORMAL 12 PTCLDY (SCALE 4-7) 1
TOTAL FM JUL 1 1761 CLOUDY (SCALE 8-10) 0
DPTR FM NORMAL -269
[CDD (BASE 65) ]
TOTAL THIS MO. 0
DPTR FM NORMAL 0 [PRESSURE DATA]
TOTAL FM JAN 1 0 HIGHEST SLP 30.45 ON 4
DPTR FM NORMAL 0 LOWEST SLP 29.82 ON 15
[REMARKS]
#FINAL-02-22#