509
CXUS56 KLOX 011725
CF6PRB
PRELIMINARY LOCAL CLIMATOLOGICAL DATA (WS FORM: F-6)
STATION: PASO ROBLES AIRPORT CA
MONTH: AUGUST
YEAR: 2020
LATITUDE: 35 40 N
LONGITUDE: 120 38 W
TEMPERATURE IN F: :PCPN: SNOW: WIND :SUNSHINE: SKY :PK WND
================================================================================
1 2 3 4 5 6A 6B 7 8 9 10 11 12 13 14 15 16 17 18
12Z AVG MX 2MIN
DY MAX MIN AVG DEP HDD CDD WTR SNW DPTH SPD SPD DIR MIN PSBL S-S WX SPD DR
================================================================================
1 103 53 78 4 0 13 0.00 0.0 0 10.2 22 300 M M 0 26 300
2 105 52 79 5 0 14 0.00 0.0 0 7.9 22 310 M M 0 27 320
3 104 53 79 5 0 14 0.00 0.0 0 8.8 24 330 M M 0 30 300
4 96 55 76 2 0 11 0.00 0.0 0 9.4 20 300 M M 2 26 300
5 86 57 72 -2 0 7 0.00 0.0 0 11.4 20 310 M M 3 23 310
6 81 55 68 -6 0 3 0.00 0.0 0 8.7 20 210 M M 3 24 200
7 84 55 70 -4 0 5 0.00 0.0 0 9.8 23 200 M M 2 27 210
8 92 52 72 -2 0 7 0.00 0.0 0 6.4 24 220 M M 1 1 30 200
9 99 55 77 3 0 12 0.00 0.0 0 5.4 25 190 M M 0 30 200
10 94 55 75 1 0 10 0.00 0.0 0 6.9 25 200 M M 0 31 200
11 96 52 74 0 0 9 0.00 0.0 0 7.2 24 200 M M 0 8 29 200
12 101 53 77 4 0 12 0.00 0.0 0 5.8 20 200 M M 0 24 220
13 74 60 67 -6 0 2 0.08 0.0 0 3.6 14 240 M M 2 16 240
14 108 61 85 12 0 20 0.00 0.0 0 4.8 22 220 M M 0 25 200
15 107 63 85 12 0 20 0.02 0.0 0 4.8 17 10 M M 0 3 20 90
16 114 66 90 17 0 25 0.00 0.0 0 5.4 20 190 M M 0 24 210
17 111 67 89 16 0 24 0.00 0.0 0 5.1 18 300 M M 0 8 24 320
18 111 68 90 17 0 25 0.00 0.0 0 7.6 22 330 M M 2 8 27 330
19 99 68 84 11 0 19 0.00 0.0 0 8.9 24 320 M M 9 8 31 320
20 98 62 80 7 0 15 0.00 0.0 0 8.3 20 310 M M 10 8 25 300
21 100 58 79 6 0 14 0.00 0.0 0 7.8 18 310 M M 10 8 24 310
22 99 62 81 8 0 16 0.00 0.0 0 5.5 20 200 M M 5 8 24 220
23 90 62 76 3 0 11 T 0.0 0 5.4 21 210 M M 0 26 210
24 96 63 80 7 0 15 0.00 0.0 0 6.1 20 230 M M 0 8 25 230
25 91 60 76 3 0 11 0.00 0.0 0 6.5 21 210 M M 0 25 210
26 99 59 79 7 0 14 0.00 0.0 0 7.4 23 310 M M 1 12 29 310
27 94 55 75 3 0 10 0.00 0.0 0 7.4 22 200 M M 2 18 26 190
28 97 51 74 2 0 9 0.00 0.0 0 6.4 21 200 M M 2 128 27 210
29 97 52 75 3 0 10 0.00 0.0 0 6.1 24 190 M M 0 32 190
30 98 50 74 2 0 9 0.00 0.0 0 4.6 18 200 M M 0 23 210
31 90 52 71 -1 0 6 0.00 0.0 0 7.1 22 190 M M 0 8 26 200
================================================================================
SM 3014 1786 0 392 0.10 0.0 216.7 M 54
================================================================================
AV 97.2 57.6 7.0 FASTST M M 2 MAX(MPH)
MISC ----> # 25 190 # 32 190
================================================================================
NOTES:
# LAST OF SEVERAL OCCURRENCES
COLUMN 17 PEAK WIND IN M.P.H.
PRELIMINARY LOCAL CLIMATOLOGICAL DATA (WS FORM: F-6) , PAGE 2
STATION: PASO ROBLES AIRPORT CA
MONTH: AUGUST
YEAR: 2020
LATITUDE: 35 40 N
LONGITUDE: 120 38 W
[TEMPERATURE DATA] [PRECIPITATION DATA] SYMBOLS USED IN COLUMN 16
AVERAGE MONTHLY: 77.4 TOTAL FOR MONTH: 0.10 1 = FOG OR MIST
DPTR FM NORMAL: 4.2 DPTR FM NORMAL: -0.01 2 = FOG REDUCING VISIBILITY
HIGHEST: 114 ON 16 GRTST 24HR 0.08 ON 13-13 TO 1/4 MILE OR LESS
LOWEST: 50 ON 30 3 = THUNDER
SNOW, ICE PELLETS, HAIL 4 = ICE PELLETS
TOTAL MONTH: 0.0 INCH 5 = HAIL
GRTST 24HR 0.0 6 = FREEZING RAIN OR DRIZZLE
GRTST DEPTH: 0 7 = DUSTSTORM OR SANDSTORM:
VSBY 1/2 MILE OR LESS
8 = SMOKE OR HAZE
[NO. OF DAYS WITH] [WEATHER - DAYS WITH] 9 = BLOWING SNOW
X = TORNADO
MAX 32 OR BELOW: 0 0.01 INCH OR MORE: 2
MAX 90 OR ABOVE: 27 0.10 INCH OR MORE: 0
MIN 32 OR BELOW: 0 0.50 INCH OR MORE: 0
MIN 0 OR BELOW: 0 1.00 INCH OR MORE: 0
[HDD (BASE 65) ]
TOTAL THIS MO. 0 CLEAR (SCALE 0-3) 26
DPTR FM NORMAL -4 PTCLDY (SCALE 4-7) 2
TOTAL FM JUL 1 5 CLOUDY (SCALE 8-10) 3
DPTR FM NORMAL -3
[CDD (BASE 65) ]
TOTAL THIS MO. 392
DPTR FM NORMAL 136 [PRESSURE DATA]
TOTAL FM JAN 1 903 HIGHEST SLP 30.02 ON 3
DPTR FM NORMAL 170 LOWEST SLP 29.70 ON 27
[REMARKS]
#FINAL-08-20#