000
CXUS56 KLOX 011730
CLMPRB
CLIMATE REPORT
NATIONAL WEATHER SERVICE LOS ANGELES/OXNARD
930 AM PST FRI MAR 01 2024
...................................
...THE PASO ROBLES AIRPORT CA CLIMATE SUMMARY FOR THE MONTH OF FEBRUARY 2024...
CLIMATE NORMAL PERIOD: 1991 TO 2020
CLIMATE RECORD PERIOD: 1948 TO 2024
WEATHER OBSERVED NORMAL DEPART LAST YEAR`S
VALUE DATE(S) VALUE FROM VALUE
NORMAL
..............................................................
TEMPERATURE (F)
HIGHEST 73 02/24
LOWEST 30 02/11
AVG. MAXIMUM 61.2 63.0 -1.8
AVG. MINIMUM 40.1 37.2 2.9
MEAN 50.7 50.1 0.6
DAYS MAX >= 90 0
DAYS MAX <= 32 0
DAYS MIN <= 32 3
DAYS MIN <= 0 0
PRECIPITATION (INCHES)
TOTALS 4.59 2.48 2.11
DAILY AVG. 0.16
DAYS >= .01 14
DAYS >= .10 10
DAYS >= .50 4
DAYS >= 1.00 0
GREATEST
24 HR. TOTAL 1.18 02/03 TO 02/04
STORM TOTAL 0.88
DEGREE DAYS
HEATING TOTAL 408 417 -9 491
SINCE 7/1 1692 2056 -364 MM
COOLING TOTAL 0 0 0 0
SINCE 1/1 0 0 0 MM
..............................................................
WIND (MPH)
AVERAGE WIND SPEED 5.0
HIGHEST WIND SPEED/DIRECTION 35/160 DATE 02/04
HIGHEST GUST SPEED/DIRECTION 58/160 DATE 02/04
SKY COVER
POSSIBLE SUNSHINE (PERCENT) MM
AVERAGE SKY COVER 0.50
NUMBER OF DAYS FAIR 8
NUMBER OF DAYS PC 14
NUMBER OF DAYS CLOUDY 7
AVERAGE RH (PERCENT) 77
WEATHER CONDITIONS. NUMBER OF DAYS WITH
THUNDERSTORM 0 MIXED PRECIP 0
HEAVY RAIN 4 RAIN 7
LIGHT RAIN 16 FREEZING RAIN 0
LT FREEZING RAIN 0 HAIL 0
HEAVY SNOW 0 SNOW 0
LIGHT SNOW 0 SLEET 0
FOG 20 FOG W/VIS <= 1/4 MILE 10
HAZE 0
- INDICATES NEGATIVE NUMBERS.
R INDICATES RECORD WAS SET OR TIED.
MM INDICATES DATA IS MISSING.
T INDICATES TRACE AMOUNT.
$$