000
CXUS56 KFGZ 010910
CF6PRC
PRELIMINARY LOCAL CLIMATOLOGICAL DATA (WS FORM: F-6)
STATION: PRESCOTT AZ AIRPORT
MONTH: JANUARY
YEAR: 2024
LATITUDE: 34 39 N
LONGITUDE: 112 26 W
TEMPERATURE IN F: :PCPN: SNOW: WIND :SUNSHINE: SKY :PK WND
================================================================================
1 2 3 4 5 6A 6B 7 8 9 10 11 12 13 14 15 16 17 18
12Z AVG MX 2MIN
DY MAX MIN AVG DEP HDD CDD WTR SNW DPTH SPD SPD DIR MIN PSBL S-S WX SPD DR
================================================================================
1 47 25 36 -2 29 0 0.00 M M 2.8 9 190 M M 1 11 180
2 54 22 38 0 27 0 0.00 M M 4.5 10 200 M M 0 16 220
3 50 26 38 -1 27 0 0.04 M M 7.2 22 230 M M 3 1 29 190
4 41 28 35 -4 30 0 0.00 M M 7.3 17 320 M M 7 22 320
5 44 23 34 -5 31 0 0.00 M M 6.8 15 320 M M 2 19 340
6 47 22 35 -4 30 0 0.00 M M 7.1 22 200 M M 0 29 190
7 36 21 29 -10 36 0 0.09 M M 11.7 22 300 M M 8 12 32 190
8 35 17 26 -13 39 0 0.00 M M 8.4 15 300 M M 0 20 300
9 47 15 31 -8 34 0 0.00 M M 4.8 10 190 M M 0 14 270
10 46 20 33 -6 32 0 0.00 M M 5.8 17 180 M M 0 25 180
11 34 17 26 -13 39 0 0.08 M M 12.3 31 320 M M 4 12 41 320
12 42 12 27 -13 38 0 0.00 M M 4.1 10 130 M M 0 13 130
13 54 20 37 -3 28 0 0.00 M M 4.2 12 120 M M 2 17 130
14 54 28 41 1 24 0 0.00 M M 4.4 12 320 M M 0 15 120
15 55 25 40 0 25 0 0.00 M M 5.5 12 240 M M 0 15 230
16 58 24 41 1 24 0 0.00 M M 3.8 10 190 M M 0 12 190
17 57 30 44 4 21 0 0.00 M M 7.3 20 220 M M 3 27 230
18 61 28 45 5 20 0 0.00 M M 3.8 10 190 M M 0 13 10
19 61 30 46 6 19 0 0.00 M M 4.3 12 120 M M 0 16 120
20 61 33 47 7 18 0 0.00 M M 6.9 24 200 M M 4 36 210
21 48 40 44 4 21 0 0.07 M M 5.6 15 200 M M 10 18 21 190
22 47 37 42 2 23 0 0.11 M M 7.1 15 130 M M 10 12 21 130
23 44 39 42 2 23 0 0.06 M M 4.8 13 140 M M 10 1 17 130
24 51 34 43 3 22 0 0.00 M M 4.6 13 230 M M 6 16 220
25 47 35 41 1 24 0 0.07 M M 8.4 23 240 M M 6 18 29 280
26 53 31 42 2 23 0 0.00 M M 6.0 13 320 M M 0 16 330
27 60 27 44 3 21 0 0.00 M M 5.0 14 20 M M 0 17 20
28 62 29 46 5 19 0 0.00 M M 5.2 15 150 M M 0 20 150
29 64 29 47 6 18 0 0.00 M M 4.2 12 180 M M 0 15 190
30 66 30 48 7 17 0 0.00 M M 4.9 10 190 M M 0 13 40
31 63 31 47 6 18 0 0.00 M M 6.0 17 230 M M 1 23 220
================================================================================
SM 1589 828 800 0 0.52 M 184.8 M 77
================================================================================
AV 51.3 26.7 6.0 FASTST M M 2 MAX(MPH)
MISC ----> 31 320 41 320
================================================================================
NOTES:
# LAST OF SEVERAL OCCURRENCES
COLUMN 17 PEAK WIND IN M.P.H.
PRELIMINARY LOCAL CLIMATOLOGICAL DATA (WS FORM: F-6) , PAGE 2
STATION: PRESCOTT AZ AIRPORT
MONTH: JANUARY
YEAR: 2024
LATITUDE: 34 39 N
LONGITUDE: 112 26 W
[TEMPERATURE DATA] [PRECIPITATION DATA] SYMBOLS USED IN COLUMN 16
AVERAGE MONTHLY: 39.0 TOTAL FOR MONTH: 0.52 1 = FOG OR MIST
DPTR FM NORMAL: -0.7 DPTR FM NORMAL: -0.69 2 = FOG REDUCING VISIBILITY
HIGHEST: 66 ON 30 GRTST 24HR 0.31 ON 23-23 TO 1/4 MILE OR LESS
LOWEST: 12 ON 12 3 = THUNDER
SNOW, ICE PELLETS, HAIL 4 = ICE PELLETS
TOTAL MONTH: M 5 = HAIL
GRTST 24HR M ON M 6 = FREEZING RAIN OR DRIZZLE
GRTST DEPTH: M ON M 7 = DUSTSTORM OR SANDSTORM:
VSBY 1/2 MILE OR LESS
8 = SMOKE OR HAZE
[NO. OF DAYS WITH] [WEATHER - DAYS WITH] 9 = BLOWING SNOW
X = TORNADO
MAX 32 OR BELOW: 0 0.01 INCH OR MORE: 7
MAX 90 OR ABOVE: 0 0.10 INCH OR MORE: 1
MIN 32 OR BELOW: 25 0.50 INCH OR MORE: 0
MIN 0 OR BELOW: 0 1.00 INCH OR MORE: 0
[HDD (BASE 65) ]
TOTAL THIS MO. 800 CLEAR (SCALE 0-3) 21
DPTR FM NORMAL 17 PTCLDY (SCALE 4-7) 7
TOTAL FM JUL 1 2138 CLOUDY (SCALE 8-10) 3
DPTR FM NORMAL -251
[CDD (BASE 65) ]
TOTAL THIS MO. 0
DPTR FM NORMAL 0 [PRESSURE DATA]
TOTAL FM JAN 1 0 HIGHEST SLP M ON M
DPTR FM NORMAL 0 LOWEST SLP 29.56 ON 7
[REMARKS]
#FINAL-01-24#