000
CXUS56 KPDT 011810
CF6PSC
PRELIMINARY LOCAL CLIMATOLOGICAL DATA (WS FORM: F-6)
STATION: PASCO WA
MONTH: MAY
YEAR: 2021
LATITUDE: 46 16 N
LONGITUDE: 119 7 W
TEMPERATURE IN F: :PCPN: SNOW: WIND :SUNSHINE: SKY :PK WND
================================================================================
1 2 3 4 5 6A 6B 7 8 9 10 11 12 13 14 15 16 17 18
12Z AVG MX 2MIN
DY MAX MIN AVG DEP HDD CDD WTR SNW DPTH SPD SPD DIR MIN PSBL S-S WX SPD DR
================================================================================
1 79 56 68 11 0 3 0.01 M M 11.0 33 310 M M 4 8 44 310
2 72 45 59 2 6 0 0.00 M M 5.9 22 300 M M 2 30 310
3 76 36 56 -2 9 0 0.00 M M 8.0 21 220 M M 1 8 32 220
4 77 45 61 3 4 0 0.00 M M 5.6 15 200 M M 2 21 220
5 84 38 61 3 4 0 0.00 M M 5.7 13 360 M M 0 19 20
6 89 43 66 7 0 1 T M M 11.0 32 270 M M 2 78 45 270
7 67 47 57 -2 8 0 0.01 M M 14.2 29 240 M M 2 7 39 230
8 68 43 56 -3 9 0 0.00 M M 9.6 18 210 M M 0 24 210
9 71 36 54 -6 11 0 0.00 M M 2.8 12 10 M M 0 15 360
10 78 39 59 -1 6 0 0.00 M M 3.1 12 150 M M 0 16 140
11 80 42 61 1 4 0 0.00 M M 3.5 10 20 M M 0 14 280
12 84 46 65 5 0 0 0.00 M M 3.9 17 300 M M 1 22 290
13 83 49 66 5 0 1 0.00 M M 5.0 12 20 M M 0 15 360
14 87 52 70 9 0 5 0.00 M M 3.4 13 320 M M 0 17 340
15 89 50 70 9 0 5 0.00 M M 3.7 14 320 M M 0 17 320
16 93 49 71 9 0 6 0.00 M M 3.4 12 120 M M 0 14 60
17 89 56 73 11 0 8 0.00 M M 12.2 31 220 M M 0 42 270
18 71 53 62 0 3 0 0.00 M M 12.9 25 220 M M 2 35 220
19 69 49 59 -3 6 0 0.00 M M 5.8 17 250 M M 5 23 300
20 68 47 58 -5 7 0 T M M 10.2 16 310 M M 5 23 310
21 73 45 59 -4 6 0 0.00 M M 10.6 24 360 M M 4 45 20
22 68 47 58 -5 7 0 0.02 M M 7.1 17 130 M M 4 21 140
23 81 50 66 3 0 1 0.07 M M 13.1 29 210 M M 2 3 37 210
24 80 54 67 3 0 2 T M M 14.0 29 220 M M 3 37 220
25 78 57 68 4 0 3 0.08 M M 7.2 16 320 M M 5 23 170
26 81 52 67 3 0 2 0.00 M M 9.1 18 210 M M 0 26 240
27 80 54 67 3 0 2 T M M 16.3 37 280 M M 3 78 50 230
28 75 52 64 0 1 0 0.00 M M 10.2 29 240 M M 1 37 230
29 81 40 61 -4 4 0 0.00 M M 6.4 14 320 M M 0 19 310
30 87 44 66 1 0 1 0.00 M M 2.5 8 340 M M 0 12 250
31 93 49 71 6 0 6 0.00 M M 3.7 12 60 M M 0 18 80
================================================================================
SM 2451 1465 95 46 0.19 M 241.1 M 48
================================================================================
AV 79.1 47.3 7.8 FASTST M M 2 MAX(MPH)
MISC ----> 37 280 50 230
================================================================================
NOTES:
# LAST OF SEVERAL OCCURRENCES
COLUMN 17 PEAK WIND IN M.P.H.
PRELIMINARY LOCAL CLIMATOLOGICAL DATA (WS FORM: F-6) , PAGE 2
STATION: PASCO WA
MONTH: MAY
YEAR: 2021
LATITUDE: 46 16 N
LONGITUDE: 119 7 W
[TEMPERATURE DATA] [PRECIPITATION DATA] SYMBOLS USED IN COLUMN 16
AVERAGE MONTHLY: 63.2 TOTAL FOR MONTH: 0.19 1 = FOG OR MIST
DPTR FM NORMAL: 1.8 DPTR FM NORMAL: -0.52 2 = FOG REDUCING VISIBILITY
HIGHEST: 93 ON 31,16 GRTST 24HR 0.08 ON 25-25 TO 1/4 MILE OR LESS
LOWEST: 36 ON 9, 3 3 = THUNDER
SNOW, ICE PELLETS, HAIL 4 = ICE PELLETS
TOTAL MONTH: M 5 = HAIL
GRTST 24HR M ON M 6 = FREEZING RAIN OR DRIZZLE
GRTST DEPTH: M ON M 7 = DUSTSTORM OR SANDSTORM:
VSBY 1/2 MILE OR LESS
8 = SMOKE OR HAZE
[NO. OF DAYS WITH] [WEATHER - DAYS WITH] 9 = BLOWING SNOW
X = TORNADO
MAX 32 OR BELOW: 0 0.01 INCH OR MORE: 5
MAX 90 OR ABOVE: 2 0.10 INCH OR MORE: 0
MIN 32 OR BELOW: 0 0.50 INCH OR MORE: 0
MIN 0 OR BELOW: 0 1.00 INCH OR MORE: 0
[HDD (BASE 65) ]
TOTAL THIS MO. 95 CLEAR (SCALE 0-3) 25
DPTR FM NORMAL -55 PTCLDY (SCALE 4-7) 6
TOTAL FM JUL 1 4522 CLOUDY (SCALE 8-10) 0
DPTR FM NORMAL -453
[CDD (BASE 65) ]
TOTAL THIS MO. 46
DPTR FM NORMAL 7 [PRESSURE DATA]
TOTAL FM JAN 1 53 HIGHEST SLP 30.31 ON 8
DPTR FM NORMAL 12 LOWEST SLP 29.69 ON 17
[REMARKS]
#FINAL-05-21#