000
CXUS55 KALY 010710
CF6PSF
PRELIMINARY LOCAL CLIMATOLOGICAL DATA (WS FORM: F-6)
STATION: PITTSFIELD MA
MONTH: AUGUST
YEAR: 2022
LATITUDE: 42 25 N
LONGITUDE: 73 18 W
TEMPERATURE IN F: :PCPN: SNOW: WIND :SUNSHINE: SKY :PK WND
================================================================================
1 2 3 4 5 6A 6B 7 8 9 10 11 12 13 14 15 16 17 18
12Z AVG MX 2MIN
DY MAX MIN AVG DEP HDD CDD WTR SNW DPTH SPD SPD DIR MIN PSBL S-S WX SPD DR
================================================================================
1 80 62 71 2 0 6 T M M 3.5 12 170 M M 5 17 150
2 85 60 73 4 0 8 0.02 M M 4.5 14 340 M M 4 12 22 320
3 85 59 72 3 0 7 0.00 M M 3.8 13 280 M M 1 1 16 300
4 92 58 75 7 0 10 0.19 M M 3.5 35 290 M M 1 13 42 290
5 86 65 76 8 0 11 T M M 2.7 9 260 M M 4 12 14 270
6 90 65 78 10 0 13 0.00 M M 6.1 18 180 M M 3 12 23 210
7 89 70 80 12 0 15 0.12 M M 6.8 16 220 M M 2 18 24 230
8 90 67 79 11 0 14 0.06 M M 6.0 18 280 M M 3 1 25 210
9 84 62 73 5 0 8 0.00 M M 7.9 21 260 M M 5 26 300
10 77 58 68 0 0 3 0.00 M M 3.5 13 290 M M 7 1 17 280
11 83 57 70 2 0 5 T M M 4.5 13 300 M M 3 18 260
12 76 52 64 -4 1 0 0.00 M M 5.3 17 310 M M 2 23 340
13 74 49 62 -6 3 0 0.00 M M 2.6 13 360 M M 6 17 40
14 80 48 64 -4 1 0 0.00 M M 2.4 12 240 M M 2 12 16 280
15 81 50 66 -1 0 1 0.01 M M 1.5 10 160 M M 3 16 60
16 83 52 68 1 0 3 0.00 M M 3.1 15 40 M M 1 1 20 40
17 76 58 67 0 0 2 0.10 M M 3.4 14 40 M M 6 13 18 40
18 77 58 68 1 0 3 0.01 M M 8.7 23 260 M M 5 29 260
19 85 52 69 2 0 4 0.00 M M 3.1 14 280 M M 1 1 19 290
20 89 56 73 6 0 8 0.00 M M 2.9 13 240 M M 1 1 18 160
21 85 59 72 6 0 7 0.00 M M 5.8 17 200 M M 1 1 24 130
22 74 64 69 3 0 4 0.21 M M 3.0 10 120 M M 8 1 14 150
23 76 63 70 4 0 5 0.09 M M 3.2 12 230 M M 8 123 17 220
24 83 63 73 7 0 8 T M M 6.9 16 270 M M 7 26 290
25 85 55 70 4 0 5 0.04 M M 3.1 12 290 M M 3 1 16 290
26 85 61 73 7 0 8 0.29 M M M M M M M M 123 M M
27 M M M M M M 0.00 M M M M M M M 0 M M
28 M M M M M M 0.00 M M M M M M M 0 M M
29 M M M M M M 0.00 M M 9.1 15 170 M M 0 21 160
30 87 64 76 11 0 11 0.43 M M 6.7 16 270 M M 5 1 22 260
31 75 59 67 3 0 2 0.03 M M 7.4 21 270 M M 6 1 27 290
================================================================================
SM 2312 1646 5 171 1.60 M 131.0 M 103
================================================================================
AV 82.6 58.8 4.7 FASTST M M 3 MAX(MPH)
MISC ----> 35 290 42 290
================================================================================
NOTES:
# LAST OF SEVERAL OCCURRENCES
COLUMN 17 PEAK WIND IN M.P.H.
PRELIMINARY LOCAL CLIMATOLOGICAL DATA (WS FORM: F-6) , PAGE 2
STATION: PITTSFIELD MA
MONTH: AUGUST
YEAR: 2022
LATITUDE: 42 25 N
LONGITUDE: 73 18 W
[TEMPERATURE DATA] [PRECIPITATION DATA] SYMBOLS USED IN COLUMN 16
AVERAGE MONTHLY: 70.7 TOTAL FOR MONTH: 1.60 1 = FOG OR MIST
DPTR FM NORMAL: 3.6 DPTR FM NORMAL: -2.22 2 = FOG REDUCING VISIBILITY
HIGHEST: 92 ON 4 GRTST 24HR 0.46 ON 30-31 TO 1/4 MILE OR LESS
LOWEST: 48 ON 14 3 = THUNDER
SNOW, ICE PELLETS, HAIL 4 = ICE PELLETS
TOTAL MONTH: M 5 = HAIL
GRTST 24HR M ON M 6 = FREEZING RAIN OR DRIZZLE
GRTST DEPTH: M ON M 7 = DUSTSTORM OR SANDSTORM:
VSBY 1/2 MILE OR LESS
8 = SMOKE OR HAZE
[NO. OF DAYS WITH] [WEATHER - DAYS WITH] 9 = BLOWING SNOW
X = TORNADO
MAX 32 OR BELOW: 0 0.01 INCH OR MORE: 13
MAX 90 OR ABOVE: 3 0.10 INCH OR MORE: 6
MIN 32 OR BELOW: 0 0.50 INCH OR MORE: 0
MIN 0 OR BELOW: 0 1.00 INCH OR MORE: 0
[HDD (BASE 65) ]
TOTAL THIS MO. 5 CLEAR (SCALE 0-3) 15
DPTR FM NORMAL -34 PTCLDY (SCALE 4-7) 14
TOTAL FM JUL 1 11 CLOUDY (SCALE 8-10) 2
DPTR FM NORMAL -51
[CDD (BASE 65) ]
TOTAL THIS MO. 171
DPTR FM NORMAL 69 [PRESSURE DATA]
TOTAL FM JAN 1 394 HIGHEST SLP M ON M
DPTR FM NORMAL 81 LOWEST SLP 29.67 ON 30
[REMARKS]
#FINAL-08-22#