000
CXUS54 KFWD 010732
CF6PSN
PRELIMINARY LOCAL CLIMATOLOGICAL DATA (WS FORM: F-6)
STATION: PALESTINE
MONTH: JULY
YEAR: 2021
LATITUDE: 31 46 N
LONGITUDE: 95 42 W
TEMPERATURE IN F: :PCPN: SNOW: WIND :SUNSHINE: SKY :PK WND
================================================================================
1 2 3 4 5 6A 6B 7 8 9 10 11 12 13 14 15 16 17 18
12Z AVG MX 2MIN
DY MAX MIN AVG DEP HDD CDD WTR SNW DPTH SPD SPD DIR MIN PSBL S-S WX SPD DR
================================================================================
1 93 73 83 2 0 18 0.00 M M 2.4 8 220 M M 1 1 14 220
2 88 75 82 1 0 17 0.01 M M 1.2 6 100 M M 5 1 M M
3 86 70 78 -3 0 13 0.00 M M 4.0 9 80 M M 8 1 16 90
4 88 72 80 -1 0 15 0.00 M M 4.7 8 80 M M 8 14 80
5 90 72 81 0 0 16 0.00 M M 6.0 13 180 M M 7 20 180
6 91 70 81 0 0 16 0.00 M M 3.5 12 160 M M 2 1 24 180
7 90 70 80 -2 0 15 0.00 M M 3.1 10 190 M M 2 1 16 190
8 91 72 82 0 0 17 0.00 M M 3.6 7 140 M M 4 18 99
9 84 72 78 -4 0 13 M M M 5.8 10 140 M M 6 1 22 140
10 93 72 83 1 0 18 0.00 M M 5.6 14 220 M M 7 18 22 M
11 88 68 78 -4 0 13 1.72 M M 7.0 18 180 M M 5 138 26 180
12 81 68 75 -7 0 10 1.21 M M 4.8 9 240 M M 4 13 20 90
13 90 66 78 -4 0 13 0.00 M M 2.9 13 200 M M 4 8 30 200
14 91 66 79 -3 0 14 0.00 M M 4.5 12 140 M M 2 21 140
15 90 73 82 0 0 17 M M M 6.3 15 160 M M 2 18 130
16 93 75 84 2 0 19 M M M 7.6 13 210 M M 5 8 18 210
17 91 75 83 1 0 18 M M M 5.1 10 190 M M 4 1 16 190
18 93 73 83 1 0 18 M M M 4.0 9 210 M M 3 13 170
19 82 70 76 -6 0 11 0.60 M M 3.8 9 240 M M 6 1 16 99
20 88 68 78 -5 0 13 0.02 M M 5.3 10 30 M M 4 12 17 20
21 90 72 81 -2 0 16 0.00 M M 3.7 8 70 M M 3 1 15 99
22 91 70 81 -2 0 16 0.00 M M 4.1 9 180 M M 2 18 12 210
23 95 72 84 1 0 19 0.00 M M 5.8 15 210 M M 4 16 190
24 93 75 84 1 0 19 0.00 M M 6.7 12 200 M M 3 18 16 170
25 95 73 84 1 0 19 0.00 M M 3.9 8 200 M M 2 18 12 200
26 95 72 84 1 0 19 0.00 M M 2.4 8 200 M M 1 M M
27 97 72 85 2 0 20 0.00 M M 3.2 8 170 M M 2 M M
28 93 73 83 0 0 18 0.18 M M 2.3 17 350 M M 5 13 29 350
29 95 73 84 1 0 19 0.00 M M 2.3 9 180 M M 3 13 18 130
30 95 75 85 2 0 20 0.00 M M 1.3 6 99 M M 2 18 M M
31 95 75 85 2 0 20 0.00 M M 2.7 7 160 M M 1 1 12 250
================================================================================
SM 2815 2222 0 509 3.74 M 129.4 M 117
================================================================================
AV 90.8 71.7 4.2 FASTST M M 4 MAX(MPH)
MISC ----> 18 180 30 200
================================================================================
NOTES:
# LAST OF SEVERAL OCCURRENCES
COLUMN 17 PEAK WIND IN M.P.H.
PRELIMINARY LOCAL CLIMATOLOGICAL DATA (WS FORM: F-6) , PAGE 2
STATION: PALESTINE
MONTH: JULY
YEAR: 2021
LATITUDE: 31 46 N
LONGITUDE: 95 42 W
[TEMPERATURE DATA] [PRECIPITATION DATA] SYMBOLS USED IN COLUMN 16
AVERAGE MONTHLY: 81.2 TOTAL FOR MONTH: 3.74 1 = FOG OR MIST
DPTR FM NORMAL: -1.0 DPTR FM NORMAL: 1.09 2 = FOG REDUCING VISIBILITY
HIGHEST: 97 ON 27 GRTST 24HR 1.72 ON 11-11 TO 1/4 MILE OR LESS
LOWEST: 66 ON 14,13 3 = THUNDER
SNOW, ICE PELLETS, HAIL 4 = ICE PELLETS
TOTAL MONTH: M 5 = HAIL
GRTST 24HR M ON M 6 = FREEZING RAIN OR DRIZZLE
GRTST DEPTH: M ON M 7 = DUSTSTORM OR SANDSTORM:
VSBY 1/2 MILE OR LESS
8 = SMOKE OR HAZE
[NO. OF DAYS WITH] [WEATHER - DAYS WITH] 9 = BLOWING SNOW
X = TORNADO
MAX 32 OR BELOW: 0 0.01 INCH OR MORE: 6
MAX 90 OR ABOVE: 23 0.10 INCH OR MORE: 4
MIN 32 OR BELOW: 0 0.50 INCH OR MORE: 3
MIN 0 OR BELOW: 0 1.00 INCH OR MORE: 2
[HDD (BASE 65) ]
TOTAL THIS MO. 0 CLEAR (SCALE 0-3) 13
DPTR FM NORMAL 0 PTCLDY (SCALE 4-7) 17
TOTAL FM JUL 1 0 CLOUDY (SCALE 8-10) 1
DPTR FM NORMAL 0
[CDD (BASE 65) ]
TOTAL THIS MO. 509
DPTR FM NORMAL -24 [PRESSURE DATA]
TOTAL FM JAN 1 1244 HIGHEST SLP M ON M
DPTR FM NORMAL -49 LOWEST SLP M ON M
[REMARKS]
#FINAL-07-21#