000
CXUS54 KHGX 011515
CF6PSX
PRELIMINARY LOCAL CLIMATOLOGICAL DATA (WS FORM: F-6)
STATION: PALACIOS
MONTH: JULY
YEAR: 2020
LATITUDE: 28 43 N
LONGITUDE: 96 15 W
TEMPERATURE IN F: :PCPN: SNOW: WIND :SUNSHINE: SKY :PK WND
================================================================================
1 2 3 4 5 6A 6B 7 8 9 10 11 12 13 14 15 16 17 18
12Z AVG MX 2MIN
DY MAX MIN AVG DEP HDD CDD WTR SNW DPTH SPD SPD DIR MIN PSBL S-S WX SPD DR
================================================================================
1 91 83 87 3 0 22 0.00 0.0 0 15.3 22 170 M M 9 27 180
2 91 82 87 3 0 22 0.00 0.0 0 10.6 18 170 M M 5 8 29 160
3 90 80 85 1 0 20 0.00 0.0 0 9.6 13 190 M M 2 M M
4 92 79 86 2 0 21 0.00 0.0 0 9.2 16 180 M M 2 23 160
5 90 82 86 2 0 21 0.00 0.0 0 12.6 20 170 M M 3 43 160
6 91 84 88 4 0 23 0.00 0.0 0 13.9 20 190 M M 4 8 37 160
7 91 84 88 4 0 23 0.00 0.0 0 13.0 20 180 M M 6 8 33 150
8 92 84 88 4 0 23 T 0.0 0 14.6 21 170 M M 8 8 26 180
9 92 84 88 4 0 23 0.00 0.0 0 12.9 20 170 M M 4 8 26 170
10 94 83 89 5 0 24 0.00 0.0 0 11.5 15 160 M M 3 32 150
11 92 84 88 4 0 23 0.00 0.0 0 11.2 17 190 M M 2 27 110
12 91 81 86 2 0 21 0.00 0.0 0 11.0 22 200 M M 3 32 240
13 91 83 87 3 0 22 0.00 0.0 0 13.3 18 200 M M 4 46 120
14 91 84 88 4 0 23 0.00 0.0 0 14.8 20 170 M M 4 8 36 280
15 92 84 88 4 0 23 0.00 0.0 M 13.0 20 180 M M 4 34 150
16 93 84 89 5 0 24 0.00 0.0 0 11.2 18 170 M M 2 33 330
17 88 78 83 -1 0 18 T 0.0 0 7.7 20 150 M M 2 24 160
18 92 76 84 0 0 19 T 0.0 0 7.8 17 150 M M 2 1 21 160
19 93 76 85 1 0 20 T 0.0 0 8.5 21 140 M M 1 38 25 150
20 91 76 84 0 0 19 T 0.0 0 9.8 20 70 M M 2 3 25 70
21 92 78 85 1 0 20 0.70 0.0 M 8.8 15 130 M M 2 138 21 130
22 91 77 84 0 0 19 0.68 0.0 0 6.9 16 110 M M 4 13 84 90
23 94 78 86 2 0 21 0.00 0.0 0 7.9 23 80 M M 2 35 90
24 94 78 86 2 0 21 0.24 0.0 0 12.8 38 80 M M 4 138 77 90
25 82 77 80 -4 0 15 0.91 0.0 0 16.1 32 90 M M 9 138 44 100
26 91 73 82 -2 0 17 0.38 0.0 0 15.7 32 140 M M 4 1 38 150
27 90 75 83 -1 0 18 0.08 0.0 0 6.9 29 40 M M 2 138 33 50
28 88 77 83 -1 0 18 0.30 0.0 0 8.0 21 210 M M 3 138 26 210
29 90 81 86 2 0 21 0.00 0.0 0 12.1 23 170 M M 2 3 31 160
30 90 83 87 3 0 22 0.00 0.0 0 12.2 18 170 M M 2 25 180
31 91 83 87 3 0 22 0.00 0.0 0 12.2 17 180 M M 3 24 190
================================================================================
SM 2821 2491 0 648 3.29 0.0 351.1 M 109
================================================================================
AV 91.0 80.4 11.3 FASTST M M 4 MAX(MPH)
MISC ----> # 38 80 # 84 90
================================================================================
NOTES:
# LAST OF SEVERAL OCCURRENCES
COLUMN 17 PEAK WIND IN M.P.H.
PRELIMINARY LOCAL CLIMATOLOGICAL DATA (WS FORM: F-6) , PAGE 2
STATION: PALACIOS
MONTH: JULY
YEAR: 2020
LATITUDE: 28 43 N
LONGITUDE: 96 15 W
[TEMPERATURE DATA] [PRECIPITATION DATA] SYMBOLS USED IN COLUMN 16
AVERAGE MONTHLY: 85.7 TOTAL FOR MONTH: 3.29 1 = FOG OR MIST
DPTR FM NORMAL: 1.7 DPTR FM NORMAL: -1.47 2 = FOG REDUCING VISIBILITY
HIGHEST: 94 ON 24,23 GRTST 24HR 0.91 ON 25-25 TO 1/4 MILE OR LESS
LOWEST: 73 ON 26 3 = THUNDER
SNOW, ICE PELLETS, HAIL 4 = ICE PELLETS
TOTAL MONTH: 0.0 INCH 5 = HAIL
GRTST 24HR 0.0 6 = FREEZING RAIN OR DRIZZLE
GRTST DEPTH: 0 7 = DUSTSTORM OR SANDSTORM:
VSBY 1/2 MILE OR LESS
8 = SMOKE OR HAZE
[NO. OF DAYS WITH] [WEATHER - DAYS WITH] 9 = BLOWING SNOW
X = TORNADO
MAX 32 OR BELOW: 0 0.01 INCH OR MORE: 7
MAX 90 OR ABOVE: 28 0.10 INCH OR MORE: 6
MIN 32 OR BELOW: 0 0.50 INCH OR MORE: 3
MIN 0 OR BELOW: 0 1.00 INCH OR MORE: 0
[HDD (BASE 65) ]
TOTAL THIS MO. 0 CLEAR (SCALE 0-3) 18
DPTR FM NORMAL 0 PTCLDY (SCALE 4-7) 11
TOTAL FM JUL 1 0 CLOUDY (SCALE 8-10) 2
DPTR FM NORMAL 0
[CDD (BASE 65) ]
TOTAL THIS MO. 648
DPTR FM NORMAL 59 [PRESSURE DATA]
TOTAL FM JAN 1 2101 HIGHEST SLP 30.06 ON 17
DPTR FM NORMAL 354 LOWEST SLP 29.72 ON 25
[REMARKS]
#FINAL-07-20#