000
CXUS54 KHGX 011510
CF6PSX
PRELIMINARY LOCAL CLIMATOLOGICAL DATA (WS FORM: F-6)
STATION: PALACIOS
MONTH: NOVEMBER
YEAR: 2023
LATITUDE: 28 43 N
LONGITUDE: 96 15 W
TEMPERATURE IN F: :PCPN: SNOW: WIND :SUNSHINE: SKY :PK WND
================================================================================
1 2 3 4 5 6A 6B 7 8 9 10 11 12 13 14 15 16 17 18
12Z AVG MX 2MIN
DY MAX MIN AVG DEP HDD CDD WTR SNW DPTH SPD SPD DIR MIN PSBL S-S WX SPD DR
================================================================================
1 65 37 51 -18 14 0 0.00 0.0 0 7.2 17 20 M M 0 22 30
2 70 39 55 -13 10 0 0.00 0.0 0 8.1 14 130 M M 1 8 22 100
3 77 57 67 -1 0 2 0.00 0.0 0 8.1 15 130 M M 7 1 20 130
4 81 60 71 3 0 6 T 0.0 0 6.5 12 70 M M 5 1 14 70
5 80 63 72 4 0 7 0.00 0.0 0 9.0 15 150 M M 1 20 150
6 78 63 71 4 0 6 0.00 0.0 0 7.3 14 190 M M 0 1 20 190
7 81 66 74 7 0 9 0.00 0.0 0 9.5 16 180 M M 2 1 25 320
8 82 70 76 9 0 11 0.00 0.0 0 11.1 20 170 M M 1 26 170
9 83 69 76 10 0 11 1.11 0.0 0 10.1 21 160 M M 7 1 29 170
10 70 57 64 -2 1 0 0.65 0.0 0 13.7 21 20 M M 10 1 28 360
11 60 56 58 -8 7 0 0.02 0.0 0 11.2 17 360 M M 10 1 22 360
12 63 58 61 -4 4 0 0.79 0.0 0 10.0 16 20 M M 10 1 25 20
13 62 60 61 -4 4 0 1.79 0.0 0 14.2 21 30 M M 10 1 27 40
14 71 56 64 -1 1 0 T 0.0 0 9.7 15 10 M M 7 1 M M
15 75 53 64 -1 1 0 0.00 0.0 0 7.4 17 360 M M 0 1 23 350
16 62 56 59 -5 6 0 0.00 0.0 0 4.2 10 50 M M 10 1 20 270
17 74 52 63 -1 2 0 0.00 0.0 0 5.3 10 180 M M 0 1 18 260
18 76 59 68 4 0 3 0.00 0.0 0 9.2 15 30 M M 7 1 20 30
19 74 58 66 2 0 1 0.00 0.0 0 11.4 18 120 M M 7 1 24 130
20 80 64 72 9 0 7 0.01 0.0 0 10.4 18 230 M M 3 1 24 230
21 64 47 56 -7 9 0 0.00 0.0 0 21.2 31 330 M M 1 48 360
22 58 42 50 -13 15 0 0.00 0.0 0 9.5 18 330 M M 0 23 330
23 60 47 54 -8 11 0 0.01 0.0 0 3.0 7 70 M M 8 16 200
24 70 50 60 -2 5 0 0.00 0.0 0 10.7 17 60 M M 5 22 60
25 70 50 60 -2 5 0 T M 0 11.3 22 80 M M 9 1 30 80
26 64 48 56 -6 9 0 T 0.0 0 19.8 31 350 M M 9 47 360
27 58 47 53 -9 12 0 0.00 0.0 0 13.1 23 20 M M 10 29 10
28 63 44 54 -7 11 0 0.00 0.0 0 6.7 15 40 M M 6 18 40
29 69 43 56 -5 9 0 0.00 0.0 0 9.8 20 110 M M 10 29 100
30 71 66 69 8 0 4 1.01 0.0 0 11.5 22 140 M M 8 138 29 170
================================================================================
SM 2111 1637 136 67 5.39 0.0 300.2 M 164
================================================================================
AV 70.4 54.6 10.0 FASTST M M 5 MAX(MPH)
MISC ----> # 31 330 48 360
================================================================================
NOTES:
# LAST OF SEVERAL OCCURRENCES
COLUMN 17 PEAK WIND IN M.P.H.
PRELIMINARY LOCAL CLIMATOLOGICAL DATA (WS FORM: F-6) , PAGE 2
STATION: PALACIOS
MONTH: NOVEMBER
YEAR: 2023
LATITUDE: 28 43 N
LONGITUDE: 96 15 W
[TEMPERATURE DATA] [PRECIPITATION DATA] SYMBOLS USED IN COLUMN 16
AVERAGE MONTHLY: 62.5 TOTAL FOR MONTH: 5.39 1 = FOG OR MIST
DPTR FM NORMAL: -2.1 DPTR FM NORMAL: 2.00 2 = FOG REDUCING VISIBILITY
HIGHEST: 83 ON 9 GRTST 24HR 2.41 ON 12-13 TO 1/4 MILE OR LESS
LOWEST: 37 ON 1 3 = THUNDER
SNOW, ICE PELLETS, HAIL 4 = ICE PELLETS
TOTAL MONTH: 0.0 INCH 5 = HAIL
GRTST 24HR 0.0 6 = FREEZING RAIN OR DRIZZLE
GRTST DEPTH: 0 7 = DUSTSTORM OR SANDSTORM:
VSBY 1/2 MILE OR LESS
8 = SMOKE OR HAZE
[NO. OF DAYS WITH] [WEATHER - DAYS WITH] 9 = BLOWING SNOW
X = TORNADO
MAX 32 OR BELOW: 0 0.01 INCH OR MORE: 8
MAX 90 OR ABOVE: 0 0.10 INCH OR MORE: 5
MIN 32 OR BELOW: 0 0.50 INCH OR MORE: 5
MIN 0 OR BELOW: 0 1.00 INCH OR MORE: 3
[HDD (BASE 65) ]
TOTAL THIS MO. 136 CLEAR (SCALE 0-3) 10
DPTR FM NORMAL 22 PTCLDY (SCALE 4-7) 10
TOTAL FM JUL 1 176 CLOUDY (SCALE 8-10) 10
DPTR FM NORMAL 46
[CDD (BASE 65) ]
TOTAL THIS MO. 67
DPTR FM NORMAL -35 [PRESSURE DATA]
TOTAL FM JAN 1 3954 HIGHEST SLP 30.46 ON 1
DPTR FM NORMAL 470 LOWEST SLP 29.64 ON 20
[REMARKS]
#FINAL-11-23#