000
CXUS54 KOUN 010810
CF6PWA
PRELIMINARY LOCAL CLIMATOLOGICAL DATA (WS FORM: F-6)
STATION: BETHANY/WILEY POST
MONTH: JULY
YEAR: 2023
LATITUDE: 35 31 N
LONGITUDE: 97 38 W
TEMPERATURE IN F: :PCPN: SNOW: WIND :SUNSHINE: SKY :PK WND
================================================================================
1 2 3 4 5 6A 6B 7 8 9 10 11 12 13 14 15 16 17 18
12Z AVG MX 2MIN
DY MAX MIN AVG DEP HDD CDD WTR SNW DPTH SPD SPD DIR MIN PSBL S-S WX SPD DR
================================================================================
1 91 71 81 -1 0 16 T M M 8.2 15 230 M M 1 20 300
2 92 68 80 -2 0 15 0.00 M M 4.6 15 360 M M 0 20 350
3 95 69 82 0 0 17 0.05 M M 9.8 30 90 M M 1 38 38 100
4 94 71 83 1 0 18 0.00 M M 12.8 20 180 M M 1 28 310
5 87 71 79 -4 0 14 0.18 M 0 12.6 32 40 M M 1 13 43 20
6 84 70 77 -6 0 12 1.52 M M 9.9 23 70 M M 4 13 28 70
7 83 66 75 -8 0 10 0.73 M M 11.4 38 310 M M 3 13 52 300
8 88 68 78 -5 0 13 0.07 M M 5.9 15 80 M M 2 13 20 340
9 83 66 75 -8 0 10 2.70 M M 8.5 35 70 M M 5 13 42 70
10 88 65 77 -7 0 12 0.00 0.0 M 5.5 16 170 M M 1 1 21 170
11 91 69 80 -4 0 15 1.02 0.0 M 10.5 21 120 M M 3 13 28 300
12 95 76 86 2 0 21 0.01 0.0 M 14.0 22 180 M M 1 13 29 180
13 96 75 86 2 0 21 0.18 M M 9.5 28 150 M M 1 13 33 150
14 93 75 84 0 0 19 0.04 M M 10.9 24 140 M M 2 3 29 140
15 89 71 80 -4 0 15 T M M 8.0 21 30 M M 3 3 25 30
16 94 68 81 -3 0 16 0.00 M M 6.8 17 180 M M 0 23 170
17 95 73 84 0 0 19 0.00 M M 12.2 20 170 M M 0 25 170
18 99 79 89 5 0 24 0.00 M M 15.3 26 210 M M 0 31 210
19 97 81 89 5 0 24 0.00 0.0 M 14.2 24 200 M M 0 29 200
20 93 75 84 -1 0 19 0.00 M M 8.3 17 160 M M 0 22 160
21 86 71 79 -6 0 14 T M M 9.2 36 320 M M 2 3 46 320
22 89 63 76 -9 0 11 0.00 M M 2.9 8 80 M M 1 12 50
23 92 66 79 -6 0 14 0.00 M M 9.3 16 170 M M 0 20 180
24 98 73 86 1 0 21 0.00 M M 15.0 24 170 M M 0 31 170
25 101 78 90 5 0 25 0.00 M M 17.2 25 210 M M 0 29 210
26 99 79 89 4 0 24 0.00 M M 16.2 23 200 M M 0 28 210
27 99 76 88 3 0 23 0.00 M M 15.1 21 160 M M 0 28 160
28 99 80 90 5 0 25 0.00 M M 15.7 23 190 M M 0 28 200
29 99 76 88 3 0 23 0.00 M M 11.1 17 200 M M 0 22 190
30 100 73 87 2 0 22 0.00 M M 9.4 14 180 M M 0 19 180
31 101 77 89 4 0 24 0.00 M M 13.2 21 160 M M 0 25 150
================================================================================
SM 2890 2239 0 556 6.50 0.0 333.2 M 32
================================================================================
AV 93.2 72.2 10.7 FASTST M M 1 MAX(MPH)
MISC ----> 38 310 52 300
================================================================================
NOTES:
# LAST OF SEVERAL OCCURRENCES
COLUMN 17 PEAK WIND IN M.P.H.
PRELIMINARY LOCAL CLIMATOLOGICAL DATA (WS FORM: F-6) , PAGE 2
STATION: BETHANY/WILEY POST
MONTH: JULY
YEAR: 2023
LATITUDE: 35 31 N
LONGITUDE: 97 38 W
[TEMPERATURE DATA] [PRECIPITATION DATA] SYMBOLS USED IN COLUMN 16
AVERAGE MONTHLY: 82.7 TOTAL FOR MONTH: 6.50 1 = FOG OR MIST
DPTR FM NORMAL: -1.2 DPTR FM NORMAL: 3.62 2 = FOG REDUCING VISIBILITY
HIGHEST: 101 ON 31,25 GRTST 24HR 2.70 ON 9- 9 TO 1/4 MILE OR LESS
LOWEST: 63 ON 22 3 = THUNDER
SNOW, ICE PELLETS, HAIL 4 = ICE PELLETS
TOTAL MONTH: 0.0 INCH 5 = HAIL
GRTST 24HR 0.0 6 = FREEZING RAIN OR DRIZZLE
GRTST DEPTH: 0 7 = DUSTSTORM OR SANDSTORM:
VSBY 1/2 MILE OR LESS
8 = SMOKE OR HAZE
[NO. OF DAYS WITH] [WEATHER - DAYS WITH] 9 = BLOWING SNOW
X = TORNADO
MAX 32 OR BELOW: 0 0.01 INCH OR MORE: 10
MAX 90 OR ABOVE: 22 0.10 INCH OR MORE: 6
MIN 32 OR BELOW: 0 0.50 INCH OR MORE: 4
MIN 0 OR BELOW: 0 1.00 INCH OR MORE: 3
[HDD (BASE 65) ]
TOTAL THIS MO. 0 CLEAR (SCALE 0-3) 28
DPTR FM NORMAL 0 PTCLDY (SCALE 4-7) 3
TOTAL FM JUL 1 0 CLOUDY (SCALE 8-10) 0
DPTR FM NORMAL 0
[CDD (BASE 65) ]
TOTAL THIS MO. 556
DPTR FM NORMAL -30 [PRESSURE DATA]
TOTAL FM JAN 1 1147 HIGHEST SLP M ON M
DPTR FM NORMAL -101 LOWEST SLP 29.68 ON 13
[REMARKS]
#FINAL-07-23#