000
CXUS51 KGYX 012043
CF6PWM
PRELIMINARY LOCAL CLIMATOLOGICAL DATA (WS FORM: F-6)
STATION: PORTLAND ME
MONTH: JUNE
YEAR: 2023
LATITUDE: 43 39 N
LONGITUDE: 70 19 W
TEMPERATURE IN F: :PCPN: SNOW: WIND :SUNSHINE: SKY :PK WND
================================================================================
1 2 3 4 5 6A 6B 7 8 9 10 11 12 13 14 15 16 17 18
12Z AVG MX 2MIN
DY MAX MIN AVG DEP HDD CDD WTR SNW DPTH SPD SPD DIR MIN PSBL S-S WX SPD DR
================================================================================
1 84 52 68 8 0 3 T 0.0 0 4.0 12 160 M M 1 38 15 150
2 85 54 70 10 0 5 0.09 0.0 0 7.0 20 10 M M 6 138 27 360
3 55 45 50 -10 15 0 0.46 0.0 0 11.2 20 30 M M 10 1 25 30
4 50 43 47 -14 18 0 0.37 0.0 0 10.2 18 10 M M 10 1 23 30
5 62 49 56 -5 9 0 0.29 0.0 0 9.0 17 350 M M 10 1 22 360
6 68 50 59 -2 6 0 T 0.0 0 12.2 25 350 M M 6 33 340
7 64 50 57 -5 8 0 0.01 0.0 0 8.5 20 310 M M 8 1 25 300
8 62 47 55 -7 10 0 0.13 0.0 0 3.6 13 160 M M 8 1 17 150
9 63 49 56 -6 9 0 T 0.0 0 4.8 12 140 M M 8 1 17 130
10 65 49 57 -6 8 0 T 0.0 0 4.3 13 160 M M 6 1 18 160
11 79 49 64 1 1 0 0.00 0.0 0 6.8 18 190 M M 2 24 170
12 72 55 64 1 1 0 0.00 0.0 0 4.6 15 150 M M 6 18 17 150
13 60 54 57 -7 8 0 1.28 0.0 0 7.5 14 80 M M 9 1 20 100
14 69 55 62 -2 3 0 0.08 0.0 0 5.1 14 180 M M 8 12 17 180
15 72 56 64 0 1 0 0.01 0.0 0 5.1 15 160 M M 6 1 19 170
16 76 58 67 2 0 2 T 0.0 0 5.5 15 160 M M 4 13 22 150
17 61 55 58 -7 7 0 1.84 0.0 0 9.2 17 350 M M 10 1 21 360
18 65 55 60 -5 5 0 0.06 0.0 0 8.7 20 350 M M 10 1 25 340
19 68 57 63 -3 2 0 T 0.0 0 5.0 14 160 M M 8 18 150
20 64 52 58 -8 7 0 0.03 0.0 0 4.8 14 150 M M 7 1 17 150
21 69 51 60 -6 5 0 0.00 0.0 0 4.1 13 160 M M 4 1 17 130
22 70 48 59 -7 6 0 0.00 0.0 0 4.9 14 160 M M 1 18 150
23 74 49 62 -5 3 0 0.00 0.0 0 4.6 18 190 M M 4 25 200
24 73 64 69 2 0 4 0.07 0.0 0 5.8 12 160 M M 8 1 14 150
25 81 66 74 7 0 9 0.00 0.0 0 5.4 13 150 M M 7 16 150
26 66 57 62 -6 3 0 0.00 0.0 0 10.3 17 90 M M 10 123 21 90
27 72 58 65 -3 0 0 0.58 0.0 0 9.3 17 170 M M 9 123 26 160
28 68 63 66 -2 0 1 0.29 0.0 0 5.9 14 140 M M 10 12 19 160
29 76 64 70 2 0 5 0.09 0.0 0 6.7 16 160 M M 7 12 20 160
30 67 61 64 -4 1 0 0.00 0.0 0 5.4 10 90 M M 10 12 13 100
================================================================================
SM 2060 1615 136 29 5.68 0.0 199.5 M 213
================================================================================
AV 68.7 53.8 6.7 FASTST M M 7 MAX(MPH)
MISC ----> 25 350 33 340
================================================================================
NOTES:
# LAST OF SEVERAL OCCURRENCES
COLUMN 17 PEAK WIND IN M.P.H.
PRELIMINARY LOCAL CLIMATOLOGICAL DATA (WS FORM: F-6) , PAGE 2
STATION: PORTLAND ME
MONTH: JUNE
YEAR: 2023
LATITUDE: 43 39 N
LONGITUDE: 70 19 W
[TEMPERATURE DATA] [PRECIPITATION DATA] SYMBOLS USED IN COLUMN 16
AVERAGE MONTHLY: 61.3 TOTAL FOR MONTH: 5.68 1 = FOG OR MIST
DPTR FM NORMAL: -3.1 DPTR FM NORMAL: 1.53 2 = FOG REDUCING VISIBILITY
HIGHEST: 85 ON 2 GRTST 24HR 1.89 ON 17-18 TO 1/4 MILE OR LESS
LOWEST: 43 ON 4 3 = THUNDER
SNOW, ICE PELLETS, HAIL 4 = ICE PELLETS
TOTAL MONTH: 0.0 INCH 5 = HAIL
GRTST 24HR 0.0 6 = FREEZING RAIN OR DRIZZLE
GRTST DEPTH: 0 7 = DUSTSTORM OR SANDSTORM:
VSBY 1/2 MILE OR LESS
8 = SMOKE OR HAZE
[NO. OF DAYS WITH] [WEATHER - DAYS WITH] 9 = BLOWING SNOW
X = TORNADO
MAX 32 OR BELOW: 0 0.01 INCH OR MORE: 16
MAX 90 OR ABOVE: 0 0.10 INCH OR MORE: 8
MIN 32 OR BELOW: 0 0.50 INCH OR MORE: 3
MIN 0 OR BELOW: 0 1.00 INCH OR MORE: 2
[HDD (BASE 65) ]
TOTAL THIS MO. 136 CLEAR (SCALE 0-3) 3
DPTR FM NORMAL 47 PTCLDY (SCALE 4-7) 15
TOTAL FM JUL 1 6267 CLOUDY (SCALE 8-10) 12
DPTR FM NORMAL -527
[CDD (BASE 65) ]
TOTAL THIS MO. 29
DPTR FM NORMAL -39 [PRESSURE DATA]
TOTAL FM JAN 1 35 HIGHEST SLP 30.38 ON 21
DPTR FM NORMAL -44 LOWEST SLP 29.46 ON 15
[REMARKS]
#FINAL-06-23#