000
CXUS54 KFWD 010830
CF6RBD
PRELIMINARY LOCAL CLIMATOLOGICAL DATA (WS FORM: F-6)
STATION: DALLAS EXECUTIVE
MONTH: DECEMBER
YEAR: 2022
LATITUDE: 32 40 N
LONGITUDE: 96 52 W
TEMPERATURE IN F: :PCPN: SNOW: WIND :SUNSHINE: SKY :PK WND
================================================================================
1 2 3 4 5 6A 6B 7 8 9 10 11 12 13 14 15 16 17 18
12Z AVG MX 2MIN
DY MAX MIN AVG DEP HDD CDD WTR SNW DPTH SPD SPD DIR MIN PSBL S-S WX SPD DR
================================================================================
1 52 32 42 -10 23 0 T M M 7.1 20 170 M M 5 29 120
2 65 48 57 5 8 0 T M M 12.1 20 180 M M 7 1 25 170
3 64 45 55 3 10 0 0.00 M M 11.0 22 350 M M 4 32 350
4 58 47 53 1 12 0 T M M 6.0 12 170 M M 9 1 16 340
5 78 51 65 14 0 0 0.00 M M 12.7 22 200 M M 4 1 37 200
6 75 64 70 19 0 5 T M M 8.1 16 200 M M 2 26 220
7 76 60 68 17 0 3 0.04 M M 4.6 14 190 M M 9 1 21 180
8 76 60 68 18 0 3 0.12 M M 4.5 15 200 M M 9 12 24 200
9 65 60 63 13 2 0 0.00 M M 5.9 12 20 M M 10 12 16 50
10 74 54 64 14 1 0 1.35 M M 8.2 20 360 M M 9 123 28 310
11 57 51 54 4 11 0 0.08 M M 6.2 14 320 M M 10 1 19 320
12 63 54 59 9 6 0 0.06 M M 12.0 22 140 M M 10 12 32 150
13 70 52 61 12 4 0 1.10 M M 10.2 40 280 M M 7 123 62 290
14 56 41 49 0 16 0 T M M 9.6 21 300 M M 4 3 29 230
15 54 34 44 -5 21 0 0.00 M M 6.1 14 300 M M 0 19 290
16 48 34 41 -8 24 0 T M M 7.2 17 10 M M 3 8 24 10
17 51 32 42 -6 23 0 0.00 M M 6.5 18 330 M M 0 22 340
18 54 29 42 -6 23 0 0.00 M M 7.8 16 170 M M 2 21 170
19 48 43 46 -2 19 0 0.00 M M 10.6 20 140 M M 10 1 25 130
20 55 37 46 -2 19 0 T M M 8.4 16 30 M M 5 1 26 360
21 51 31 41 -7 24 0 0.00 M M 6.4 15 190 M M 0 1 20 180
22 44 10 27 -21 38 0 T M M 17.4 33 330 M M 7 1 47 330
23 23 10 17 -31 48 0 0.00 M M 13.4 22 320 M M 1 31 330
24 36 21 29 -19 36 0 0.00 M M 4.5 10 350 M M 0 14 320
25 50 22 36 -11 29 0 0.00 M M 7.0 14 180 M M 0 19 180
26 55 30 43 -4 22 0 0.00 M M 8.9 20 10 M M 1 28 20
27 50 22 36 -11 29 0 0.00 M M 8.5 17 170 M M 0 26 160
28 71 37 54 7 11 0 0.00 M M 17.0 30 190 M M 0 47 200
29 73 55 64 17 1 0 0.00 M M 10.1 26 180 M M 3 42 170
30 65 45 55 8 10 0 0.00 M M 4.7 12 300 M M 3 13 300
31 72 50 61 14 4 0 0.00 M M 9.2 17 210 M M 2 25 210
================================================================================
SM 1829 1261 474 11 2.75 M 271.9 M 136
================================================================================
AV 59.0 40.7 8.8 FASTST M M 4 MAX(MPH)
MISC ----> 40 280 62 290
================================================================================
NOTES:
# LAST OF SEVERAL OCCURRENCES
COLUMN 17 PEAK WIND IN M.P.H.
PRELIMINARY LOCAL CLIMATOLOGICAL DATA (WS FORM: F-6) , PAGE 2
STATION: DALLAS EXECUTIVE
MONTH: DECEMBER
YEAR: 2022
LATITUDE: 32 40 N
LONGITUDE: 96 52 W
[TEMPERATURE DATA] [PRECIPITATION DATA] SYMBOLS USED IN COLUMN 16
AVERAGE MONTHLY: 49.8 TOTAL FOR MONTH: 2.75 1 = FOG OR MIST
DPTR FM NORMAL: 0.7 DPTR FM NORMAL: -0.33 2 = FOG REDUCING VISIBILITY
HIGHEST: 78 ON 5 GRTST 24HR 1.43 ON 10-11 TO 1/4 MILE OR LESS
LOWEST: 10 ON 23,22 3 = THUNDER
SNOW, ICE PELLETS, HAIL 4 = ICE PELLETS
TOTAL MONTH: M 5 = HAIL
GRTST 24HR M ON M 6 = FREEZING RAIN OR DRIZZLE
GRTST DEPTH: M ON M 7 = DUSTSTORM OR SANDSTORM:
VSBY 1/2 MILE OR LESS
8 = SMOKE OR HAZE
[NO. OF DAYS WITH] [WEATHER - DAYS WITH] 9 = BLOWING SNOW
X = TORNADO
MAX 32 OR BELOW: 1 0.01 INCH OR MORE: 6
MAX 90 OR ABOVE: 0 0.10 INCH OR MORE: 3
MIN 32 OR BELOW: 10 0.50 INCH OR MORE: 2
MIN 0 OR BELOW: 0 1.00 INCH OR MORE: 2
[HDD (BASE 65) ]
TOTAL THIS MO. 474 CLEAR (SCALE 0-3) 13
DPTR FM NORMAL -26 PTCLDY (SCALE 4-7) 10
TOTAL FM JUL 1 895 CLOUDY (SCALE 8-10) 8
DPTR FM NORMAL 61
[CDD (BASE 65) ]
TOTAL THIS MO. 11
DPTR FM NORMAL 5 [PRESSURE DATA]
TOTAL FM JAN 1 3174 HIGHEST SLP 30.80 ON 23
DPTR FM NORMAL 339 LOWEST SLP 29.61 ON 13
[REMARKS]
#FINAL-12-22#