000
CXUS56 KMFR 010930
CF6RBG
PRELIMINARY LOCAL CLIMATOLOGICAL DATA (WS FORM: F-6)
STATION: ROSEBURG OR
MONTH: JULY
YEAR: 2021
LATITUDE: 43 13 N
LONGITUDE: 123 22 W
TEMPERATURE IN F: :PCPN: SNOW: WIND :SUNSHINE: SKY :PK WND
================================================================================
1 2 3 4 5 6A 6B 7 8 9 10 11 12 13 14 15 16 17 18
12Z AVG MX 2MIN
DY MAX MIN AVG DEP HDD CDD WTR SNW DPTH SPD SPD DIR MIN PSBL S-S WX SPD DR
================================================================================
1 77 63 70 2 0 5 0.00 M M 6.6 17 10 M M 6 22 20
2 91 62 77 8 0 12 0.00 M M 5.2 18 10 M M 4 21 10
3 95 60 78 9 0 13 0.00 M M 4.9 17 10 M M 0 20 330
4 92 61 77 8 0 12 0.00 M M 6.3 17 10 M M 0 23 360
5 94 58 76 6 0 11 0.00 M M 4.4 16 360 M M 0 22 20
6 95 59 77 7 0 12 0.00 M M 4.4 16 290 M M 0 25 20
7 88 56 72 2 0 7 0.00 M M 4.7 15 10 M M 3 20 30
8 84 57 71 1 0 6 0.00 M M 6.9 16 10 M M 1 22 360
9 94 55 75 4 0 10 0.00 M M 5.2 16 10 M M 0 22 20
10 95 60 78 7 0 13 0.00 M M 7.2 17 10 M M 0 24 20
11 93 59 76 5 0 11 0.00 M M 8.1 22 10 M M 0 27 10
12 93 60 77 6 0 12 0.00 M M 6.3 20 10 M M 0 25 10
13 92 59 76 4 0 11 0.00 M M 8.5 21 20 M M 0 27 40
14 89 60 75 3 0 10 0.00 M M 6.2 17 320 M M 0 22 330
15 85 55 70 -2 0 5 0.00 M M 7.8 17 360 M M 1 21 360
16 85 54 70 -2 0 5 0.00 M M 5.6 15 20 M M 0 20 10
17 87 55 71 -1 0 6 0.00 M M 5.7 16 360 M M 0 24 10
18 91 54 73 1 0 8 0.00 M M 4.5 15 10 M M 0 20 330
19 90 58 74 2 0 9 0.00 M M 5.4 17 320 M M 0 26 280
20 86 57 72 -1 0 7 0.00 M M 6.5 16 320 M M 1 25 10
21 79 54 67 -6 0 2 0.00 M M 6.0 16 10 M M 4 21 10
22 85 54 70 -3 0 5 0.00 M M 6.9 17 10 M M 0 24 10
23 90 54 72 -1 0 7 0.00 M M 6.9 21 360 M M 0 25 360
24 94 59 77 4 0 12 0.00 M M 6.0 17 20 M M 0 22 360
25 95 63 79 6 0 14 0.00 M M 7.2 20 360 M M 0 26 10
26 94 68 81 8 0 16 0.00 M M 7.6 17 10 M M 0 23 340
27 88 67 78 5 0 13 0.00 M M 2.6 9 310 M M 0 14 320
28 97 68 83 10 0 18 T M M 3.5 14 320 M M 0 18 360
29 99 65 82 9 0 17 0.00 M M 3.9 14 20 M M 0 19 360
30 92 67 80 7 0 15 0.00 M M 3.0 14 10 M M 0 17 360
31 95 72 84 11 0 19 0.00 M M 4.3 14 10 M M 0 20 30
================================================================================
SM 2804 1853 0 323 T M 178.3 M 20
================================================================================
AV 90.5 59.8 5.8 FASTST M M 1 MAX(MPH)
MISC ----> 22 10 # 27 10
================================================================================
NOTES:
# LAST OF SEVERAL OCCURRENCES
COLUMN 17 PEAK WIND IN M.P.H.
PRELIMINARY LOCAL CLIMATOLOGICAL DATA (WS FORM: F-6) , PAGE 2
STATION: ROSEBURG OR
MONTH: JULY
YEAR: 2021
LATITUDE: 43 13 N
LONGITUDE: 123 22 W
[TEMPERATURE DATA] [PRECIPITATION DATA] SYMBOLS USED IN COLUMN 16
AVERAGE MONTHLY: 75.1 TOTAL FOR MONTH: T 1 = FOG OR MIST
DPTR FM NORMAL: 3.5 DPTR FM NORMAL: -0.26 2 = FOG REDUCING VISIBILITY
HIGHEST: 99 ON 29 GRTST 24HR T ON 28-28 TO 1/4 MILE OR LESS
LOWEST: 54 ON 23,22 3 = THUNDER
SNOW, ICE PELLETS, HAIL 4 = ICE PELLETS
TOTAL MONTH: M 5 = HAIL
GRTST 24HR M ON M 6 = FREEZING RAIN OR DRIZZLE
GRTST DEPTH: M ON M 7 = DUSTSTORM OR SANDSTORM:
VSBY 1/2 MILE OR LESS
8 = SMOKE OR HAZE
[NO. OF DAYS WITH] [WEATHER - DAYS WITH] 9 = BLOWING SNOW
X = TORNADO
MAX 32 OR BELOW: 0 0.01 INCH OR MORE: 0
MAX 90 OR ABOVE: 20 0.10 INCH OR MORE: 0
MIN 32 OR BELOW: 0 0.50 INCH OR MORE: 0
MIN 0 OR BELOW: 0 1.00 INCH OR MORE: 0
[HDD (BASE 65) ]
TOTAL THIS MO. 0 CLEAR (SCALE 0-3) 28
DPTR FM NORMAL -7 PTCLDY (SCALE 4-7) 3
TOTAL FM JUL 1 0 CLOUDY (SCALE 8-10) 0
DPTR FM NORMAL -3
[CDD (BASE 65) ]
TOTAL THIS MO. 323
DPTR FM NORMAL 111 [PRESSURE DATA]
TOTAL FM JAN 1 566 HIGHEST SLP M ON M
DPTR FM NORMAL 261 LOWEST SLP 29.83 ON 26
[REMARKS]
#FINAL-07-21#