000
CXUS56 KMFR 010930
CF6RBG
PRELIMINARY LOCAL CLIMATOLOGICAL DATA (WS FORM: F-6)
STATION: ROSEBURG OR
MONTH: OCTOBER
YEAR: 2023
LATITUDE: 43 13 N
LONGITUDE: 123 22 W
TEMPERATURE IN F: :PCPN: SNOW: WIND :SUNSHINE: SKY :PK WND
================================================================================
1 2 3 4 5 6A 6B 7 8 9 10 11 12 13 14 15 16 17 18
12Z AVG MX 2MIN
DY MAX MIN AVG DEP HDD CDD WTR SNW DPTH SPD SPD DIR MIN PSBL S-S WX SPD DR
================================================================================
1 71 42 57 -4 8 0 0.00 M M 2.0 13 360 M M 1 12 18 10
2 67 45 56 -5 9 0 0.10 M M 0.8 5 160 M M 6 1 M M
3 71 57 64 3 1 0 T M M 3.8 14 10 M M 7 18 10
4 74 52 63 3 2 0 0.00 M M 4.7 16 360 M M 5 22 20
5 76 53 65 5 0 0 0.00 M M 1.2 8 220 M M 4 1 12 230
6 87 53 70 10 0 5 0.00 M M 0.6 6 220 M M 3 12 9 230
7 87 54 71 12 0 6 0.00 M M 1.6 12 330 M M 0 1 18 330
8 88 50 69 10 0 4 0.00 M M 0.6 8 320 M M 0 12 320
9 65 55 60 2 5 0 0.08 M M 1.1 10 330 M M 6 1 15 320
10 67 53 60 2 5 0 0.32 M M 3.5 10 230 M M 8 1 20 230
11 61 53 57 -1 8 0 0.10 M M 3.5 12 220 M M 10 18 18 230
12 71 49 60 3 5 0 0.00 M M 1.2 7 310 M M 4 12 11 10
13 59 47 53 -4 12 0 0.13 M M 1.5 10 160 M M 8 12 12 120
14 61 52 57 0 8 0 T M M 0.6 6 280 M M 9 12 8 270
15 74 55 65 9 0 0 T M M 0.5 6 360 M M 4 12 11 360
16 69 56 63 7 2 0 0.38 M M 1.3 8 10 M M 8 1 12 290
17 73 54 64 8 1 0 0.01 M M 1.7 8 20 M M 5 1 14 40
18 72 54 63 8 2 0 0.00 M M 1.3 7 160 M M 5 12 9 230
19 74 55 65 10 0 0 0.00 M M 0.5 5 220 M M 5 12 7 220
20 62 54 58 4 7 0 0.00 M M 0.6 6 10 M M 7 12 8 280
21 61 54 58 4 7 0 T M M 2.2 9 10 M M 10 1 11 10
22 64 53 59 5 6 0 0.00 M M 1.7 8 10 M M 10 1 14 10
23 66 48 57 3 8 0 0.00 M M 3.6 14 360 M M 6 18 10
24 56 46 51 -2 14 0 0.22 M M 1.2 12 150 M M 8 1 15 140
25 53 45 49 -4 16 0 0.54 M M 4.3 15 340 M M 9 18 21 320
26 56 39 48 -5 17 0 T M M 1.5 7 360 M M 4 1 10 280
27 47 37 42 -10 23 0 0.00 M M 2.3 9 10 M M 7 12 12 360
28 56 35 46 -6 19 0 0.00 M M 2.7 12 360 M M 4 15 360
29 58 31 45 -7 20 0 0.00 M M 0.9 6 230 M M 3 12 8 220
30 62 34 48 -4 17 0 0.00 M M 0.7 5 230 M M 3 12 7 220
31 65 37 51 0 14 0 T M M 0.6 5 50 M M 5 128 7 220
================================================================================
SM 2073 1502 236 15 1.88 M 54.3 M 174
================================================================================
AV 66.9 48.5 1.8 FASTST M M 6 MAX(MPH)
MISC ----> 16 360 22 20
================================================================================
NOTES:
# LAST OF SEVERAL OCCURRENCES
COLUMN 17 PEAK WIND IN M.P.H.
PRELIMINARY LOCAL CLIMATOLOGICAL DATA (WS FORM: F-6) , PAGE 2
STATION: ROSEBURG OR
MONTH: OCTOBER
YEAR: 2023
LATITUDE: 43 13 N
LONGITUDE: 123 22 W
[TEMPERATURE DATA] [PRECIPITATION DATA] SYMBOLS USED IN COLUMN 16
AVERAGE MONTHLY: 57.7 TOTAL FOR MONTH: 1.88 1 = FOG OR MIST
DPTR FM NORMAL: 1.6 DPTR FM NORMAL: -0.44 2 = FOG REDUCING VISIBILITY
HIGHEST: 88 ON 8 GRTST 24HR 0.71 ON 24-25 TO 1/4 MILE OR LESS
LOWEST: 31 ON 29 3 = THUNDER
SNOW, ICE PELLETS, HAIL 4 = ICE PELLETS
TOTAL MONTH: M 5 = HAIL
GRTST 24HR M ON M 6 = FREEZING RAIN OR DRIZZLE
GRTST DEPTH: M ON M 7 = DUSTSTORM OR SANDSTORM:
VSBY 1/2 MILE OR LESS
8 = SMOKE OR HAZE
[NO. OF DAYS WITH] [WEATHER - DAYS WITH] 9 = BLOWING SNOW
X = TORNADO
MAX 32 OR BELOW: 0 0.01 INCH OR MORE: 9
MAX 90 OR ABOVE: 0 0.10 INCH OR MORE: 7
MIN 32 OR BELOW: 1 0.50 INCH OR MORE: 1
MIN 0 OR BELOW: 0 1.00 INCH OR MORE: 0
[HDD (BASE 65) ]
TOTAL THIS MO. 236 CLEAR (SCALE 0-3) 3
DPTR FM NORMAL -49 PTCLDY (SCALE 4-7) 21
TOTAL FM JUL 1 296 CLOUDY (SCALE 8-10) 7
DPTR FM NORMAL -53
[CDD (BASE 65) ]
TOTAL THIS MO. 15
DPTR FM NORMAL 8 [PRESSURE DATA]
TOTAL FM JAN 1 913 HIGHEST SLP M ON M
DPTR FM NORMAL 306 LOWEST SLP 29.58 ON 10
[REMARKS]
#FINAL-10-23#