000
CXUS56 KSTO 131722
CF6RDD
PRELIMINARY LOCAL CLIMATOLOGICAL DATA (WS FORM: F-6)
STATION: REDDING CA AIRPORT AND CITY
MONTH: FEBRUARY
YEAR: 2021
LATITUDE: 40 30 N
LONGITUDE: 122 18 W
TEMPERATURE IN F: :PCPN: SNOW: WIND :SUNSHINE: SKY :PK WND
================================================================================
1 2 3 4 5 6A 6B 7 8 9 10 11 12 13 14 15 16 17 18
12Z AVG MX 2MIN
DY MAX MIN AVG DEP HDD CDD WTR SNW DPTH SPD SPD DIR MIN PSBL S-S WX SPD DR
================================================================================
1 58 43 51 4 14 0 0.06 0.0 0 7.6 26 170 M M 8 33 160
2 57 37 47 -1 18 0 0.27 0.0 0 8.0 20 170 M M 7 13 24 200
3 54 36 45 -3 20 0 0.01 0.0 0 7.8 17 180 M M 5 21 180
4 63 43 53 5 12 0 0.00 0.0 0 13.5 29 20 M M 0 34 20
5 72 41 57 9 8 0 0.00 0.0 0 5.8 14 350 M M 0 19 360
6 76 41 59 11 6 0 0.00 0.0 0 4.0 10 330 M M 0 17 150
7 74 33 54 6 11 0 0.00 0.0 0 2.4 8 190 M M 0 9 210
8 63 36 50 2 15 0 0.00 0.0 0 1.5 6 330 M M 1 8 240
9 64 40 52 3 13 0 0.00 0.0 0 1.1 6 10 M M 4 28 7 360
10 67 37 52 3 13 0 0.00 0.0 0 2.3 9 130 M M 0 12 130
11 51 45 48 -1 17 0 0.67 0.0 0 4.5 18 200 M M 8 1 41 90
12 59 43 51 2 14 0 0.04 0.0 0 1.5 8 180 M M 9 12 11 160
13 61 43 52 3 13 0 0.32 0.0 0 8.0 17 170 M M 5 13 26 290
14 54 41 48 -1 17 0 0.10 0.0 M M M M M M M M M
15 52 44 48 -2 17 0 0.24 0.0 M M M M M M M M M
16 61 34 48 -2 17 0 0.00 0.0 M M M M M M M M M
17 60 34 47 -3 18 0 0.00 0.0 M 5.4 7 330 M M 0 M M
18 48 37 43 -7 22 0 0.11 0.0 0 1.7 4 350 M M 0 M M
19 53 43 48 -2 17 0 0.04 0.0 0 2.3 6 350 M M 10 M M
20 61 39 50 0 15 0 0.04 0.0 M 3.5 7 340 M M 0 M M
21 67 39 53 2 12 0 0.00 0.0 0 6.3 8 300 M M 0 M M
22 77 47 62 11 3 0 0.00 0.0 M M M M M M M M M
23 73 47 60 9 5 0 0.00 0.0 M M M M M M M M M
24 61 42 52 1 13 0 0.00 0.0 M 15.2 30 10 M M 0 37 20
25 70 43 57 6 8 0 0.00 0.0 0 6.3 17 10 M M 0 22 360
26 66 32 49 -2 16 0 0.00 0.0 0 6.1 18 300 M M 0 29 300
27 64 30 47 -5 18 0 0.00 0.0 0 4.7 14 350 M M 0 18 360
28 71 45 58 6 7 0 0.00 0.0 0 8.7 22 10 M M 0 28 340
================================================================================
SM 1757 1115 379 0 1.90 0.0 128.2 M 57
================================================================================
AV 62.8 39.8 5.6 FASTST M M 2 MAX(MPH)
MISC ----> # 30 10 # 41 90
================================================================================
NOTES:
# LAST OF SEVERAL OCCURRENCES
COLUMN 17 PEAK WIND IN M.P.H.
PRELIMINARY LOCAL CLIMATOLOGICAL DATA (WS FORM: F-6) , PAGE 2
STATION: REDDING CA AIRPORT AND CITY
MONTH: FEBRUARY
YEAR: 2021
LATITUDE: 40 30 N
LONGITUDE: 122 18 W
[TEMPERATURE DATA] [PRECIPITATION DATA] SYMBOLS USED IN COLUMN 16
AVERAGE MONTHLY: 51.3 TOTAL FOR MONTH: 1.90 1 = FOG OR MIST
DPTR FM NORMAL: 1.8 DPTR FM NORMAL: -3.61 2 = FOG REDUCING VISIBILITY
HIGHEST: 77 ON 22 GRTST 24HR 0.67 ON 11-11 TO 1/4 MILE OR LESS
LOWEST: 30 ON 27 3 = THUNDER
SNOW, ICE PELLETS, HAIL 4 = ICE PELLETS
TOTAL MONTH: 0.0 INCH 5 = HAIL
GRTST 24HR 0.0 6 = FREEZING RAIN OR DRIZZLE
GRTST DEPTH: 0 7 = DUSTSTORM OR SANDSTORM:
VSBY 1/2 MILE OR LESS
8 = SMOKE OR HAZE
[NO. OF DAYS WITH] [WEATHER - DAYS WITH] 9 = BLOWING SNOW
X = TORNADO
MAX 32 OR BELOW: 0 0.01 INCH OR MORE: 11
MAX 90 OR ABOVE: 0 0.10 INCH OR MORE: 6
MIN 32 OR BELOW: 2 0.50 INCH OR MORE: 1
MIN 0 OR BELOW: 0 1.00 INCH OR MORE: 0
[HDD (BASE 65) ]
TOTAL THIS MO. 379 CLEAR (SCALE 0-3) 15
DPTR FM NORMAL -55 PTCLDY (SCALE 4-7) 5
TOTAL FM JUL 1 1831 CLOUDY (SCALE 8-10) 3
DPTR FM NORMAL -330
[CDD (BASE 65) ]
TOTAL THIS MO. 0
DPTR FM NORMAL 0 [PRESSURE DATA]
TOTAL FM JAN 1 3 HIGHEST SLP 30.52 ON 21
DPTR FM NORMAL 3 LOWEST SLP 29.81 ON 13
[REMARKS]
#FINAL-02-21#