000
CXUS56 KPDT 042206
CF6RDM
PRELIMINARY LOCAL CLIMATOLOGICAL DATA (WS FORM: F-6)
STATION: REDMOND OR
MONTH: MARCH
YEAR: 2023
LATITUDE: 44 16 N
LONGITUDE: 121 9 W
TEMPERATURE IN F: :PCPN: SNOW: WIND :SUNSHINE: SKY :PK WND
================================================================================
1 2 3 4 5 6A 6B 7 8 9 10 11 12 13 14 15 16 17 18
12Z AVG MX 2MIN
DY MAX MIN AVG DEP HDD CDD WTR SNW DPTH SPD SPD DIR MIN PSBL S-S WX SPD DR
================================================================================
1 44 23 34 -5 31 0 T M M 6.4 20 280 M M 4 22 270
2 47 30 39 0 26 0 0.00 M M 11.2 32 300 M M 7 41 300
3 44 25 35 -4 30 0 0.00 M M 5.8 18 280 M M 3 22 280
4 41 22 32 -7 33 0 0.00 M M 6.4 21 200 M M 6 28 210
5 37 17 27 -13 38 0 0.02 M M 5.2 13 170 M M 6 1 16 170
6 45 19 32 -8 33 0 T M M 7.1 18 190 M M 3 18 24 190
7 43 20 32 -8 33 0 0.03 M M 7.0 16 170 M M 4 1 26 180
8 40 20 30 -10 35 0 0.04 M M 4.2 17 290 M M 6 1 20 290
9 42 27 35 -5 30 0 0.15 M M 10.4 23 170 M M 9 1 29 170
10 39 31 35 -5 30 0 0.05 M M 7.0 23 270 M M 9 18 29 270
11 50 24 37 -4 28 0 0.00 M M 6.1 15 200 M M 1 19 190
12 53 24 39 -2 26 0 T M M 7.8 16 210 M M 8 25 200
13 59 26 43 2 22 0 0.04 M M 12.5 24 220 M M 5 39 220
14 35 20 28 -13 37 0 0.05 M M 3.8 10 290 M M 7 18 14 270
15 48 25 37 -4 28 0 0.00 M M 5.3 15 310 M M 4 19 310
16 50 17 34 -8 31 0 0.00 M M 6.2 16 150 M M 0 23 140
17 56 20 38 -4 27 0 0.00 M M 5.9 17 140 M M 0 21 140
18 62 28 45 3 20 0 0.00 M M 5.7 14 130 M M 0 20 100
19 53 31 42 0 23 0 0.01 M M 5.4 20 160 M M 7 1 27 120
20 48 28 38 -4 27 0 0.14 M M 6.0 23 300 M M 8 1 30 290
21 54 21 38 -4 27 0 0.00 M M 5.1 14 350 M M 3 17 350
22 55 27 41 -1 24 0 T M M 4.7 17 300 M M 5 1 22 300
23 52 23 38 -4 27 0 M M M 8.2 38 270 M M 6 48 47 270
24 43 21 32 -11 33 0 T M M 11.3 33 280 M M 3 8 40 280
25 41 20 31 -12 34 0 0.01 M M 10.1 21 280 M M 7 1 30 290
26 45 18 32 -11 33 0 T M M 6.9 22 300 M M 4 31 250
27 47 18 33 -10 32 0 M M M 10.8 23 130 M M 4 1 33 130
28 47 31 39 -4 26 0 0.14 M M 8.8 23 120 M M 9 1 32 120
29 50 31 41 -2 24 0 0.00 M M 4.3 16 300 M M 6 1 20 310
30 52 24 38 -5 27 0 0.00 M M 8.4 24 290 M M 4 33 300
31 48 25 37 -6 28 0 0.00 M M 9.3 23 190 M M 7 33 180
================================================================================
SM 1470 736 903 0 0.68 M 223.3 M 155
================================================================================
AV 47.4 23.7 7.2 FASTST M M 5 MAX(MPH)
MISC ----> 38 270 47 270
================================================================================
NOTES:
# LAST OF SEVERAL OCCURRENCES
COLUMN 17 PEAK WIND IN M.P.H.
PRELIMINARY LOCAL CLIMATOLOGICAL DATA (WS FORM: F-6) , PAGE 2
STATION: REDMOND OR
MONTH: MARCH
YEAR: 2023
LATITUDE: 44 16 N
LONGITUDE: 121 9 W
[TEMPERATURE DATA] [PRECIPITATION DATA] SYMBOLS USED IN COLUMN 16
AVERAGE MONTHLY: 35.6 TOTAL FOR MONTH: 0.68 1 = FOG OR MIST
DPTR FM NORMAL: -5.7 DPTR FM NORMAL: 0.10 2 = FOG REDUCING VISIBILITY
HIGHEST: 62 ON 18 GRTST 24HR 0.20 ON 9-10 TO 1/4 MILE OR LESS
LOWEST: 17 ON 16, 5 3 = THUNDER
SNOW, ICE PELLETS, HAIL 4 = ICE PELLETS
TOTAL MONTH: M 5 = HAIL
GRTST 24HR M ON M 6 = FREEZING RAIN OR DRIZZLE
GRTST DEPTH: M ON M 7 = DUSTSTORM OR SANDSTORM:
VSBY 1/2 MILE OR LESS
8 = SMOKE OR HAZE
[NO. OF DAYS WITH] [WEATHER - DAYS WITH] 9 = BLOWING SNOW
X = TORNADO
MAX 32 OR BELOW: 0 0.01 INCH OR MORE: 11
MAX 90 OR ABOVE: 0 0.10 INCH OR MORE: 3
MIN 32 OR BELOW: 31 0.50 INCH OR MORE: 0
MIN 0 OR BELOW: 0 1.00 INCH OR MORE: 0
[HDD (BASE 65) ]
TOTAL THIS MO. 903 CLEAR (SCALE 0-3) 5
DPTR FM NORMAL 168 PTCLDY (SCALE 4-7) 23
TOTAL FM JUL 1 5157 CLOUDY (SCALE 8-10) 3
DPTR FM NORMAL 119
[CDD (BASE 65) ]
TOTAL THIS MO. 0
DPTR FM NORMAL 0 [PRESSURE DATA]
TOTAL FM JAN 1 0 HIGHEST SLP 30.30 ON 26
DPTR FM NORMAL 0 LOWEST SLP 29.26 ON 10
[REMARKS]
#FINAL-03-23#