731
CXUS56 KPDT 030622
CF6RDM
PRELIMINARY LOCAL CLIMATOLOGICAL DATA (WS FORM: F-6)
STATION: REDMOND OR
MONTH: MARCH
YEAR: 2021
LATITUDE: 44 16 N
LONGITUDE: 121 9 W
TEMPERATURE IN F: :PCPN: SNOW: WIND :SUNSHINE: SKY :PK WND
================================================================================
1 2 3 4 5 6A 6B 7 8 9 10 11 12 13 14 15 16 17 18
12Z AVG MX 2MIN
DY MAX MIN AVG DEP HDD CDD WTR SNW DPTH SPD SPD DIR MIN PSBL S-S WX SPD DR
================================================================================
1 62 26 44 7 21 0 0.00 M M 5.5 14 330 M M 2 20 130
2 62 24 43 6 22 0 0.00 M M 5.9 15 200 M M 0 18 180
3 67 23 45 7 20 0 0.00 M M 5.1 13 330 M M 0 17 360
4 65 28 47 9 18 0 0.00 M M 10.9 22 160 M M 0 29 160
5 64 32 48 10 17 0 0.00 M M 13.1 26 190 M M 3 36 190
6 49 31 40 2 25 0 0.06 M M 5.9 14 230 M M 6 1 16 240
7 48 31 40 2 25 0 0.00 M M 7.4 18 220 M M 5 23 300
8 45 26 36 -3 29 0 T M M 5.3 15 340 M M 6 18 20 320
9 47 24 36 -3 29 0 T M M 7.3 22 180 M M 5 18 27 200
10 46 18 32 -7 33 0 0.01 M M 3.9 10 350 M M 7 128 13 10
11 51 25 38 -1 27 0 T M M 4.3 12 320 M M 6 1 17 310
12 57 18 38 -1 27 0 0.00 M M 4.2 12 360 M M 0 8 17 360
13 64 16 40 0 25 0 0.00 M M 3.5 10 320 M M 0 8 13 320
14 53 25 39 -1 26 0 0.03 M M 8.6 21 200 M M 4 18 25 210
15 45 29 37 -3 28 0 0.01 M M 8.1 23 290 M M 8 18 27 270
16 49 26 38 -2 27 0 0.00 M M 3.1 10 330 M M 5 16 330
17 61 19 40 0 25 0 0.00 M M 4.8 18 180 M M 0 27 160
18 62 35 49 9 16 0 T M M 11.3 26 180 M M 4 39 200
19 57 28 43 3 22 0 T M M 9.6 23 240 M M 5 33 240
20 51 19 35 -6 30 0 0.00 M M 10.0 28 290 M M 3 33 290
21 51 18 35 -6 30 0 T M M 5.1 20 330 M M 4 8 24 350
22 53 30 42 1 23 0 0.00 M M 11.1 30 290 M M 6 39 260
23 52 15 34 -7 31 0 0.00 M M 4.8 17 340 M M 1 23 320
24 49 25 37 -4 28 0 T M M 5.3 18 290 M M 7 23 290
25 48 25 37 -4 28 0 0.01 M M 10.9 21 320 M M 7 27 320
26 60 17 39 -3 26 0 0.00 M M 5.3 16 350 M M 0 8 22 340
27 71 24 48 6 17 0 0.00 M M 4.0 13 310 M M 0 8 17 310
28 68 25 47 5 18 0 T M M 14.8 38 290 M M 1 8 50 250
29 48 25 37 -5 28 0 T M M 12.5 20 300 M M 3 32 280
30 55 16 36 -6 29 0 0.00 M M 3.6 10 340 M M 1 15 340
31 73 15 44 2 21 0 0.00 M M 5.6 14 330 M M 0 8 19 150
================================================================================
SM 1733 738 771 0 0.12 M 220.8 M 99
================================================================================
AV 55.9 23.8 7.1 FASTST M M 3 MAX(MPH)
MISC ----> 38 290 50 250
================================================================================
NOTES:
# LAST OF SEVERAL OCCURRENCES
COLUMN 17 PEAK WIND IN M.P.H.
PRELIMINARY LOCAL CLIMATOLOGICAL DATA (WS FORM: F-6) , PAGE 2
STATION: REDMOND OR
MONTH: MARCH
YEAR: 2021
LATITUDE: 44 16 N
LONGITUDE: 121 9 W
[TEMPERATURE DATA] [PRECIPITATION DATA] SYMBOLS USED IN COLUMN 16
AVERAGE MONTHLY: 39.9 TOTAL FOR MONTH: 0.12 1 = FOG OR MIST
DPTR FM NORMAL: 0.1 DPTR FM NORMAL: -0.54 2 = FOG REDUCING VISIBILITY
HIGHEST: 73 ON 31 GRTST 24HR 0.06 ON 6- 6 TO 1/4 MILE OR LESS
LOWEST: 15 ON 31,23 3 = THUNDER
SNOW, ICE PELLETS, HAIL 4 = ICE PELLETS
TOTAL MONTH: M 5 = HAIL
GRTST 24HR M ON M 6 = FREEZING RAIN OR DRIZZLE
GRTST DEPTH: M ON M 7 = DUSTSTORM OR SANDSTORM:
VSBY 1/2 MILE OR LESS
8 = SMOKE OR HAZE
[NO. OF DAYS WITH] [WEATHER - DAYS WITH] 9 = BLOWING SNOW
X = TORNADO
MAX 32 OR BELOW: 0 0.01 INCH OR MORE: 5
MAX 90 OR ABOVE: 0 0.10 INCH OR MORE: 0
MIN 32 OR BELOW: 30 0.50 INCH OR MORE: 0
MIN 0 OR BELOW: 0 1.00 INCH OR MORE: 0
[HDD (BASE 65) ]
TOTAL THIS MO. 771 CLEAR (SCALE 0-3) 15
DPTR FM NORMAL -6 PTCLDY (SCALE 4-7) 16
TOTAL FM JUL 1 4701 CLOUDY (SCALE 8-10) 0
DPTR FM NORMAL -780
[CDD (BASE 65) ]
TOTAL THIS MO. 0
DPTR FM NORMAL 0 [PRESSURE DATA]
TOTAL FM JAN 1 0 HIGHEST SLP 30.43 ON 31
DPTR FM NORMAL 0 LOWEST SLP 29.68 ON 3
[REMARKS]
#FINAL-03-21#