000
CXUS56 KPDT 011910
CF6RDM
PRELIMINARY LOCAL CLIMATOLOGICAL DATA (WS FORM: F-6)
STATION: REDMOND OR
MONTH: JANUARY
YEAR: 2024
LATITUDE: 44 16 N
LONGITUDE: 121 9 W
TEMPERATURE IN F: :PCPN: SNOW: WIND :SUNSHINE: SKY :PK WND
================================================================================
1 2 3 4 5 6A 6B 7 8 9 10 11 12 13 14 15 16 17 18
12Z AVG MX 2MIN
DY MAX MIN AVG DEP HDD CDD WTR SNW DPTH SPD SPD DIR MIN PSBL S-S WX SPD DR
================================================================================
1 45 21 33 0 32 0 0.00 M M 3.7 12 310 M M 3 128 13 300
2 34 28 31 -2 34 0 0.00 M M 3.4 10 300 M M 9 128 12 300
3 47 28 38 5 27 0 0.00 M M 3.6 14 300 M M 7 128 19 320
4 47 30 39 5 26 0 T M M 4.9 23 280 M M 7 28 280
5 47 23 35 1 30 0 0.00 M M 8.0 23 170 M M 0 31 170
6 42 30 36 2 29 0 T M M 12.9 25 280 M M 4 1 32 200
7 41 26 34 0 31 0 0.00 M M 8.2 22 280 M M 7 27 280
8 46 25 36 2 29 0 0.01 M M 8.2 28 180 M M 7 1 35 170
9 46 29 38 4 27 0 0.13 M M 15.4 32 270 M M 7 18 43 280
10 37 17 27 -7 38 0 0.15 M M 9.8 23 280 M M 3 12 30 250
11 40 17 29 -5 36 0 0.00 M M 15.9 37 280 M M 3 49 280
12 42 5 24 -11 41 0 T M M 15.7 29 280 M M 8 8 43 290
13 6 -3 2 -33 63 0 0.44 M M 8.1 13 320 M M 10 8 16 310
14 12 -1 6 -29 59 0 T M M 2.7 9 300 M M 10 18 14 340
15 13 6 10 -25 55 0 T M M 2.7 10 310 M M 10 18 13 280
16 21 2 12 -23 53 0 0.07 M M 0.7 10 330 M M 7 16 12 320
17 48 10 29 -6 36 0 T M M 7.2 23 180 M M 8 18 31 200
18 42 19 31 -4 34 0 0.25 M M 7.0 16 330 M M 10 16 20 330
19 25 19 22 -13 43 0 T M M 2.9 7 320 M M 10 168 8 310
20 28 21 25 -10 40 0 0.03 M M 2.2 8 340 M M 9 168 10 310
21 48 28 38 3 27 0 0.03 M M 7.0 15 140 M M 8 16 19 150
22 51 33 42 7 23 0 0.01 M M 9.2 17 160 M M 5 22 160
23 53 27 40 4 25 0 0.00 M M 4.7 14 210 M M 1 18 200
24 53 31 42 6 23 0 0.28 M M 6.9 24 270 M M 6 1 36 280
25 50 30 40 4 25 0 T M M 5.5 15 200 M M 3 20 210
26 48 36 42 6 23 0 0.26 M M 6.3 14 140 M M 8 19 170
27 61 45 53 17 12 0 0.03 M M 9.0 22 190 M M 8 27 180
28 64 43 54 18 11 0 T M M 7.7 18 180 M M 3 22 180
29 69 37 53 17 12 0 0.00 M M 5.2 14 140 M M 0 19 110
30 68 41 55 19 10 0 0.00 M M 5.2 15 130 M M 3 21 130
31 60 53 57 21 8 0 T M M 15.7 29 160 M M 8 42 170
================================================================================
SM 1334 756 962 0 1.69 M 225.6 M 192
================================================================================
AV 43.0 24.4 7.3 FASTST M M 6 MAX(MPH)
MISC ----> 37 280 49 280
================================================================================
NOTES:
# LAST OF SEVERAL OCCURRENCES
COLUMN 17 PEAK WIND IN M.P.H.
PRELIMINARY LOCAL CLIMATOLOGICAL DATA (WS FORM: F-6) , PAGE 2
STATION: REDMOND OR
MONTH: JANUARY
YEAR: 2024
LATITUDE: 44 16 N
LONGITUDE: 121 9 W
[TEMPERATURE DATA] [PRECIPITATION DATA] SYMBOLS USED IN COLUMN 16
AVERAGE MONTHLY: 33.7 TOTAL FOR MONTH: 1.69 1 = FOG OR MIST
DPTR FM NORMAL: -1.1 DPTR FM NORMAL: 0.71 2 = FOG REDUCING VISIBILITY
HIGHEST: 69 ON 29 GRTST 24HR 0.44 ON 13-13 TO 1/4 MILE OR LESS
LOWEST: -3 ON 13 3 = THUNDER
SNOW, ICE PELLETS, HAIL 4 = ICE PELLETS
TOTAL MONTH: M 5 = HAIL
GRTST 24HR M ON M 6 = FREEZING RAIN OR DRIZZLE
GRTST DEPTH: M ON M 7 = DUSTSTORM OR SANDSTORM:
VSBY 1/2 MILE OR LESS
8 = SMOKE OR HAZE
[NO. OF DAYS WITH] [WEATHER - DAYS WITH] 9 = BLOWING SNOW
X = TORNADO
MAX 32 OR BELOW: 6 0.01 INCH OR MORE: 12
MAX 90 OR ABOVE: 0 0.10 INCH OR MORE: 6
MIN 32 OR BELOW: 24 0.50 INCH OR MORE: 0
MIN 0 OR BELOW: 2 1.00 INCH OR MORE: 0
[HDD (BASE 65) ]
TOTAL THIS MO. 962 CLEAR (SCALE 0-3) 8
DPTR FM NORMAL 24 PTCLDY (SCALE 4-7) 15
TOTAL FM JUL 1 3144 CLOUDY (SCALE 8-10) 8
DPTR FM NORMAL -366
[CDD (BASE 65) ]
TOTAL THIS MO. 0
DPTR FM NORMAL 0 [PRESSURE DATA]
TOTAL FM JAN 1 0 HIGHEST SLP 30.60 ON 15
DPTR FM NORMAL 0 LOWEST SLP 29.44 ON 31
[REMARKS]
#FINAL-01-24#