000
CXUS56 KBOI 011002
CF6REO
PRELIMINARY LOCAL CLIMATOLOGICAL DATA (WS FORM: F-6)
STATION: ROME OR
MONTH: DECEMBER
YEAR: 2022
LATITUDE: 42 35 N
LONGITUDE: 117 52 W
TEMPERATURE IN F: :PCPN: SNOW: WIND :SUNSHINE: SKY :PK WND
================================================================================
1 2 3 4 5 6A 6B 7 8 9 10 11 12 13 14 15 16 17 18
12Z AVG MX 2MIN
DY MAX MIN AVG DEP HDD CDD WTR SNW DPTH SPD SPD DIR MIN PSBL S-S WX SPD DR
================================================================================
1 44 23 34 2 31 0 0.10 M M 11.5 24 220 M M 0 34 220
2 35 15 25 -7 40 0 0.00 M M 8.2 17 240 M M 0 23 240
3 35 6 21 -10 44 0 0.00 M M 4.6 10 30 M M 0 14 40
4 37 22 30 -1 35 0 0.13 M M 5.2 15 200 M M 0 22 220
5 37 7 22 -9 43 0 0.00 M M 2.5 10 20 M M 0 11 20
6 39 15 27 -3 38 0 0.00 M M 3.4 12 240 M M 0 14 230
7 34 7 21 -9 44 0 0.00 M M 3.2 8 180 M M 0 10 180
8 33 5 19 -11 46 0 0.05 M M 3.1 9 270 M M 0 12 260
9 38 24 31 1 34 0 0.02 M M 10.1 16 160 M M 0 23 220
10 46 34 40 10 25 0 0.02 M M 14.3 30 210 M M 0 44 190
11 40 32 36 6 29 0 0.03 M M 7.1 20 160 M M 0 27 160
12 35 29 32 3 33 0 0.52 M M 7.2 17 210 M M 0 23 230
13 33 4 19 -10 46 0 0.00 M M 7.9 17 240 M M 0 23 240
14 30 6 18 -11 47 0 0.06 M M 3.5 12 160 M M 0 14 160
15 26 9 18 -11 47 0 0.00 M M 3.8 10 70 M M 0 14 80
16 20 16 18 -11 47 0 0.00 M M 4.0 13 160 M M 0 15 160
17 24 0 12 -17 53 0 0.00 M M 6.1 17 160 M M 0 23 150
18 28 -6 11 -18 54 0 0.00 M M 7.3 22 160 M M 0 30 160
19 28 18 23 -6 42 0 0.00 M M 16.8 29 160 M M 0 38 150
20 40 20 30 1 35 0 0.00 M M 12.0 21 210 M M 0 30 160
21 47 17 32 3 33 0 0.00 M M 14.1 23 270 M M 0 32 290
22 20 14 17 -12 48 0 0.05 M M 6.8 13 40 M M 0 16 30
23 25 16 21 -8 44 0 0.08 M M 4.8 8 40 M M 0 11 30
24 33 17 25 -4 40 0 0.02 M M 4.0 10 290 M M 0 13 350
25 47 22 35 6 30 0 0.00 M M 6.6 17 160 M M 0 23 160
26 54 31 43 14 22 0 0.00 M M 7.9 29 180 M M 0 42 180
27 55 38 47 18 18 0 0.00 M M 24.8 41 240 M M 0 64 220
28 42 26 34 5 31 0 0.00 M M 10.1 20 250 M M 0 27 230
29 38 25 32 3 33 0 0.05 M M 8.1 25 160 M M 0 33 170
30 43 34 39 10 26 0 0.62 M M 8.8 23 150 M M 0 32 160
31 42 30 36 7 29 0 0.04 M M 7.1 20 310 M M 0 26 310
================================================================================
SM 1128 556 1167 0 1.79 M 244.9 M 0
================================================================================
AV 36.4 17.9 7.9 FASTST M M 0 MAX(MPH)
MISC ----> 41 240 64 220
================================================================================
NOTES:
# LAST OF SEVERAL OCCURRENCES
COLUMN 17 PEAK WIND IN M.P.H.
PRELIMINARY LOCAL CLIMATOLOGICAL DATA (WS FORM: F-6) , PAGE 2
STATION: ROME OR
MONTH: DECEMBER
YEAR: 2022
LATITUDE: 42 35 N
LONGITUDE: 117 52 W
[TEMPERATURE DATA] [PRECIPITATION DATA] SYMBOLS USED IN COLUMN 16
AVERAGE MONTHLY: 27.2 TOTAL FOR MONTH: 1.79 1 = FOG OR MIST
DPTR FM NORMAL: -2.4 DPTR FM NORMAL: 0.94 2 = FOG REDUCING VISIBILITY
HIGHEST: 55 ON 27 GRTST 24HR 0.64 ON 30-31 TO 1/4 MILE OR LESS
LOWEST: -6 ON 18 3 = THUNDER
SNOW, ICE PELLETS, HAIL 4 = ICE PELLETS
TOTAL MONTH: M 5 = HAIL
GRTST 24HR M ON M 6 = FREEZING RAIN OR DRIZZLE
GRTST DEPTH: M ON M 7 = DUSTSTORM OR SANDSTORM:
VSBY 1/2 MILE OR LESS
8 = SMOKE OR HAZE
[NO. OF DAYS WITH] [WEATHER - DAYS WITH] 9 = BLOWING SNOW
X = TORNADO
MAX 32 OR BELOW: 8 0.01 INCH OR MORE: 14
MAX 90 OR ABOVE: 0 0.10 INCH OR MORE: 4
MIN 32 OR BELOW: 28 0.50 INCH OR MORE: 2
MIN 0 OR BELOW: 2 1.00 INCH OR MORE: 0
[HDD (BASE 65) ]
TOTAL THIS MO. 1167 CLEAR (SCALE 0-3) 31
DPTR FM NORMAL 70 PTCLDY (SCALE 4-7) 0
TOTAL FM JUL 1 2670 CLOUDY (SCALE 8-10) 0
DPTR FM NORMAL 87
[CDD (BASE 65) ]
TOTAL THIS MO. 0
DPTR FM NORMAL 0 [PRESSURE DATA]
TOTAL FM JAN 1 1004 HIGHEST SLP M ON M
DPTR FM NORMAL 345 LOWEST SLP 29.38 ON 27
[REMARKS]
#FINAL-12-22#