000
CXUS56 KBOI 011002
CF6REO
PRELIMINARY LOCAL CLIMATOLOGICAL DATA (WS FORM: F-6)
STATION: ROME OR
MONTH: OCTOBER
YEAR: 2022
LATITUDE: 42 35 N
LONGITUDE: 117 52 W
TEMPERATURE IN F: :PCPN: SNOW: WIND :SUNSHINE: SKY :PK WND
================================================================================
1 2 3 4 5 6A 6B 7 8 9 10 11 12 13 14 15 16 17 18
12Z AVG MX 2MIN
DY MAX MIN AVG DEP HDD CDD WTR SNW DPTH SPD SPD DIR MIN PSBL S-S WX SPD DR
================================================================================
1 71 33 52 -4 13 0 0.00 M M 4.8 10 360 M M 0 16 20
2 76 36 56 1 9 0 0.00 M M 4.2 12 50 M M 0 17 60
3 78 37 58 3 7 0 0.00 M M 5.3 10 160 M M 0 14 340
4 81 39 60 6 5 0 0.00 M M 5.5 10 90 M M 0 16 70
5 81 38 60 6 5 0 0.00 M M 4.6 10 60 M M 0 13 140
6 84 36 60 6 5 0 0.00 M M 5.8 10 80 M M 0 16 10
7 83 39 61 8 4 0 0.00 0.0 0 5.2 10 10 M M 0 15 340
8 83 38 61 8 4 0 0.00 M M 5.4 10 80 M M 0 16 10
9 82 37 60 8 5 0 0.00 M M 5.8 13 40 M M 0 16 30
10 81 37 59 7 6 0 0.00 M M 6.6 17 250 M M 0 23 240
11 76 43 60 9 5 0 0.00 M M 6.4 14 40 M M 0 18 30
12 79 36 58 7 7 0 0.00 M M 4.7 10 170 M M 0 14 50
13 80 35 58 7 7 0 0.00 M M 5.9 12 180 M M 0 15 10
14 80 35 58 8 7 0 0.00 M M 5.6 10 160 M M 0 13 30
15 77 33 55 5 10 0 0.00 M M 6.0 14 20 M M 0 19 20
16 79 34 57 8 8 0 0.00 M M 5.8 13 30 M M 0 22 40
17 79 31 55 6 10 0 0.00 M M 3.9 12 90 M M 0 14 80
18 56 35 46 -3 19 0 0.00 M M 4.3 10 90 M M 0 12 60
19 79 32 56 8 9 0 0.00 M M 5.8 10 180 M M 0 15 70
20 80 30 55 7 10 0 0.00 M M 5.3 13 160 M M 0 20 270
21 75 37 56 9 9 0 0.01 M M 12.2 28 260 M M 0 37 230
22 57 35 46 -1 19 0 0.19 M M 14.1 30 300 M M 0 42 230
23 48 24 36 -11 29 0 0.00 M M 9.6 20 300 M M 0 26 310
24 58 23 41 -5 24 0 0.01 M M 11.8 26 230 M M 0 37 220
25 55 29 42 -4 23 0 0.01 M M 6.0 13 160 M M 0 17 160
26 51 24 38 -7 27 0 0.00 M M 12.1 25 310 M M 0 36 280
27 54 19 37 -8 28 0 0.00 M M 5.4 12 150 M M 0 14 150
28 57 19 38 -7 27 0 0.00 M M 4.8 10 50 M M 0 14 360
29 60 23 42 -2 23 0 0.00 M M 4.8 10 170 M M 0 11 210
30 65 21 43 -1 22 0 0.00 M M 5.1 12 260 M M 0 17 270
31 70 33 52 8 13 0 0.00 M M 7.1 16 160 M M 0 21 150
================================================================================
SM 2215 1001 399 0 0.22 0.0 199.9 M 0
================================================================================
AV 71.5 32.3 6.4 FASTST M M 0 MAX(MPH)
MISC ----> 30 300 42 230
================================================================================
NOTES:
# LAST OF SEVERAL OCCURRENCES
COLUMN 17 PEAK WIND IN M.P.H.
PRELIMINARY LOCAL CLIMATOLOGICAL DATA (WS FORM: F-6) , PAGE 2
STATION: ROME OR
MONTH: OCTOBER
YEAR: 2022
LATITUDE: 42 35 N
LONGITUDE: 117 52 W
[TEMPERATURE DATA] [PRECIPITATION DATA] SYMBOLS USED IN COLUMN 16
AVERAGE MONTHLY: 51.9 TOTAL FOR MONTH: 0.22 1 = FOG OR MIST
DPTR FM NORMAL: 2.4 DPTR FM NORMAL: -0.44 2 = FOG REDUCING VISIBILITY
HIGHEST: 84 ON 6 GRTST 24HR 0.20 ON 21-22 TO 1/4 MILE OR LESS
LOWEST: 19 ON 28,27 3 = THUNDER
SNOW, ICE PELLETS, HAIL 4 = ICE PELLETS
TOTAL MONTH: 0.0 INCH 5 = HAIL
GRTST 24HR 0.0 6 = FREEZING RAIN OR DRIZZLE
GRTST DEPTH: 0 7 = DUSTSTORM OR SANDSTORM:
VSBY 1/2 MILE OR LESS
8 = SMOKE OR HAZE
[NO. OF DAYS WITH] [WEATHER - DAYS WITH] 9 = BLOWING SNOW
X = TORNADO
MAX 32 OR BELOW: 0 0.01 INCH OR MORE: 4
MAX 90 OR ABOVE: 0 0.10 INCH OR MORE: 1
MIN 32 OR BELOW: 11 0.50 INCH OR MORE: 0
MIN 0 OR BELOW: 0 1.00 INCH OR MORE: 0
[HDD (BASE 65) ]
TOTAL THIS MO. 399 CLEAR (SCALE 0-3) 31
DPTR FM NORMAL -86 PTCLDY (SCALE 4-7) 0
TOTAL FM JUL 1 478 CLOUDY (SCALE 8-10) 0
DPTR FM NORMAL -178
[CDD (BASE 65) ]
TOTAL THIS MO. 0
DPTR FM NORMAL -3 [PRESSURE DATA]
TOTAL FM JAN 1 1004 HIGHEST SLP M ON M
DPTR FM NORMAL 345 LOWEST SLP 29.36 ON 22
[REMARKS]
#FINAL-10-22#