000
CXUS56 KBOI 011002
CF6REO
PRELIMINARY LOCAL CLIMATOLOGICAL DATA (WS FORM: F-6)
STATION: ROME OR
MONTH: MAY
YEAR: 2022
LATITUDE: 42 35 N
LONGITUDE: 117 52 W
TEMPERATURE IN F: :PCPN: SNOW: WIND :SUNSHINE: SKY :PK WND
================================================================================
1 2 3 4 5 6A 6B 7 8 9 10 11 12 13 14 15 16 17 18
12Z AVG MX 2MIN
DY MAX MIN AVG DEP HDD CDD WTR SNW DPTH SPD SPD DIR MIN PSBL S-S WX SPD DR
================================================================================
1 61 38 50 -1 15 0 0.00 M M 6.2 16 150 M M 0 21 150
2 57 39 48 -3 17 0 0.06 M M 13.2 35 250 M M 0 48 250
3 65 34 50 -2 15 0 0.04 M M 10.2 20 360 M M 0 27 360
4 74 33 54 2 11 0 0.00 M M 6.9 16 150 M M 0 22 150
5 74 49 62 10 3 0 0.00 M M 15.5 41 230 M M 0 56 220
6 75 46 61 8 4 0 0.00 M M 18.3 36 260 M M 0 53 260
7 57 37 47 -6 18 0 0.08 M M 14.5 30 250 M M 0 42 250
8 46 30 38 -15 27 0 0.10 M M 7.1 30 230 M M 0 40 230
9 49 29 39 -15 26 0 0.00 M M 11.0 21 290 M M 0 32 240
10 49 29 39 -15 26 0 0.11 M M 6.6 24 280 M M 0 32 290
11 57 31 44 -10 21 0 0.00 M M 7.1 16 350 M M 0 23 360
12 63 34 49 -6 16 0 0.00 M M 12.5 25 220 M M 0 34 220
13 71 40 56 1 9 0 0.00 M M 12.5 23 250 M M 0 33 270
14 73 48 61 6 4 0 0.00 M M 10.8 26 240 M M 0 33 240
15 88 36 62 6 3 0 0.00 M M 8.3 28 210 M M 0 35 230
16 79 46 63 7 2 0 0.00 M M 8.6 23 10 M M 0 31 10
17 79 35 57 1 8 0 0.00 M M 5.7 13 340 M M 0 23 40
18 81 36 59 3 6 0 0.00 M M 11.9 28 250 M M 0 39 280
19 66 36 51 -6 14 0 0.00 M M 15.5 31 330 M M 0 44 330
20 63 24 44 -13 21 0 0.00 M M 7.0 17 20 M M 0 25 20
21 65 28 47 -10 18 0 0.00 0.0 M 8.5 23 40 M M 0 32 20
22 68 33 51 -7 14 0 0.00 0.0 M 7.5 18 340 M M 0 27 10
23 74 36 55 -3 10 0 0.00 M M M M M M M M M M
24 77 36 57 -1 8 0 0.00 M M 7.2 15 270 M M 0 20 250
25 88 43 66 8 0 1 0.00 0.0 M 6.4 18 290 M M 0 26 290
26 89 43 66 8 0 1 0.00 M M 7.9 33 280 M M 0 46 270
27 76 50 63 4 2 0 0.00 M M 8.7 30 290 M M 0 43 270
28 69 46 58 -1 7 0 0.28 M M 10.8 32 290 M M 0 45 290
29 56 42 49 -10 16 0 0.01 M M 13.2 24 320 M M 0 39 300
30 53 35 44 -15 21 0 0.00 M M 6.9 15 60 M M 0 24 60
31 66 35 51 -9 14 0 0.01 M M 4.3 13 80 M M 0 18 90
================================================================================
SM 2108 1157 376 2 0.69 0.0 290.8 M 0
================================================================================
AV 68.0 37.3 9.7 FASTST M M 0 MAX(MPH)
MISC ----> 41 230 56 220
================================================================================
NOTES:
# LAST OF SEVERAL OCCURRENCES
COLUMN 17 PEAK WIND IN M.P.H.
PRELIMINARY LOCAL CLIMATOLOGICAL DATA (WS FORM: F-6) , PAGE 2
STATION: ROME OR
MONTH: MAY
YEAR: 2022
LATITUDE: 42 35 N
LONGITUDE: 117 52 W
[TEMPERATURE DATA] [PRECIPITATION DATA] SYMBOLS USED IN COLUMN 16
AVERAGE MONTHLY: 52.7 TOTAL FOR MONTH: 0.69 1 = FOG OR MIST
DPTR FM NORMAL: -2.9 DPTR FM NORMAL: -0.55 2 = FOG REDUCING VISIBILITY
HIGHEST: 89 ON 26 GRTST 24HR 0.46 ON 30- 1 TO 1/4 MILE OR LESS
LOWEST: 24 ON 20 3 = THUNDER
SNOW, ICE PELLETS, HAIL 4 = ICE PELLETS
TOTAL MONTH: 0.0 INCH 5 = HAIL
GRTST 24HR 0.0 6 = FREEZING RAIN OR DRIZZLE
GRTST DEPTH: M ON M 7 = DUSTSTORM OR SANDSTORM:
VSBY 1/2 MILE OR LESS
8 = SMOKE OR HAZE
[NO. OF DAYS WITH] [WEATHER - DAYS WITH] 9 = BLOWING SNOW
X = TORNADO
MAX 32 OR BELOW: 0 0.01 INCH OR MORE: 8
MAX 90 OR ABOVE: 0 0.10 INCH OR MORE: 3
MIN 32 OR BELOW: 6 0.50 INCH OR MORE: 0
MIN 0 OR BELOW: 0 1.00 INCH OR MORE: 0
[HDD (BASE 65) ]
TOTAL THIS MO. 376 CLEAR (SCALE 0-3) 30
DPTR FM NORMAL 69 PTCLDY (SCALE 4-7) 0
TOTAL FM JUL 1 5688 CLOUDY (SCALE 8-10) 1
DPTR FM NORMAL -353
[CDD (BASE 65) ]
TOTAL THIS MO. 2
DPTR FM NORMAL -15 [PRESSURE DATA]
TOTAL FM JAN 1 2 HIGHEST SLP M ON M
DPTR FM NORMAL -15 LOWEST SLP 29.55 ON 28
[REMARKS]
#FINAL-05-22#