000
CXUS56 KBOI 011002
CF6REO
PRELIMINARY LOCAL CLIMATOLOGICAL DATA (WS FORM: F-6)
STATION: ROME OR
MONTH: JUNE
YEAR: 2022
LATITUDE: 42 35 N
LONGITUDE: 117 52 W
TEMPERATURE IN F: :PCPN: SNOW: WIND :SUNSHINE: SKY :PK WND
================================================================================
1 2 3 4 5 6A 6B 7 8 9 10 11 12 13 14 15 16 17 18
12Z AVG MX 2MIN
DY MAX MIN AVG DEP HDD CDD WTR SNW DPTH SPD SPD DIR MIN PSBL S-S WX SPD DR
================================================================================
1 78 35 57 -3 8 0 0.00 M M 5.7 23 130 M M 0 32 140
2 83 55 69 9 0 4 0.00 M M 7.1 23 140 M M 0 32 140
3 84 50 67 7 0 2 0.00 M M 7.3 24 240 M M 0 31 240
4 72 51 62 1 3 0 0.17 M M 12.3 26 230 M M 0 38 240
5 79 53 66 5 0 1 0.02 M M 12.3 30 260 M M 0 43 260
6 74 44 59 -2 6 0 0.00 M M 7.6 18 30 M M 0 25 20
7 82 40 61 0 4 0 0.00 M M 5.5 15 290 M M 0 21 290
8 79 52 66 4 0 1 0.00 M M 7.2 20 30 M M 0 26 10
9 91 47 69 7 0 4 0.00 0.0 0 5.7 17 20 M M 0 24 280
10 97 53 75 13 0 10 0.00 0.0 0 9.3 29 260 M M 0 40 260
11 92 61 77 15 0 12 0.00 0.0 0 15.2 31 250 M M 0 45 260
12 66 49 58 -5 7 0 0.81 M M 8.1 22 280 M M 0 31 300
13 49 43 46 -17 19 0 0.00 M M 7.0 10 350 M M 0 M M
14 62 40 51 -13 14 0 0.00 M M 8.9 23 330 M M 0 33 330
15 82 32 57 -7 8 0 0.00 M M 6.9 18 190 M M 0 27 240
16 91 50 71 7 0 6 0.00 M M 11.0 35 230 M M 0 46 250
17 72 50 61 -3 4 0 0.00 M M 11.5 35 180 M M 0 51 190
18 68 41 55 -10 10 0 0.00 M M 8.7 20 340 M M 0 28 330
19 65 36 51 -14 14 0 0.00 M M 7.9 20 300 M M 0 26 280
20 74 38 56 -10 9 0 0.00 M M 5.5 12 50 M M 0 16 60
21 83 41 62 -4 3 0 0.00 M M 7.3 16 30 M M 0 23 30
22 92 45 69 3 0 4 0.00 M M 5.9 17 280 M M 0 25 300
23 91 50 71 4 0 6 0.00 M M 8.2 20 360 M M 0 28 30
24 84 46 65 -2 0 0 0.00 M M 7.7 20 30 M M 0 27 20
25 89 44 67 0 0 2 0.00 M M 6.8 23 20 M M 0 29 20
26 96 46 71 3 0 6 0.00 M M 5.8 14 140 M M 0 25 110
27 101 54 78 10 0 13 0.00 M M 7.6 26 160 M M 0 49 140
28 97 64 81 13 0 16 0.00 M M 12.5 30 230 M M 0 42 200
29 89 51 70 1 0 5 0.00 M M 7.1 20 270 M M 0 28 270
30 93 51 72 3 0 7 0.00 M M 8.6 16 280 M M 0 24 260
================================================================================
SM 2455 1412 109 99 1.00 0.0 248.2 M 0
================================================================================
AV 81.8 47.1 8.3 FASTST M M 0 MAX(MPH)
MISC ----> # 35 230 51 190
================================================================================
NOTES:
# LAST OF SEVERAL OCCURRENCES
COLUMN 17 PEAK WIND IN M.P.H.
PRELIMINARY LOCAL CLIMATOLOGICAL DATA (WS FORM: F-6) , PAGE 2
STATION: ROME OR
MONTH: JUNE
YEAR: 2022
LATITUDE: 42 35 N
LONGITUDE: 117 52 W
[TEMPERATURE DATA] [PRECIPITATION DATA] SYMBOLS USED IN COLUMN 16
AVERAGE MONTHLY: 64.5 TOTAL FOR MONTH: 1.00 1 = FOG OR MIST
DPTR FM NORMAL: 0.3 DPTR FM NORMAL: 0.02 2 = FOG REDUCING VISIBILITY
HIGHEST: 101 ON 27 GRTST 24HR 0.81 ON 12-12 TO 1/4 MILE OR LESS
LOWEST: 32 ON 15 3 = THUNDER
SNOW, ICE PELLETS, HAIL 4 = ICE PELLETS
TOTAL MONTH: 0.0 INCH 5 = HAIL
GRTST 24HR 0.0 6 = FREEZING RAIN OR DRIZZLE
GRTST DEPTH: 0 7 = DUSTSTORM OR SANDSTORM:
VSBY 1/2 MILE OR LESS
8 = SMOKE OR HAZE
[NO. OF DAYS WITH] [WEATHER - DAYS WITH] 9 = BLOWING SNOW
X = TORNADO
MAX 32 OR BELOW: 0 0.01 INCH OR MORE: 3
MAX 90 OR ABOVE: 10 0.10 INCH OR MORE: 2
MIN 32 OR BELOW: 1 0.50 INCH OR MORE: 1
MIN 0 OR BELOW: 0 1.00 INCH OR MORE: 0
[HDD (BASE 65) ]
TOTAL THIS MO. 109 CLEAR (SCALE 0-3) 30
DPTR FM NORMAL 1 PTCLDY (SCALE 4-7) 0
TOTAL FM JUL 1 5797 CLOUDY (SCALE 8-10) 0
DPTR FM NORMAL -354
[CDD (BASE 65) ]
TOTAL THIS MO. 99
DPTR FM NORMAL 14 [PRESSURE DATA]
TOTAL FM JAN 1 101 HIGHEST SLP M ON M
DPTR FM NORMAL -1 LOWEST SLP 29.51 ON 17
[REMARKS]
#FINAL-06-22#